{"id":1244,"date":"2013-09-13T11:37:39","date_gmt":"2013-09-13T09:37:39","guid":{"rendered":"http:\/\/wp.unil.ch\/avml\/?page_id=1244"},"modified":"2018-01-12T14:14:17","modified_gmt":"2018-01-12T13:14:17","slug":"anciens-cours","status":"publish","type":"page","link":"https:\/\/wp.unil.ch\/avml\/prestations-aux-laborantins-apprentis-et-futurs-apprentis\/anciens-cours\/","title":{"rendered":"Anciens cours"},"content":{"rendered":"<h3>Biologie<\/h3>\n<p>Nos cours de formation continue ont \u00e9t\u00e9 mis sur pied afin de s&rsquo;adapter au d\u00e9veloppement incessant de nouveaux concepts et de nouvelles techniques de recherche, car les questions pos\u00e9es par la recherche scientifique exigent une \u00e9volution constante des outils utilis\u00e9s au sein d&rsquo;un laboratoire.<\/p>\n<ul>\n<li><a href=\"https:\/\/www.unil.ch\/dpt\/home\/menuguid\/formation-continue-avml\/cours-proposes\/biologie\/genetique.html\">G\u00e9n\u00e9tique<\/a><\/li>\n<li><a href=\"https:\/\/www.unil.ch\/dpt\/home\/menuguid\/formation-continue-avml\/cours-proposes\/biologie\/physiologie.html\">Physiologie<\/a><\/li>\n<li><a href=\"https:\/\/www.unil.ch\/dpt\/home\/menuguid\/formation-continue-avml\/cours-proposes\/biologie\/experimentation-animale.html\">Exp\u00e9rimentation animale<\/a><\/li>\n<\/ul>\n<h3>Chimie<\/h3>\n<p>Technique de chimie exp\u00e9rimentale<\/p>\n<ul>\n<li><a href=\"https:\/\/www.unil.ch\/dpt\/fr\/home\/menuguid\/formation-continue-avml\/cours-proposes\/chimie\/module-i.html\">Module\u00a0I : HPLC (Introduction)<\/a><\/li>\n<li><a href=\"https:\/\/www.unil.ch\/dpt\/home\/menuguid\/formation-continue-avml\/cours-proposes\/chimie\/module-ii.html\">Module\u00a0II : HPLC (D\u00e9veloppement)<\/a><\/li>\n<li>R\u00e9sonance magn\u00e9tique<\/li>\n<\/ul>\n","protected":false},"excerpt":{"rendered":"<p>Biologie Nos cours de formation continue ont \u00e9t\u00e9 mis sur pied afin de s&rsquo;adapter au d\u00e9veloppement incessant de nouveaux concepts et de nouvelles techniques de recherche, car les questions pos\u00e9es par la recherche scientifique&#46;&#46;&#46;<\/p>\n","protected":false},"author":274,"featured_media":0,"parent":727,"menu_order":0,"comment_status":"closed","ping_status":"closed","template":"","meta":{"_seopress_robots_primary_cat":"","_seopress_titles_title":"","_seopress_titles_desc":"","_seopress_robots_index":"","footnotes":""},"class_list":["post-1244","page","type-page","status-publish"],"_links":{"self":[{"href":"https:\/\/wp.unil.ch\/avml\/wp-json\/wp\/v2\/pages\/1244","targetHints":{"allow":["GET"]}}],"collection":[{"href":"https:\/\/wp.unil.ch\/avml\/wp-json\/wp\/v2\/pages"}],"about":[{"href":"https:\/\/wp.unil.ch\/avml\/wp-json\/wp\/v2\/types\/page"}],"author":[{"embeddable":true,"href":"https:\/\/wp.unil.ch\/avml\/wp-json\/wp\/v2\/users\/274"}],"replies":[{"embeddable":true,"href":"https:\/\/wp.unil.ch\/avml\/wp-json\/wp\/v2\/comments?post=1244"}],"version-history":[{"count":0,"href":"https:\/\/wp.unil.ch\/avml\/wp-json\/wp\/v2\/pages\/1244\/revisions"}],"up":[{"embeddable":true,"href":"https:\/\/wp.unil.ch\/avml\/wp-json\/wp\/v2\/pages\/727"}],"wp:attachment":[{"href":"https:\/\/wp.unil.ch\/avml\/wp-json\/wp\/v2\/media?parent=1244"}],"curies":[{"name":"wp","href":"https:\/\/api.w.org\/{rel}","templated":true}]}}