{"id":8288,"date":"2016-10-15T11:53:05","date_gmt":"2016-10-15T09:53:05","guid":{"rendered":"http:\/\/wp.unil.ch\/ateliercritique\/?page_id=8288"},"modified":"2025-02-06T17:11:31","modified_gmt":"2025-02-06T16:11:31","slug":"ivan-garcia","status":"publish","type":"page","link":"https:\/\/wp.unil.ch\/ateliercritique\/lequipe\/ivan-garcia\/","title":{"rendered":"Ivan Garcia"},"content":{"rendered":"<p><img loading=\"lazy\" decoding=\"async\" class=\"size-thumbnail wp-image-10514 alignright\" src=\"https:\/\/wp.unil.ch\/ateliercritique\/files\/2016\/10\/Photo-pour-l27Atelier-170x170.jpg\" alt=\"photo-pour-l%27atelier\" width=\"170\" height=\"170\" srcset=\"https:\/\/wp.unil.ch\/ateliercritique\/files\/2016\/10\/Photo-pour-l27Atelier-170x170.jpg 170w, https:\/\/wp.unil.ch\/ateliercritique\/files\/2016\/10\/Photo-pour-l27Atelier-200x200.jpg 200w, https:\/\/wp.unil.ch\/ateliercritique\/files\/2016\/10\/Photo-pour-l27Atelier-624x624.jpg 624w, https:\/\/wp.unil.ch\/ateliercritique\/files\/2016\/10\/Photo-pour-l27Atelier.jpg 651w\" sizes=\"auto, (max-width: 170px) 100vw, 170px\" \/>Longtemps je n\u2019ai pas fr\u00e9quent\u00e9 le th\u00e9\u00e2tre. J\u2019en avais une vague id\u00e9e et me contentais de cela. Ce n\u2019est que lors de mon entr\u00e9e \u00e0 l\u2019universit\u00e9 que j\u2019ai rencontr\u00e9 des personnes \u00a0faisant partie de ce vaste monde. D\u00e8s lors en qualit\u00e9 d\u2019\u00e9tudiant en Fran\u00e7ais moderne et Philosophie, je me suis lanc\u00e9 \u00e0 la poursuite du th\u00e9\u00e2tre et c\u2019est ainsi que je fis mon entr\u00e9e parmi le clan des spectateurs et lecteurs. J\u2019y ai d\u00e9couvert un art fascinant, surprenant et parfois m\u00eame transcendant. Mais comment exprimer cet art, ces \u00e9motions et surtout comment juger de la qualit\u00e9 d\u2019une repr\u00e9sentation\u00a0? C\u2019est en rejoignant L\u2019Atelier critique que j\u2019esp\u00e8re pouvoir r\u00e9pondre \u00e0 ces questions. Devenu un grand amateur de th\u00e9\u00e2tre, je souhaite pouvoir continuer \u00e0 d\u00e9couvrir de nouvelles repr\u00e9sentations et \u00e0 les faire conna\u00eetre par le biais de mes \u00e9crits.<\/p>\n<h4>Les critiques de Ivan Garcia :<\/h4>\n\n\n<div class=\"wp-block-query is-layout-flow wp-block-query-is-layout-flow\"><ul class=\"wp-block-post-template is-layout-flow wp-block-post-template-is-layout-flow\"><li class=\"wp-block-post post-13856 post type-post status-publish format-standard has-post-thumbnail category-critique category-expired category-theatre-de-larsenic category-spectacle tag-ivan-garcia tag-monique-kountangni\">\n<h6 class=\"liensouligne wp-block-post-title\"><a href=\"https:\/\/wp.unil.ch\/ateliercritique\/2019\/11\/jirai-demain-couvrir-ton-ombre\/\" target=\"_self\" >J&rsquo;irai demain couvrir ton ombre<\/a><\/h6>\n\n<div class=\"wp-block-post-excerpt\"><p class=\"wp-block-post-excerpt__excerpt\">Texte et mise en sc\u00e8ne de Julien Mages \/ Arsenic \u2013 Centre d\u2019art sc\u00e9nique contemporain \/ du 29 octobre au 3 novembre 2019 \/ Critiques par Monique Kountangni\u00a0et Ivan Garcia. <\/p><\/div>\n\n\n<div style=\"height:1px\" aria-hidden=\"true\" class=\"wp-block-spacer\"><\/div>\n\n<\/li><li class=\"wp-block-post post-13549 post type-post status-publish format-standard has-post-thumbnail category-critique category-expired category-spectacle category-theatre-2-21-lausanne tag-ivan-garcia tag-lucas-lauth\">\n<h6 class=\"liensouligne wp-block-post-title\"><a href=\"https:\/\/wp.unil.ch\/ateliercritique\/2019\/05\/sweeney-todd-le-diabolique-barbier-de-fleet-street\/\" target=\"_self\" >Sweeney Todd, le diabolique barbier de Fleet Street<\/a><\/h6>\n\n<div class=\"wp-block-post-excerpt\"><p class=\"wp-block-post-excerpt__excerpt\">D\u2019apr\u00e8s le livret de Hugh Wheeler et son adaptation par Christopher Bond \/ Par le Collectif\u00a0 Sondheim \/ Mise en sc\u00e8ne de Fr\u00e9d\u00e9ric Brodard \/ Th\u00e9\u00e2tre 2.21 \/ du 2 au 12 mai 2019 \/ Critiques par Lucas Lauth et\u2026 <\/p><\/div>\n\n\n<div style=\"height:1px\" aria-hidden=\"true\" class=\"wp-block-spacer\"><\/div>\n\n<\/li><li class=\"wp-block-post post-13532 post type-post status-publish format-standard has-post-thumbnail category-critique category-expired category-spectacle tag-fanny-agostino tag-ivan-garcia tag-johanna-codourey tag-julia-cela tag-maxime-hoffmann tag-oceane-forster\">\n<h6 class=\"liensouligne wp-block-post-title\"><a href=\"https:\/\/wp.unil.ch\/ateliercritique\/2019\/05\/ecritures-dramatiques-contemporaines-partenariat-avec-le-courrier\/\" target=\"_self\" >Ecritures dramatiques contemporaines \/ Partenariat avec Le Courrier<\/a><\/h6>\n\n<div class=\"wp-block-post-excerpt\"><p class=\"wp-block-post-excerpt__excerpt\">Deux lundis par mois, pendant l&rsquo;\u00e9t\u00e9 2018, Le Courrier a publi\u00e9 le texte in\u00e9dit (extrait) d\u2019un-e auteur-e de th\u00e9\u00e2tre suisse ou r\u00e9sidant en Suisse. L\u2019Atelier critique a eu acc\u00e8s \u00e0 la version int\u00e9grale de ces oeuvres et en propose aujourd&rsquo;hui\u2026 <\/p><\/div>\n\n\n<div style=\"height:1px\" aria-hidden=\"true\" class=\"wp-block-spacer\"><\/div>\n\n<\/li><li class=\"wp-block-post post-13498 post type-post status-publish format-standard has-post-thumbnail category-entretien tag-ivan-garcia\">\n<h6 class=\"liensouligne wp-block-post-title\"><a href=\"https:\/\/wp.unil.ch\/ateliercritique\/2019\/05\/entretien-avec-anne-frederique-rochat\/\" target=\"_self\" >Entretien avec Anne-Fr\u00e9d\u00e9rique Rochat<\/a><\/h6>\n\n<div class=\"wp-block-post-excerpt\"><p class=\"wp-block-post-excerpt__excerpt\">Par Ivan Garcia . <\/p><\/div>\n\n\n<div style=\"height:1px\" aria-hidden=\"true\" class=\"wp-block-spacer\"><\/div>\n\n<\/li><li class=\"wp-block-post post-13511 post type-post status-publish format-standard has-post-thumbnail category-critique category-expired category-spectacle tag-ivan-garcia\">\n<h6 class=\"liensouligne wp-block-post-title\"><a href=\"https:\/\/wp.unil.ch\/ateliercritique\/2019\/05\/la-fete-des-fous-en-musique\/\" target=\"_self\" >La f\u00eate des fous (en musique)<\/a><\/h6>\n\n<div class=\"wp-block-post-excerpt\"><p class=\"wp-block-post-excerpt__excerpt\">Pi\u00e8ce d&rsquo;Anne-Fr\u00e9d\u00e9rique Rochat \/ Compte-rendu par Ivan Garcia . <\/p><\/div>\n\n\n<div style=\"height:1px\" aria-hidden=\"true\" class=\"wp-block-spacer\"><\/div>\n\n<\/li><li class=\"wp-block-post post-13436 post type-post status-publish format-standard has-post-thumbnail category-critique category-expired category-spectacle category-theatre-les-halles tag-ivan-garcia\">\n<h6 class=\"liensouligne wp-block-post-title\"><a href=\"https:\/\/wp.unil.ch\/ateliercritique\/2019\/04\/summer-break\/\" target=\"_self\" >Summer Break<\/a><\/h6>\n\n<div class=\"wp-block-post-excerpt\"><p class=\"wp-block-post-excerpt__excerpt\">D\u2019apr\u00e8s Le Songe d\u2019une nuit d\u2019\u00e9t\u00e9 de William Shakespeare \/ Mise en sc\u00e8ne de Natacha Koutchoumov \/ Th\u00e9\u00e2tre les Halles \/ du 3 au 7 avril 2019 \/ Critique par Ivan Garcia. <\/p><\/div>\n\n\n<div style=\"height:1px\" aria-hidden=\"true\" class=\"wp-block-spacer\"><\/div>\n\n<\/li><li class=\"wp-block-post post-13347 post type-post status-publish format-standard has-post-thumbnail category-critique category-expired category-theatre-de-larsenic category-spectacle tag-amina-gudzevic tag-brice-torriani tag-ivan-garcia tag-jade-lambelet tag-julia-cela tag-noe-maggetti tag-oceane-forster tag-sarah-juilland tag-thibault-hugentobler\">\n<h6 class=\"liensouligne wp-block-post-title\"><a href=\"https:\/\/wp.unil.ch\/ateliercritique\/2019\/04\/imposture-posthume\/\" target=\"_self\" >Imposture posthume<\/a><\/h6>\n\n<div class=\"wp-block-post-excerpt\"><p class=\"wp-block-post-excerpt__excerpt\">Texte, mise en sc\u00e8ne et jeu de Jo\u00ebl Maillard \/ Arsenic \u2013 Centre d\u2019art sc\u00e9nique contemporain \/ du 26 au 31 mars 2019 \/ Critiques par Laurane Quartenoud, Thibault Hugentobler, Amina Gudzevic, Jade Lambelet, Sarah Juilland, Ivan Garcia, Brice Torriani,\u2026 <\/p><\/div>\n\n\n<div style=\"height:1px\" aria-hidden=\"true\" class=\"wp-block-spacer\"><\/div>\n\n<\/li><li class=\"wp-block-post post-13315 post type-post status-publish format-standard has-post-thumbnail category-critique category-expired category-spectacle category-theatre-de-carouge tag-ivan-garcia tag-lucas-lauth\">\n<h6 class=\"liensouligne wp-block-post-title\"><a href=\"https:\/\/wp.unil.ch\/ateliercritique\/2019\/04\/je-suis-invisible\/\" target=\"_self\" >Je suis invisible !<\/a><\/h6>\n\n<div class=\"wp-block-post-excerpt\"><p class=\"wp-block-post-excerpt__excerpt\">D\u2019apr\u00e8s\u00a0Le Songe d\u2019une nuit d\u2019\u00e9t\u00e9 de William Shakespeare \/ Mise en sc\u00e8ne de Dan Jemmett \/ Th\u00e9\u00e2tre de Carouge \/ du 26 mars au 14 avril 2019 \/ Critiques par Lucas Lauth et Ivan Garcia. <\/p><\/div>\n\n\n<div style=\"height:1px\" aria-hidden=\"true\" class=\"wp-block-spacer\"><\/div>\n\n<\/li><li class=\"wp-block-post post-13179 post type-post status-publish format-standard has-post-thumbnail category-critique category-expired category-petitheatre-sion category-spectacle tag-ivan-garcia tag-lena-rossel\">\n<h6 class=\"liensouligne wp-block-post-title\"><a href=\"https:\/\/wp.unil.ch\/ateliercritique\/2019\/02\/avec-un-u-boot\/\" target=\"_self\" >&#8230; avec un U-Boot<\/a><\/h6>\n\n<div class=\"wp-block-post-excerpt\"><p class=\"wp-block-post-excerpt__excerpt\">Cr\u00e9ation de la compagnie You Should Meet My Cousins From Tchernobyl \/ Mise en sc\u00e8ne de Christian Cordonier et Isumi Grichting \/ Petith\u00e9\u00e2tre de Sion \/ du 31 janvier au 10 f\u00e9vrier 2019 \/ Critiques par Lena Rossel et Ivan\u2026 <\/p><\/div>\n\n\n<div style=\"height:1px\" aria-hidden=\"true\" class=\"wp-block-spacer\"><\/div>\n\n<\/li><li class=\"wp-block-post post-13150 post type-post status-publish format-standard has-post-thumbnail category-critique category-expired category-spectacle category-theatre-de-vidy tag-amina-gudzevic tag-ivan-garcia\">\n<h6 class=\"liensouligne wp-block-post-title\"><a href=\"https:\/\/wp.unil.ch\/ateliercritique\/2019\/01\/girl-from-the-fog-machine-factory\/\" target=\"_self\" >Girl from the Fog Machine Factory<\/a><\/h6>\n\n<div class=\"wp-block-post-excerpt\"><p class=\"wp-block-post-excerpt__excerpt\">Cr\u00e9ation et mise en sc\u00e8ne de Thom Luz (Thom Luz \u2013 Bernetta Theaterproduktionen) \/ Th\u00e9\u00e2tre de Vidy \/ du 16 au 19 janvier 2019 \/ Critiques par Ivan Garcia et Amina Gudzevic. <\/p><\/div>\n\n\n<div style=\"height:1px\" aria-hidden=\"true\" class=\"wp-block-spacer\"><\/div>\n\n<\/li><li class=\"wp-block-post post-13062 post type-post status-publish format-standard has-post-thumbnail category-critique category-expired category-spectacle category-theatre-2-21-lausanne tag-ivan-garcia tag-julie-heger\">\n<h6 class=\"liensouligne wp-block-post-title\"><a href=\"https:\/\/wp.unil.ch\/ateliercritique\/2018\/12\/bernarda\/\" target=\"_self\" >Bernarda<\/a><\/h6>\n\n<div class=\"wp-block-post-excerpt\"><p class=\"wp-block-post-excerpt__excerpt\">Texte de Federico Garcia Lorca \/ Mise en sc\u00e8ne de Giulia Belet \/ Th\u00e9\u00e2tre 2.21 \/ du 30 novembre au 16 d\u00e9cembre 2018 \/ Critiques par Julie Heger et Ivan Garcia.\u00a0 <\/p><\/div>\n\n\n<div style=\"height:1px\" aria-hidden=\"true\" class=\"wp-block-spacer\"><\/div>\n\n<\/li><li class=\"wp-block-post post-12483 post type-post status-publish format-standard has-post-thumbnail category-critique category-expired category-spectacle category-theatre-de-vidy tag-coralie-gil tag-ivan-garcia\">\n<h6 class=\"liensouligne wp-block-post-title\"><a href=\"https:\/\/wp.unil.ch\/ateliercritique\/2018\/03\/evel-knievel-contre-macbeth-na-terra-do-finado-humberto\/\" target=\"_self\" >Evel Knievel contre Macbeth na terra do finado Humberto<\/a><\/h6>\n\n<div class=\"wp-block-post-excerpt\"><p class=\"wp-block-post-excerpt__excerpt\">Cr\u00e9\u00e9 et mis en sc\u00e8ne par Rodrigo Garcia \/ Th\u00e9\u00e2tre de Vidy \/ du jeudi 15 mars au dimanche 18 mars 2018 \/ Critiques par Ivan Garcia et Coralie Gil. <\/p><\/div>\n\n\n<div style=\"height:1px\" aria-hidden=\"true\" class=\"wp-block-spacer\"><\/div>\n\n<\/li><li class=\"wp-block-post post-12466 post type-post status-publish format-standard has-post-thumbnail category-critique category-expired category-theatre-de-larsenic category-spectacle tag-amalia-devaud tag-ivan-garcia\">\n<h6 class=\"liensouligne wp-block-post-title\"><a href=\"https:\/\/wp.unil.ch\/ateliercritique\/2018\/03\/clash-of-gods\/\" target=\"_self\" >Clash of Gods<\/a><\/h6>\n\n<div class=\"wp-block-post-excerpt\"><p class=\"wp-block-post-excerpt__excerpt\">\u00c9crit et mis en sc\u00e8ne par Christophe Jaquet et Thomas Burkhalter \/ Th\u00e9\u00e2tre de l\u2019Arsenic, dans le cadre du festival Programme commun 2018 \/ du 13 au 28 mars 2018 \/ Critiques par Amalia D\u00e9vaud et Ivan Garcia. <\/p><\/div>\n\n\n<div style=\"height:1px\" aria-hidden=\"true\" class=\"wp-block-spacer\"><\/div>\n\n<\/li><li class=\"wp-block-post post-11988 post type-post status-publish format-standard has-post-thumbnail category-critique category-expired category-theatre-de-larsenic category-spectacle tag-ivan-garcia tag-thomas-flahaut\">\n<h6 class=\"liensouligne wp-block-post-title\"><a href=\"https:\/\/wp.unil.ch\/ateliercritique\/2017\/11\/la-recherche\/\" target=\"_self\" >La Recherche<\/a><\/h6>\n\n<div class=\"wp-block-post-excerpt\"><p class=\"wp-block-post-excerpt__excerpt\">D\u2019apr\u00e8s A la recherche du temps perdu de Marcel Proust \/ Cr\u00e9ation et mise en sc\u00e8ne de Yves-No\u00ebl Genod \/ L\u2019Arsenic \/ du 1er au 5 novembre 2017 \/ Critiques par Ivan Garcia et Thomas Flahaut.\u00a0 <\/p><\/div>\n\n\n<div style=\"height:1px\" aria-hidden=\"true\" class=\"wp-block-spacer\"><\/div>\n\n<\/li><li class=\"wp-block-post post-11954 post type-post status-publish format-standard has-post-thumbnail category-critique category-expired category-la-grange category-spectacle tag-ivan-garcia tag-laure-salathe\">\n<h6 class=\"liensouligne wp-block-post-title\"><a href=\"https:\/\/wp.unil.ch\/ateliercritique\/2017\/10\/macbeth-2\/\" target=\"_self\" >Macbeth<\/a><\/h6>\n\n<div class=\"wp-block-post-excerpt\"><p class=\"wp-block-post-excerpt__excerpt\">D&rsquo;apr\u00e8s William Shakespeare \/ Adaptation et mise en sc\u00e8ne de Valentin Rossier\/ New Helvetic Shakespeare Company \/ La Grange de Dorigny \/ du 21 au 29 octobre 2017 \/ Critiques par Ivan Garcia et Laure Salath\u00e9.\u00a0 <\/p><\/div>\n\n\n<div style=\"height:1px\" aria-hidden=\"true\" class=\"wp-block-spacer\"><\/div>\n\n<\/li><li class=\"wp-block-post post-11411 post type-post status-publish format-standard has-post-thumbnail category-critique category-expired category-la-grange category-spectacle tag-ivan-garcia tag-marek-chojecki\">\n<h6 class=\"liensouligne wp-block-post-title\"><a href=\"https:\/\/wp.unil.ch\/ateliercritique\/2017\/04\/mouvements-2\/\" target=\"_self\" >Festival F\u00e9cule 2017<\/a><\/h6>\n\n<div class=\"wp-block-post-excerpt\"><p class=\"wp-block-post-excerpt__excerpt\">Festival F\u00e9cule 2017 \/ du 24 avril au 6 mai 2017 \/ Grange de Dorigny \/ Critiques par Ivan Garcia et marek Chojecki. <\/p><\/div>\n\n\n<div style=\"height:1px\" aria-hidden=\"true\" class=\"wp-block-spacer\"><\/div>\n\n<\/li><li class=\"wp-block-post post-11176 post type-post status-publish format-standard has-post-thumbnail category-critique category-expired category-theatre-de-larsenic category-spectacle tag-ivan-garcia\">\n<h6 class=\"liensouligne wp-block-post-title\"><a href=\"https:\/\/wp.unil.ch\/ateliercritique\/2017\/03\/sekunden-spater\/\" target=\"_self\" >Sekunden sp\u00e4ter<\/a><\/h6>\n\n<div class=\"wp-block-post-excerpt\"><p class=\"wp-block-post-excerpt__excerpt\">De Nicole Seiler \/ Chor\u00e9graphie Nicole Seiler \/ Cie Nicole Seiler \/ L\u2019Arsenic \/ du 7 au 12 mars 2017 \/ Critique par Ivan Garcia. <\/p><\/div>\n\n\n<div style=\"height:1px\" aria-hidden=\"true\" class=\"wp-block-spacer\"><\/div>\n\n<\/li><li class=\"wp-block-post post-11139 post type-post status-publish format-standard has-post-thumbnail category-critique category-expired category-spectacle category-theatre-2-21-lausanne tag-ivan-garcia tag-jeremy-berthoud\">\n<h6 class=\"liensouligne wp-block-post-title\"><a href=\"https:\/\/wp.unil.ch\/ateliercritique\/2017\/03\/dautres\/\" target=\"_self\" >D\u2019autres<\/a><\/h6>\n\n<div class=\"wp-block-post-excerpt\"><p class=\"wp-block-post-excerpt__excerpt\">De Tiphanie Bovay-Klameth et Alexis Rime \/ Mise en sc\u00e8ne par Tiphanie Bovay-Klameth et Alain Borek \/ Compagnie TBK \/ Th\u00e9\u00e2tre 2.21 \/ du 28 f\u00e9vrier au 12 mars 2017 \/ Critiques par J\u00e9r\u00e9my Berthoud et Ivan Garcia. <\/p><\/div>\n\n\n<div style=\"height:1px\" aria-hidden=\"true\" class=\"wp-block-spacer\"><\/div>\n\n<\/li><li class=\"wp-block-post post-11116 post type-post status-publish format-standard has-post-thumbnail category-critique category-expired category-spectacle category-theatre-de-vidy tag-artemisia-romano tag-basile-seppey tag-celine-conus tag-ivan-garcia tag-jehanne-denogent tag-jeremy-berthoud tag-joanne-vaudroz tag-margot-prodhom tag-thomas-cordova\">\n<h6 class=\"liensouligne wp-block-post-title\"><a href=\"https:\/\/wp.unil.ch\/ateliercritique\/2017\/03\/reve-et-folie\/\" target=\"_self\" >R\u00eave et folie<\/a><\/h6>\n\n<div class=\"wp-block-post-excerpt\"><p class=\"wp-block-post-excerpt__excerpt\">De\u00a0Georg Trakl \/ Mise en sc\u00e8ne de Claude R\u00e9gy \/ Th\u00e9\u00e2tre de Vidy \/ du 28 f\u00e9vrier au 4 mars 2017 \/ Textes par J\u00e9r\u00e9my Berthoud, C\u00e9line Conus, Thomas Cordova, Jehanne Denogent, Ivan Garcia, Margot Prod\u2019hom, Artemisia Romano, Basile Seppey\u2026 <\/p><\/div>\n\n\n<div style=\"height:1px\" aria-hidden=\"true\" class=\"wp-block-spacer\"><\/div>\n\n<\/li><li class=\"wp-block-post post-10925 post type-post status-publish format-standard has-post-thumbnail category-critique category-expired category-la-grange category-spectacle tag-ivan-garcia tag-josefa-terribilini\">\n<h6 class=\"liensouligne wp-block-post-title\"><a href=\"https:\/\/wp.unil.ch\/ateliercritique\/2017\/01\/et-jamais-nous-ne-serons-separes\/\" target=\"_self\" >Et jamais nous ne serons s\u00e9par\u00e9s<\/a><\/h6>\n\n<div class=\"wp-block-post-excerpt\"><p class=\"wp-block-post-excerpt__excerpt\">de Jon Fosse \/ mise en sc\u00e8ne Andrea Novicov \/ Cie Angledange \/ du 12 au 21 janvier 2017 \/ Th\u00e9\u00e2tre de La Grange de Dorigny \/ Critiques par Josefa Terribilini et Ivan Garcia. <\/p><\/div>\n\n\n<div style=\"height:1px\" aria-hidden=\"true\" class=\"wp-block-spacer\"><\/div>\n\n<\/li><li class=\"wp-block-post post-10388 post type-post status-publish format-standard has-post-thumbnail category-critique category-expired category-spectacle category-tpr-la-chaux-de-fonds tag-ivan-garcia\">\n<h6 class=\"liensouligne wp-block-post-title\"><a href=\"https:\/\/wp.unil.ch\/ateliercritique\/2016\/10\/les-solitudes-dappartement\/\" target=\"_self\" >Les solitudes d&rsquo;appartement<\/a><\/h6>\n\n<div class=\"wp-block-post-excerpt\"><p class=\"wp-block-post-excerpt__excerpt\">De Jo\u00ebl Maillard \/ mise en sc\u00e8ne Camille Mermet, Aline Papin et C\u00e9dric Simon \/ production du Th\u00e9\u00e2tre populaire romand (La Chaux-de-fonds) \/ F\u00eate du Th\u00e9\u00e2tre \/ Gen\u00e8ve \/ le 16 octobre 2016 \/ Critique par Ivan Garcia . <\/p><\/div>\n\n\n<div style=\"height:1px\" aria-hidden=\"true\" class=\"wp-block-spacer\"><\/div>\n\n<\/li><li class=\"wp-block-post post-10363 post type-post status-publish format-standard has-post-thumbnail category-creation-libre category-critique category-expired category-spectacle tag-alice-moraz tag-ivan-garcia tag-jeremy-berthoud tag-valmir-rexhepi\">\n<h6 class=\"liensouligne wp-block-post-title\"><a href=\"https:\/\/wp.unil.ch\/ateliercritique\/2016\/10\/fete-du-theatre\/\" target=\"_self\" >F\u00eate du Th\u00e9\u00e2tre<\/a><\/h6>\n\n<div class=\"wp-block-post-excerpt\"><p class=\"wp-block-post-excerpt__excerpt\">Gen\u00e8ve \/ du 11 au 16\u00a0octobre 2016 \/ Critiques par J\u00e9r\u00e9my Berthoud, Alice Moraz, Ivan Garcia et Valmir Rexhepi. <\/p><\/div>\n\n\n<div style=\"height:1px\" aria-hidden=\"true\" class=\"wp-block-spacer\"><\/div>\n\n<\/li><li class=\"wp-block-post post-8314 post type-post status-publish format-standard has-post-thumbnail category-critique category-expired category-theatre-comedie category-spectacle tag-emilie-roch tag-ivan-garcia\">\n<h6 class=\"liensouligne wp-block-post-title\"><a href=\"https:\/\/wp.unil.ch\/ateliercritique\/2016\/10\/la-boucherie-de-job\/\" target=\"_self\" >La Boucherie de Job<\/a><\/h6>\n\n<div class=\"wp-block-post-excerpt\"><p class=\"wp-block-post-excerpt__excerpt\">De Fausto Paravidino\u00a0\/\u00a0mise en sc\u00e8ne de Herv\u00e9 Loichemol \/ du 4 au 21\u00a0octobre\u00a02016 \/ La Com\u00e9die (Gen\u00e8ve) \/ Critiques par \u00c9milie Roch et Ivan Garcia. <\/p><\/div>\n\n\n<div style=\"height:1px\" aria-hidden=\"true\" class=\"wp-block-spacer\"><\/div>\n\n<\/li><\/ul><\/div>\n","protected":false},"excerpt":{"rendered":"<p>Longtemps je n\u2019ai pas fr\u00e9quent\u00e9 le th\u00e9\u00e2tre. J\u2019en avais une vague id\u00e9e et me contentais de cela. Ce n\u2019est que lors de mon entr\u00e9e \u00e0 l\u2019universit\u00e9 que j\u2019ai rencontr\u00e9 des &hellip; <\/p>\n","protected":false},"author":784,"featured_media":0,"parent":2716,"menu_order":0,"comment_status":"closed","ping_status":"closed","template":"","meta":{"_seopress_robots_primary_cat":"","_seopress_titles_title":"","_seopress_titles_desc":"","_seopress_robots_index":"","footnotes":""},"class_list":["post-8288","page","type-page","status-publish"],"_links":{"self":[{"href":"https:\/\/wp.unil.ch\/ateliercritique\/wp-json\/wp\/v2\/pages\/8288","targetHints":{"allow":["GET"]}}],"collection":[{"href":"https:\/\/wp.unil.ch\/ateliercritique\/wp-json\/wp\/v2\/pages"}],"about":[{"href":"https:\/\/wp.unil.ch\/ateliercritique\/wp-json\/wp\/v2\/types\/page"}],"author":[{"embeddable":true,"href":"https:\/\/wp.unil.ch\/ateliercritique\/wp-json\/wp\/v2\/users\/784"}],"replies":[{"embeddable":true,"href":"https:\/\/wp.unil.ch\/ateliercritique\/wp-json\/wp\/v2\/comments?post=8288"}],"version-history":[{"count":1,"href":"https:\/\/wp.unil.ch\/ateliercritique\/wp-json\/wp\/v2\/pages\/8288\/revisions"}],"predecessor-version":[{"id":22283,"href":"https:\/\/wp.unil.ch\/ateliercritique\/wp-json\/wp\/v2\/pages\/8288\/revisions\/22283"}],"up":[{"embeddable":true,"href":"https:\/\/wp.unil.ch\/ateliercritique\/wp-json\/wp\/v2\/pages\/2716"}],"wp:attachment":[{"href":"https:\/\/wp.unil.ch\/ateliercritique\/wp-json\/wp\/v2\/media?parent=8288"}],"curies":[{"name":"wp","href":"https:\/\/api.w.org\/{rel}","templated":true}]}}