{"id":7001,"date":"2015-10-14T22:06:56","date_gmt":"2015-10-14T20:06:56","guid":{"rendered":"http:\/\/wp.unil.ch\/ateliercritique\/?page_id=7001"},"modified":"2025-02-06T17:59:12","modified_gmt":"2025-02-06T16:59:12","slug":"emilie-roch","status":"publish","type":"page","link":"https:\/\/wp.unil.ch\/ateliercritique\/lequipe\/emilie-roch\/","title":{"rendered":"Emilie Roch"},"content":{"rendered":"<p align=\"justify\">Apr\u00e8s avoir explor\u00e9 une (infime) partie du champ du roman contemporain dans le cadre de mon m\u00e9moire en Litt\u00e9rature fran\u00e7aise, j\u2019ai eu envie de me frotter aux arts de la sc\u00e8ne, de quitter l\u2019enceinte de la biblioth\u00e8que universitaire pour aller \u00e0 la rencontre des th\u00e9\u00e2tres de Suisse romande. Observer les formes de vie que peut prendre un texte connu ou inconnu, chercher les mots justes pour dire ce que l\u2019on voit et ressent\u2026 Voil\u00e0 pourquoi je suis ravie de mettre ma plume au service de l\u2019Atelier critique et de profiter, pour la premi\u00e8re fois apr\u00e8s de nombreuses ann\u00e9es d\u2019\u00e9tudes, d\u2019\u00e9crire pour un public large, o\u00f9 un discours sensible trouve plus ais\u00e9ment sa place.<\/p>\n<h4>Les critiques d&rsquo;Emilie Roch :<\/h4>\n\n\n<div class=\"wp-block-query is-layout-flow wp-block-query-is-layout-flow\"><ul class=\"wp-block-post-template is-layout-flow wp-block-post-template-is-layout-flow\"><li class=\"wp-block-post post-8314 post type-post status-publish format-standard has-post-thumbnail category-critique category-expired category-theatre-comedie category-spectacle tag-emilie-roch tag-ivan-garcia\">\n<h6 class=\"liensouligne wp-block-post-title\"><a href=\"https:\/\/wp.unil.ch\/ateliercritique\/2016\/10\/la-boucherie-de-job\/\" target=\"_self\" >La Boucherie de Job<\/a><\/h6>\n\n<div class=\"wp-block-post-excerpt\"><p class=\"wp-block-post-excerpt__excerpt\">De Fausto Paravidino\u00a0\/\u00a0mise en sc\u00e8ne de Herv\u00e9 Loichemol \/ du 4 au 21\u00a0octobre\u00a02016 \/ La Com\u00e9die (Gen\u00e8ve) \/ Critiques par \u00c9milie Roch et Ivan Garcia. <\/p><\/div>\n\n\n<div style=\"height:1px\" aria-hidden=\"true\" class=\"wp-block-spacer\"><\/div>\n\n<\/li><li class=\"wp-block-post post-8251 post type-post status-publish format-standard has-post-thumbnail category-critique category-expired category-spectacle category-theatre-du-jorat tag-emilie-roch tag-marie-reymond\">\n<h6 class=\"liensouligne wp-block-post-title\"><a href=\"https:\/\/wp.unil.ch\/ateliercritique\/2016\/06\/chapeau-le-costume\/\" target=\"_self\" >Chapeau, le costume!<\/a><\/h6>\n\n<div class=\"wp-block-post-excerpt\"><p class=\"wp-block-post-excerpt__excerpt\">De Victorien Kissling, Alain Mettral et Daniel Cornu \/ mise en sc\u00e8ne Yasmine Saegesser \/ Th\u00e9\u00e2tre du Jorat \/ 26 juin 2016 \/ Critiques par \u00c9milie Roch et Marie Reymond. <\/p><\/div>\n\n\n<div style=\"height:1px\" aria-hidden=\"true\" class=\"wp-block-spacer\"><\/div>\n\n<\/li><li class=\"wp-block-post post-8131 post type-post status-publish format-standard has-post-thumbnail category-critique category-expired category-spectacle category-teatre-du-grutli tag-emilie-roch\">\n<h6 class=\"liensouligne wp-block-post-title\"><a href=\"https:\/\/wp.unil.ch\/ateliercritique\/2016\/05\/les-reines\/\" target=\"_self\" >Les Reines<\/a><\/h6>\n\n<div class=\"wp-block-post-excerpt\"><p class=\"wp-block-post-excerpt__excerpt\">De Normand Chaurette \/ mise en sc\u00e8ne Zo\u00e9 Reverdin \/ Th\u00e9\u00e2tre du Gr\u00fctli \/ du 19 avril au 8 mai 2016 \/ Critique par Emilie Roch. <\/p><\/div>\n\n\n<div style=\"height:1px\" aria-hidden=\"true\" class=\"wp-block-spacer\"><\/div>\n\n<\/li><li class=\"wp-block-post post-7842 post type-post status-publish format-standard has-post-thumbnail category-critique category-expired category-spectacle category-theatre-du-passage tag-elisa-picci tag-emilie-roch\">\n<h6 class=\"liensouligne wp-block-post-title\"><a href=\"https:\/\/wp.unil.ch\/ateliercritique\/2016\/02\/cupidon-est-malade\/\" target=\"_self\" >Cupidon est malade<\/a><\/h6>\n\n<div class=\"wp-block-post-excerpt\"><p class=\"wp-block-post-excerpt__excerpt\">De Pauline Sales \/ mis en sc\u00e8ne Jean Bellorini \/ Le Th\u00e9\u00e2tre du Passage \/ 21 f\u00e9vrier 2016 \/ Critiques par Elisa Picci et Emilie Roch. <\/p><\/div>\n\n\n<div style=\"height:1px\" aria-hidden=\"true\" class=\"wp-block-spacer\"><\/div>\n\n<\/li><li class=\"wp-block-post post-7654 post type-post status-publish format-standard has-post-thumbnail category-critique category-expired category-la-grange category-spectacle tag-amandine-rosset tag-emilie-roch\">\n<h6 class=\"liensouligne wp-block-post-title\"><a href=\"https:\/\/wp.unil.ch\/ateliercritique\/2016\/01\/sauvage-opera-de-chambre\/\" target=\"_self\" >Sauvage : Op\u00e9ra de Chambre<\/a><\/h6>\n\n<div class=\"wp-block-post-excerpt\"><p class=\"wp-block-post-excerpt__excerpt\">De Dominique Lehmann (musique) et Pierre Louis P\u00e9clat (livret) \/ mise en sc\u00e8ne H\u00e9l\u00e8ne Cattin \/ Th\u00e9\u00e2tre de la Grange de Dorigny \/ du 8 au 10, puis du 15 au 17 janvier 2016 \/ Critiques par Emilie Roch et\u2026 <\/p><\/div>\n\n\n<div style=\"height:1px\" aria-hidden=\"true\" class=\"wp-block-spacer\"><\/div>\n\n<\/li><li class=\"wp-block-post post-7571 post type-post status-publish format-standard has-post-thumbnail category-critique category-expired category-la-grange category-spectacle tag-emilie-roch tag-suzanne-crettex\">\n<h6 class=\"liensouligne wp-block-post-title\"><a href=\"https:\/\/wp.unil.ch\/ateliercritique\/2015\/12\/une-eneide\/\" target=\"_self\" >Une \u00c9n\u00e9ide<\/a><\/h6>\n\n<div class=\"wp-block-post-excerpt\"><p class=\"wp-block-post-excerpt__excerpt\">D\u2019apr\u00e8s L\u2019\u00c9n\u00e9ide de Virgile \/ conception et mise en sc\u00e8ne Sandra Amodio \/ texte et adaptation S\u00e9bastien Grosset \/ La Grange de Dorigny \/ du 3 au 5 d\u00e9cembre 2015 \/ Critiques par Emilie Roch et Suzanne Crettex. <\/p><\/div>\n\n\n<div style=\"height:1px\" aria-hidden=\"true\" class=\"wp-block-spacer\"><\/div>\n\n<\/li><li class=\"wp-block-post post-7408 post type-post status-publish format-standard has-post-thumbnail category-critique category-expired category-theatre-des-osses category-spectacle tag-emilie-roch tag-josefa-terribilini\">\n<h6 class=\"liensouligne wp-block-post-title\"><a href=\"https:\/\/wp.unil.ch\/ateliercritique\/2015\/11\/les-acteurs-de-bonne-foi\/\" target=\"_self\" >Les Acteurs de bonne foi<\/a><\/h6>\n\n<div class=\"wp-block-post-excerpt\"><p class=\"wp-block-post-excerpt__excerpt\">De Marivaux \/ mise en sc\u00e8ne Genevi\u00e8ve Pasquier et Nicolas Rossier \/ Th\u00e9\u00e2tre des Osses \/ du 14 novembre au 8 d\u00e9cembre 2015 \/ Critiques par Emilie Roch et Josefa Terribilini <\/p><\/div>\n\n\n<div style=\"height:1px\" aria-hidden=\"true\" class=\"wp-block-spacer\"><\/div>\n\n<\/li><li class=\"wp-block-post post-7349 post type-post status-publish format-standard has-post-thumbnail category-critique category-expired category-le-reflet category-spectacle tag-camille-logoz tag-emilie-roch\">\n<h6 class=\"liensouligne wp-block-post-title\"><a href=\"https:\/\/wp.unil.ch\/ateliercritique\/2015\/11\/lhistoire-du-soldat\/\" target=\"_self\" >L\u2019Histoire du soldat<\/a><\/h6>\n\n<div class=\"wp-block-post-excerpt\"><p class=\"wp-block-post-excerpt__excerpt\">De Charles-Ferdinand Ramuz \/ musique d\u2019Igor Stravinsky \/ par le Teatro Malandro \/ mise en sc\u00e8ne Omar Porras\u00a0\/ Th\u00e9\u00e2tre Le Reflet (Vevey) \/ du 7 au 8 novembre 2015 \/ Critiques par Emilie Roch et Camille Logoz. <\/p><\/div>\n\n\n<div style=\"height:1px\" aria-hidden=\"true\" class=\"wp-block-spacer\"><\/div>\n\n<\/li><li class=\"wp-block-post post-7073 post type-post status-publish format-standard has-post-thumbnail category-critique category-expired category-friscenes-fribourg category-spectacle tag-alice-moraz tag-chantal-zumwald tag-emilie-roch tag-josefa-terribilini tag-lauriane-pointet tag-nadia-hachemi tag-valmir-rexhepi\">\n<h6 class=\"liensouligne wp-block-post-title\"><a href=\"https:\/\/wp.unil.ch\/ateliercritique\/2015\/10\/friscenes-2015\/\" target=\"_self\" >FriSc\u00e8nes 2015<\/a><\/h6>\n\n<div class=\"wp-block-post-excerpt\"><p class=\"wp-block-post-excerpt__excerpt\">Festival international de th\u00e9\u00e2tre Frisc\u00e8nes \/ Nouveau Monde (Fribourg) \/ du 19 au 25 octobre 2015 \/ Critiques par Nadia Hachemi, Lauriane Pointet, Emilie Roch, Josefa Terribilini, Valmir Rexhepi, Alice Moraz et Chantal Zumwald. <\/p><\/div>\n\n\n<div style=\"height:1px\" aria-hidden=\"true\" class=\"wp-block-spacer\"><\/div>\n\n<\/li><li class=\"wp-block-post post-6977 post type-post status-publish format-standard has-post-thumbnail category-critique category-expired category-spectacle category-theatre-de-vidy tag-camille-logoz tag-emilie-roch tag-fanny-utiger\">\n<h6 class=\"liensouligne wp-block-post-title\"><a href=\"https:\/\/wp.unil.ch\/ateliercritique\/2015\/10\/cloture-de-lamour\/\" target=\"_self\" >Cl\u00f4ture de l\u2019amour<\/a><\/h6>\n\n<div class=\"wp-block-post-excerpt\"><p class=\"wp-block-post-excerpt__excerpt\">De Pascal Rambert \/ avec Stanislas Nordey et Audrey Bonnet \/ Th\u00e9\u00e2tre de Vidy \/ du 30 septembre au 4 octobre 2015 \/ Critiques par Fanny Utiger, Camille Logoz et Emilie Roch <\/p><\/div>\n\n\n<div style=\"height:1px\" aria-hidden=\"true\" class=\"wp-block-spacer\"><\/div>\n\n<\/li><\/ul><\/div>\n","protected":false},"excerpt":{"rendered":"<p>Apr\u00e8s avoir explor\u00e9 une (infime) partie du champ du roman contemporain dans le cadre de mon m\u00e9moire en Litt\u00e9rature fran\u00e7aise, j\u2019ai eu envie de me frotter aux arts de la &hellip; <\/p>\n","protected":false},"author":1001220,"featured_media":0,"parent":2716,"menu_order":0,"comment_status":"closed","ping_status":"closed","template":"","meta":{"_seopress_robots_primary_cat":"","_seopress_titles_title":"","_seopress_titles_desc":"","_seopress_robots_index":"","footnotes":""},"class_list":["post-7001","page","type-page","status-publish"],"_links":{"self":[{"href":"https:\/\/wp.unil.ch\/ateliercritique\/wp-json\/wp\/v2\/pages\/7001","targetHints":{"allow":["GET"]}}],"collection":[{"href":"https:\/\/wp.unil.ch\/ateliercritique\/wp-json\/wp\/v2\/pages"}],"about":[{"href":"https:\/\/wp.unil.ch\/ateliercritique\/wp-json\/wp\/v2\/types\/page"}],"author":[{"embeddable":true,"href":"https:\/\/wp.unil.ch\/ateliercritique\/wp-json\/wp\/v2\/users\/1001220"}],"replies":[{"embeddable":true,"href":"https:\/\/wp.unil.ch\/ateliercritique\/wp-json\/wp\/v2\/comments?post=7001"}],"version-history":[{"count":1,"href":"https:\/\/wp.unil.ch\/ateliercritique\/wp-json\/wp\/v2\/pages\/7001\/revisions"}],"predecessor-version":[{"id":22341,"href":"https:\/\/wp.unil.ch\/ateliercritique\/wp-json\/wp\/v2\/pages\/7001\/revisions\/22341"}],"up":[{"embeddable":true,"href":"https:\/\/wp.unil.ch\/ateliercritique\/wp-json\/wp\/v2\/pages\/2716"}],"wp:attachment":[{"href":"https:\/\/wp.unil.ch\/ateliercritique\/wp-json\/wp\/v2\/media?parent=7001"}],"curies":[{"name":"wp","href":"https:\/\/api.w.org\/{rel}","templated":true}]}}