{"id":6891,"date":"2015-10-09T09:14:49","date_gmt":"2015-10-09T07:14:49","guid":{"rendered":"http:\/\/wp.unil.ch\/ateliercritique\/?page_id=6891"},"modified":"2025-02-06T17:58:05","modified_gmt":"2025-02-06T16:58:05","slug":"valmir-rexhepi","status":"publish","type":"page","link":"https:\/\/wp.unil.ch\/ateliercritique\/lequipe\/valmir-rexhepi\/","title":{"rendered":"Valmir Rexhepi"},"content":{"rendered":"<p>Toute description est une mise en sc\u00e8ne. Celle-ci, m\u00eame courte et laconique, n&rsquo;\u00e9chappe pas \u00e0 la r\u00e8gle.<br \/>Je suis Valmir, \u00e9tudiant en master de fran\u00e7ais et d&rsquo;histoire.<br \/>Longtemps je ne suis pas all\u00e9 au th\u00e9\u00e2tre et puis, il y a eu l&rsquo;Atelier critique. \u00c7a sonne un peu comme une r\u00e9plique publicitaire pour un yaourt. Je suis alors all\u00e9 au th\u00e9\u00e2tre \u00e0 maintes reprises et, supr\u00eame exercice, j&rsquo;ai \u00e9crit des critiques. \u00c7a m&rsquo;a plu et (d\u00e9lice!) \u00e7a me pla\u00eet encore.<\/p>\n<h4>Les critiques de Valmir Rexhepi :<\/h4>\n\n\n<div class=\"wp-block-query is-layout-flow wp-block-query-is-layout-flow\"><ul class=\"wp-block-post-template is-layout-flow wp-block-post-template-is-layout-flow\"><li class=\"wp-block-post post-12099 post type-post status-publish format-standard has-post-thumbnail category-critique category-expired category-spectacle category-theatre-de-vidy tag-valmir-rexhepi\">\n<h6 class=\"liensouligne wp-block-post-title\"><a href=\"https:\/\/wp.unil.ch\/ateliercritique\/2017\/11\/lavare-2\/\" target=\"_self\" >L&rsquo;Avare<\/a><\/h6>\n\n<div class=\"wp-block-post-excerpt\"><p class=\"wp-block-post-excerpt__excerpt\">De Moli\u00e8re \/ Mise en sc\u00e8ne de Ludovic Lagarde \/ Th\u00e9\u00e2tre de Vidy \/ du 22 novembre au 3 d\u00e9cembre 2017 \/ Critique par Valmir Rexhepi.\u00a0 <\/p><\/div>\n\n\n<div style=\"height:1px\" aria-hidden=\"true\" class=\"wp-block-spacer\"><\/div>\n\n<\/li><li class=\"wp-block-post post-12067 post type-post status-publish format-standard has-post-thumbnail category-critique category-expired category-petitheatre-sion category-spectacle tag-valmir-rexhepi\">\n<h6 class=\"liensouligne wp-block-post-title\"><a href=\"https:\/\/wp.unil.ch\/ateliercritique\/2017\/11\/donkeyport\/\" target=\"_self\" >Donkeyport<\/a><\/h6>\n\n<div class=\"wp-block-post-excerpt\"><p class=\"wp-block-post-excerpt__excerpt\">Par la Cie S\/Z \/ Mise en sc\u00e8ne de Sabine Zaalene \/ Petith\u00e9\u00e2tre de Sion \/ du 9 au 19 novembre 2017 \/ Critique par Valmir Rexhepi.\u00a0 <\/p><\/div>\n\n\n<div style=\"height:1px\" aria-hidden=\"true\" class=\"wp-block-spacer\"><\/div>\n\n<\/li><li class=\"wp-block-post post-12041 post type-post status-publish format-standard has-post-thumbnail category-critique category-expired category-spectacle category-theatre-de-vidy tag-josefa-terribilini tag-valmir-rexhepi\">\n<h6 class=\"liensouligne wp-block-post-title\"><a href=\"https:\/\/wp.unil.ch\/ateliercritique\/2017\/11\/passion-simple\/\" target=\"_self\" >Passion simple<\/a><\/h6>\n\n<div class=\"wp-block-post-excerpt\"><p class=\"wp-block-post-excerpt__excerpt\">D\u2019apr\u00e8s Annie Ernaux \/ Cie \u00c9milie Charriot \/ Th\u00e9\u00e2tre de Vidy \/ du 7 au 22 novembre 2017 \/ Critiques par Josefa Terribilini et Valmir Rexhepi.\u00a0 <\/p><\/div>\n\n\n<div style=\"height:1px\" aria-hidden=\"true\" class=\"wp-block-spacer\"><\/div>\n\n<\/li><li class=\"wp-block-post post-11425 post type-post status-publish format-standard has-post-thumbnail category-critique category-expired category-petitheatre-sion category-spectacle tag-basile-seppey tag-valmir-rexhepi\">\n<h6 class=\"liensouligne wp-block-post-title\"><a href=\"https:\/\/wp.unil.ch\/ateliercritique\/2017\/04\/tilt-can-we-start-again\/\" target=\"_self\" >Tilt, can we start again ?<\/a><\/h6>\n\n<div class=\"wp-block-post-excerpt\"><p class=\"wp-block-post-excerpt__excerpt\">Cr\u00e9ation Cie Klangbox, concept Pascal Viglino \/ Le Petith\u00e9\u00e2tre de Sion \/ du 20 au 30 avril 2017 \/ Critiques par Valmir Rexhepi et Basile Seppey. <\/p><\/div>\n\n\n<div style=\"height:1px\" aria-hidden=\"true\" class=\"wp-block-spacer\"><\/div>\n\n<\/li><li class=\"wp-block-post post-11032 post type-post status-publish format-standard has-post-thumbnail category-critique category-expired category-theatre-de-larsenic category-spectacle tag-kendra-simons tag-valmir-rexhepi\">\n<h6 class=\"liensouligne wp-block-post-title\"><a href=\"https:\/\/wp.unil.ch\/ateliercritique\/2017\/02\/il-le-faut-je-le-veux\/\" target=\"_self\" >Il le faut. Je le veux.<\/a><\/h6>\n\n<div class=\"wp-block-post-excerpt\"><p class=\"wp-block-post-excerpt__excerpt\">de Valerio Scamuffa\u00a0 \/ Cie Lascam \/ Arsenic \/ du 31 janvier 2017 au 04 f\u00e9vrier 2017 \/ Critiques par Kendra Simons et Valmir Rexhepi. <\/p><\/div>\n\n\n<div style=\"height:1px\" aria-hidden=\"true\" class=\"wp-block-spacer\"><\/div>\n\n<\/li><li class=\"wp-block-post post-10767 post type-post status-publish format-standard has-post-thumbnail category-critique category-expired category-theatre-de-larsenic category-spectacle tag-nadia-hachemi tag-valmir-rexhepi\">\n<h6 class=\"liensouligne wp-block-post-title\"><a href=\"https:\/\/wp.unil.ch\/ateliercritique\/2016\/12\/la-conquete-de-linutile\/\" target=\"_self\" >La conqu\u00eate de l&rsquo;inutile<\/a><\/h6>\n\n<div class=\"wp-block-post-excerpt\"><p class=\"wp-block-post-excerpt__excerpt\">Mise en sc\u00e8ne de Oscar G\u00f3mez Mata \/ Cie Alakran \/ Arsenic \/ du 7 au 11 d\u00e9cembre 2016 \/\u00a0 Critiques par Valmir Rexhepi et Nadia Hachemi. <\/p><\/div>\n\n\n<div style=\"height:1px\" aria-hidden=\"true\" class=\"wp-block-spacer\"><\/div>\n\n<\/li><li class=\"wp-block-post post-10676 post type-post status-publish format-standard has-post-thumbnail category-critique category-expired category-theatre-de-larsenic category-spectacle tag-josefa-terribilini tag-valmir-rexhepi\">\n<h6 class=\"liensouligne wp-block-post-title\"><a href=\"https:\/\/wp.unil.ch\/ateliercritique\/2016\/11\/ivanov\/\" target=\"_self\" >Ivanov<\/a><\/h6>\n\n<div class=\"wp-block-post-excerpt\"><p class=\"wp-block-post-excerpt__excerpt\">De et mis en sc\u00e8ne par Emilie Charriot, d\u2019apr\u00e8s Anton Tchekhov\/ par la Cie Emilie Charriot \/ Arsenic \/ du 22 au 27 novembre 2016 \/ Critiques par Josefa Terribilini et Valmir Rexhepi. <\/p><\/div>\n\n\n<div style=\"height:1px\" aria-hidden=\"true\" class=\"wp-block-spacer\"><\/div>\n\n<\/li><li class=\"wp-block-post post-10628 post type-post status-publish format-standard has-post-thumbnail category-critique category-expired category-la-grange category-spectacle tag-laura-weber tag-valmir-rexhepi\">\n<h6 class=\"liensouligne wp-block-post-title\"><a href=\"https:\/\/wp.unil.ch\/ateliercritique\/2016\/11\/stuck-plastik\/\" target=\"_self\" >St\u00fcck Plastik<\/a><\/h6>\n\n<div class=\"wp-block-post-excerpt\"><p class=\"wp-block-post-excerpt__excerpt\">De Marius von Mayenburg \/ mise en sc\u00e8ne de Gianni Schneider \/ Th\u00e9\u00e2tre de la Grange de Dorigny \/ du 17 au 26 novembre 2016 \/ Critiques par Valmir Rexhepi et Laura Weber.\u00a0 <\/p><\/div>\n\n\n<div style=\"height:1px\" aria-hidden=\"true\" class=\"wp-block-spacer\"><\/div>\n\n<\/li><li class=\"wp-block-post post-10576 post type-post status-publish format-standard has-post-thumbnail category-critique category-expired category-spectacle category-tpr-la-chaux-de-fonds tag-valmir-rexhepi\">\n<h6 class=\"liensouligne wp-block-post-title\"><a href=\"https:\/\/wp.unil.ch\/ateliercritique\/2016\/11\/what-if-they-went-to-moscow\/\" target=\"_self\" >What if They Went to Moscow<\/a><\/h6>\n\n<div class=\"wp-block-post-excerpt\"><p class=\"wp-block-post-excerpt__excerpt\">D\u2019apr\u00e8s Les trois s\u0153urs de Tchekhov \/ mise en sc\u00e8ne de Christiane Jatahy \/ Th\u00e9\u00e2tre Populaire Romand \/ du 12 au 13 novembre 2016 \/ Critique par Valmir Rexhepi.\u00a0 <\/p><\/div>\n\n\n<div style=\"height:1px\" aria-hidden=\"true\" class=\"wp-block-spacer\"><\/div>\n\n<\/li><li class=\"wp-block-post post-10540 post type-post status-publish format-standard has-post-thumbnail category-critique category-expired category-spectacle category-theatre-des-marionnettes tag-jehanne-denogent tag-valmir-rexhepi\">\n<h6 class=\"liensouligne wp-block-post-title\"><a href=\"https:\/\/wp.unil.ch\/ateliercritique\/2016\/11\/landru\/\" target=\"_self\" >Landru<\/a><\/h6>\n\n<div class=\"wp-block-post-excerpt\"><p class=\"wp-block-post-excerpt__excerpt\">Mise en sc\u00e8ne de Yoann Pencol\u00e9 \u2013 Cie Zusvex \/ Th\u00e9\u00e2tre des Marionnettes de Gen\u00e8ve \/ du 4 au 13 novembre 2016 \/ Critiques par Jehanne Denogent et Valmir Rexhepi.\u00a0 <\/p><\/div>\n\n\n<div style=\"height:1px\" aria-hidden=\"true\" class=\"wp-block-spacer\"><\/div>\n\n<\/li><li class=\"wp-block-post post-10470 post type-post status-publish format-standard has-post-thumbnail category-critique category-expired category-spectacle category-theatre-de-carouge tag-valmir-rexhepi\">\n<h6 class=\"liensouligne wp-block-post-title\"><a href=\"https:\/\/wp.unil.ch\/ateliercritique\/2016\/11\/karamazov\/\" target=\"_self\" >Karamazov<\/a><\/h6>\n\n<div class=\"wp-block-post-excerpt\"><p class=\"wp-block-post-excerpt__excerpt\">D\u2019apr\u00e8s Les Fr\u00e8res Karamazov de F\u00e9dor Dosto\u00efevski \/ mise en sc\u00e8ne de Jean Bellorini \/ Th\u00e9\u00e2tre de Carouge \/ du 1 au 13 novembre 2016 \/ Critique par Valmir Rexhepi. <\/p><\/div>\n\n\n<div style=\"height:1px\" aria-hidden=\"true\" class=\"wp-block-spacer\"><\/div>\n\n<\/li><li class=\"wp-block-post post-10363 post type-post status-publish format-standard has-post-thumbnail category-creation-libre category-critique category-expired category-spectacle tag-alice-moraz tag-ivan-garcia tag-jeremy-berthoud tag-valmir-rexhepi\">\n<h6 class=\"liensouligne wp-block-post-title\"><a href=\"https:\/\/wp.unil.ch\/ateliercritique\/2016\/10\/fete-du-theatre\/\" target=\"_self\" >F\u00eate du Th\u00e9\u00e2tre<\/a><\/h6>\n\n<div class=\"wp-block-post-excerpt\"><p class=\"wp-block-post-excerpt__excerpt\">Gen\u00e8ve \/ du 11 au 16\u00a0octobre 2016 \/ Critiques par J\u00e9r\u00e9my Berthoud, Alice Moraz, Ivan Garcia et Valmir Rexhepi. <\/p><\/div>\n\n\n<div style=\"height:1px\" aria-hidden=\"true\" class=\"wp-block-spacer\"><\/div>\n\n<\/li><li class=\"wp-block-post post-10348 post type-post status-publish format-standard has-post-thumbnail category-critique category-expired category-spectacle category-theatre-am-stram-gram-geneve tag-valmir-rexhepi\">\n<h6 class=\"liensouligne wp-block-post-title\"><a href=\"https:\/\/wp.unil.ch\/ateliercritique\/2016\/10\/suzette\/\" target=\"_self\" >Suzette<\/a><\/h6>\n\n<div class=\"wp-block-post-excerpt\"><p class=\"wp-block-post-excerpt__excerpt\">Texte et mise en sc\u00e8ne de Fabrice Melquiot \/ avec Emmanuelle Destremau, Simon Aeschimann, Alain Frey, Vincent H\u00e4nni, Louis Lavedan, Nicolas Rossier et Gabriel Bonnefoy \/ Th\u00e9\u00e2tre Am Stram Gram \/ du 27 septembre au 18 octobre 2016 \/ Critique\u2026 <\/p><\/div>\n\n\n<div style=\"height:1px\" aria-hidden=\"true\" class=\"wp-block-spacer\"><\/div>\n\n<\/li><li class=\"wp-block-post post-10286 post type-post status-publish format-standard has-post-thumbnail category-critique category-expired category-spectacle category-theatre-2-21-lausanne tag-valmir-rexhepi\">\n<h6 class=\"liensouligne wp-block-post-title\"><a href=\"https:\/\/wp.unil.ch\/ateliercritique\/2016\/10\/les-petites-filles-aux-allumettes\/\" target=\"_self\" >Les petites filles aux allumettes<\/a><\/h6>\n\n<div class=\"wp-block-post-excerpt\"><p class=\"wp-block-post-excerpt__excerpt\">Textes et mises en sc\u00e8ne de Antoine Jaccoud, Jo\u00ebl Maillard et Philippe Vuilleumier \/ Par la Compagnie L\u00e9on \/ Th\u00e9\u00e2tre 2.21 \/ du 12 au 15\u00a0octobre\u00a02016 \/ Critique par Vlamir Rexhepi. <\/p><\/div>\n\n\n<div style=\"height:1px\" aria-hidden=\"true\" class=\"wp-block-spacer\"><\/div>\n\n<\/li><li class=\"wp-block-post post-8227 post type-post status-publish format-standard has-post-thumbnail category-critique category-expired category-spectacle category-theatre-de-vidy tag-valmir-rexhepi\">\n<h6 class=\"liensouligne wp-block-post-title\"><a href=\"https:\/\/wp.unil.ch\/ateliercritique\/2016\/05\/finir-en-beaute\/\" target=\"_self\" >Finir en beaut\u00e9<\/a><\/h6>\n\n<div class=\"wp-block-post-excerpt\"><p class=\"wp-block-post-excerpt__excerpt\">De et par Mohamed El Khatib \/ Th\u00e9\u00e2tre de Vidy \/ du 28 au 29 mai 2016 \/ Critique par Valmir Rexhepi. <\/p><\/div>\n\n\n<div style=\"height:1px\" aria-hidden=\"true\" class=\"wp-block-spacer\"><\/div>\n\n<\/li><li class=\"wp-block-post post-8149 post type-post status-publish format-standard has-post-thumbnail category-critique category-expired category-le-reflet category-spectacle tag-deborah-strebel tag-valmir-rexhepi\">\n<h6 class=\"liensouligne wp-block-post-title\"><a href=\"https:\/\/wp.unil.ch\/ateliercritique\/2016\/05\/black-out\/\" target=\"_self\" >Black out<\/a><\/h6>\n\n<div class=\"wp-block-post-excerpt\"><p class=\"wp-block-post-excerpt__excerpt\">Par la compagnie Philippe Saire \/ Le Reflet \/ du 12 au 15 mai 2016 \/ Critiques par Deborah Strebel et Valmir Rexhepi. <\/p><\/div>\n\n\n<div style=\"height:1px\" aria-hidden=\"true\" class=\"wp-block-spacer\"><\/div>\n\n<\/li><li class=\"wp-block-post post-7999 post type-post status-publish format-standard has-post-thumbnail category-critique category-expired category-spectacle category-theatre-de-carouge tag-jehanne-denogent tag-valmir-rexhepi\">\n<h6 class=\"liensouligne wp-block-post-title\"><a href=\"https:\/\/wp.unil.ch\/ateliercritique\/2016\/04\/la-grenouille-avait-raison\/\" target=\"_self\" >La grenouille avait raison<\/a><\/h6>\n\n<div class=\"wp-block-post-excerpt\"><p class=\"wp-block-post-excerpt__excerpt\">De James Thierr\u00e9e \/ Th\u00e9\u00e2tre de Carouge \/ du 5 avril au 8 mai 2016 \/ Critiques par Valmir Rexhepi et Jehanne Denogent. <\/p><\/div>\n\n\n<div style=\"height:1px\" aria-hidden=\"true\" class=\"wp-block-spacer\"><\/div>\n\n<\/li><li class=\"wp-block-post post-7989 post type-post status-publish format-standard has-post-thumbnail category-critique category-expired category-spectacle category-theatre-2-21-lausanne tag-deborah-strebel tag-valmir-rexhepi\">\n<h6 class=\"liensouligne wp-block-post-title\"><a href=\"https:\/\/wp.unil.ch\/ateliercritique\/2016\/03\/sans-peau\/\" target=\"_self\" >Sans peau<\/a><\/h6>\n\n<div class=\"wp-block-post-excerpt\"><p class=\"wp-block-post-excerpt__excerpt\">Texte et mise en sc\u00e8ne Pierre Lepori \/ Th\u00e9\u00e2tre 2.21 \/ du 29 mars au 3 avril \/ Critiques par Deborah Strebel et Valmir Rexhepi. <\/p><\/div>\n\n\n<div style=\"height:1px\" aria-hidden=\"true\" class=\"wp-block-spacer\"><\/div>\n\n<\/li><li class=\"wp-block-post post-7934 post type-post status-publish format-standard has-post-thumbnail category-critique category-expired category-le-petit-theatre category-spectacle tag-valmir-rexhepi tag-waqas-mirza\">\n<h6 class=\"liensouligne wp-block-post-title\"><a href=\"https:\/\/wp.unil.ch\/ateliercritique\/2016\/03\/les-fondateurs-font-des-enfants\/\" target=\"_self\" >Les Fondateurs font des enfants<\/a><\/h6>\n\n<div class=\"wp-block-post-excerpt\"><p class=\"wp-block-post-excerpt__excerpt\">Conception de Zo\u00e9 Cadotsch et Julien Basler \/ Le Petit Th\u00e9\u00e2tre \/ du 16 au 20 mars 2016 \/ Critiques par Valmi Rexhepi et Waqas Mirza. <\/p><\/div>\n\n\n<div style=\"height:1px\" aria-hidden=\"true\" class=\"wp-block-spacer\"><\/div>\n\n<\/li><li class=\"wp-block-post post-7893 post type-post status-publish format-standard has-post-thumbnail category-critique category-expired category-la-grange category-spectacle tag-deborah-strebel tag-valmir-rexhepi\">\n<h6 class=\"liensouligne wp-block-post-title\"><a href=\"https:\/\/wp.unil.ch\/ateliercritique\/2016\/03\/sallinger\/\" target=\"_self\" >Sallinger<\/a><\/h6>\n\n<div class=\"wp-block-post-excerpt\"><p class=\"wp-block-post-excerpt__excerpt\">De Bernard-Marie Kolt\u00e8s \/ mise en sc\u00e8ne Sandra Gaudin \/\u00a0 La Grange de Dorigny \/ du 10 au 12 mars 2016 \/ Critiques par Deborah Strebel et Valmir Rexhepi. <\/p><\/div>\n\n\n<div style=\"height:1px\" aria-hidden=\"true\" class=\"wp-block-spacer\"><\/div>\n\n<\/li><li class=\"wp-block-post post-7853 post type-post status-publish format-standard has-post-thumbnail category-critique category-expired category-spectacle category-theatre-de-lusine-geneve tag-sabrina-roh tag-valmir-rexhepi\">\n<h6 class=\"liensouligne wp-block-post-title\"><a href=\"https:\/\/wp.unil.ch\/ateliercritique\/2016\/03\/claptrap\/\" target=\"_self\" >Claptrap<\/a><\/h6>\n\n<div class=\"wp-block-post-excerpt\"><p class=\"wp-block-post-excerpt__excerpt\">Conception Marion Duval \/ interpr\u00e9tation Marion Duval et Marco Berrettini \/ Th\u00e9\u00e2tre de l\u2019Usine (TU) \/ du 4 au 9 mars 2016 \/ Critiques par Valmir Rexhepi et Sabrina Roh. <\/p><\/div>\n\n\n<div style=\"height:1px\" aria-hidden=\"true\" class=\"wp-block-spacer\"><\/div>\n\n<\/li><li class=\"wp-block-post post-7567 post type-post status-publish format-standard has-post-thumbnail category-critique category-expired category-maison-saint-gervais category-spectacle tag-valmir-rexhepi\">\n<h6 class=\"liensouligne wp-block-post-title\"><a href=\"https:\/\/wp.unil.ch\/ateliercritique\/2015\/12\/la-damnation-de-faustino-2\/\" target=\"_self\" >La damnation de Faustino<\/a><\/h6>\n\n<div class=\"wp-block-post-excerpt\"><p class=\"wp-block-post-excerpt__excerpt\">\u00c9crit et mis en sc\u00e8ne par Claude-Inga Barbey \/ par la compagnie Sans Scrupules avec le concours de S\u00e9verine Bujard, Yvonne St\u00e4dler, Patrick Lapp, R\u00e9mi Rauzier\u00a0\/ Th\u00e9\u00e2tre St-Gervais\/ du 1er au 19 d\u00e9cembre 2015 \/\u00a0Critique par Valmir Rexhepi. <\/p><\/div>\n\n\n<div style=\"height:1px\" aria-hidden=\"true\" class=\"wp-block-spacer\"><\/div>\n\n<\/li><li class=\"wp-block-post post-7498 post type-post status-publish format-standard has-post-thumbnail category-critique category-expired category-theatre-de-larsenic category-spectacle tag-amandine-rosset tag-valmir-rexhepi\">\n<h6 class=\"liensouligne wp-block-post-title\"><a href=\"https:\/\/wp.unil.ch\/ateliercritique\/2015\/11\/tristesse-animal-noir\/\" target=\"_self\" >Tristesse animal noir<\/a><\/h6>\n\n<div class=\"wp-block-post-excerpt\"><p class=\"wp-block-post-excerpt__excerpt\">D\u2019Anja Hilling \/ mise en sc\u00e8ne Collectif Sur un Malentendu \/ L&rsquo;Arsenic \/ du 23 au 29 novembre 2015 \/ Critiques par Amandine Rosset et Valmir Rexhepi. <\/p><\/div>\n\n\n<div style=\"height:1px\" aria-hidden=\"true\" class=\"wp-block-spacer\"><\/div>\n\n<\/li><li class=\"wp-block-post post-7462 post type-post status-publish format-standard has-post-thumbnail category-critique category-expired category-spectacle category-theatre-2-21-lausanne tag-deborah-strebel tag-valmir-rexhepi\">\n<h6 class=\"liensouligne wp-block-post-title\"><a href=\"https:\/\/wp.unil.ch\/ateliercritique\/2015\/11\/7462\/\" target=\"_self\" >Autour d\u2019Alo\u00efse<\/a><\/h6>\n\n<div class=\"wp-block-post-excerpt\"><p class=\"wp-block-post-excerpt__excerpt\">De S\u00e9bastien Ribaux \/ mise en sc\u00e8ne S\u00e9bastien Ribaux \/ Th\u00e9\u00e2tre 2.21 \/ du 17 au 29 novembre 2015 \/ Critiques par Valmir Rexhepi et Deborah Strebel. <\/p><\/div>\n\n\n<div style=\"height:1px\" aria-hidden=\"true\" class=\"wp-block-spacer\"><\/div>\n\n<\/li><li class=\"wp-block-post post-7334 post type-post status-publish format-standard has-post-thumbnail category-critique category-expired category-theatre-de-larsenic category-spectacle tag-fanny-utiger tag-valmir-rexhepi\">\n<h6 class=\"liensouligne wp-block-post-title\"><a href=\"https:\/\/wp.unil.ch\/ateliercritique\/2015\/11\/bataille\/\" target=\"_self\" >Bataille<\/a><\/h6>\n\n<div class=\"wp-block-post-excerpt\"><p class=\"wp-block-post-excerpt__excerpt\">Concept et interpr\u00e9tation de Delgado Fuchs et Cl\u00e9dat &amp; Petitpierre \/ L&rsquo;Arsenic \/ du 4 au 8 novembre 2015 \/ Critiques par Valmir Rexhepi et Fanny Utiger. <\/p><\/div>\n\n\n<div style=\"height:1px\" aria-hidden=\"true\" class=\"wp-block-spacer\"><\/div>\n\n<\/li><\/ul><\/div>\n","protected":false},"excerpt":{"rendered":"<p>Toute description est une mise en sc\u00e8ne. Celle-ci, m\u00eame courte et laconique, n&rsquo;\u00e9chappe pas \u00e0 la r\u00e8gle.Je suis Valmir, \u00e9tudiant en master de fran\u00e7ais et d&rsquo;histoire.Longtemps je ne suis pas &hellip; <\/p>\n","protected":false},"author":1001220,"featured_media":0,"parent":2716,"menu_order":0,"comment_status":"closed","ping_status":"closed","template":"","meta":{"_seopress_robots_primary_cat":"","_seopress_titles_title":"","_seopress_titles_desc":"","_seopress_robots_index":"","footnotes":""},"class_list":["post-6891","page","type-page","status-publish"],"_links":{"self":[{"href":"https:\/\/wp.unil.ch\/ateliercritique\/wp-json\/wp\/v2\/pages\/6891","targetHints":{"allow":["GET"]}}],"collection":[{"href":"https:\/\/wp.unil.ch\/ateliercritique\/wp-json\/wp\/v2\/pages"}],"about":[{"href":"https:\/\/wp.unil.ch\/ateliercritique\/wp-json\/wp\/v2\/types\/page"}],"author":[{"embeddable":true,"href":"https:\/\/wp.unil.ch\/ateliercritique\/wp-json\/wp\/v2\/users\/1001220"}],"replies":[{"embeddable":true,"href":"https:\/\/wp.unil.ch\/ateliercritique\/wp-json\/wp\/v2\/comments?post=6891"}],"version-history":[{"count":1,"href":"https:\/\/wp.unil.ch\/ateliercritique\/wp-json\/wp\/v2\/pages\/6891\/revisions"}],"predecessor-version":[{"id":22339,"href":"https:\/\/wp.unil.ch\/ateliercritique\/wp-json\/wp\/v2\/pages\/6891\/revisions\/22339"}],"up":[{"embeddable":true,"href":"https:\/\/wp.unil.ch\/ateliercritique\/wp-json\/wp\/v2\/pages\/2716"}],"wp:attachment":[{"href":"https:\/\/wp.unil.ch\/ateliercritique\/wp-json\/wp\/v2\/media?parent=6891"}],"curies":[{"name":"wp","href":"https:\/\/api.w.org\/{rel}","templated":true}]}}