{"id":5839,"date":"2015-02-26T15:42:06","date_gmt":"2015-02-26T14:42:06","guid":{"rendered":"http:\/\/wp.unil.ch\/ateliercritique\/?page_id=5839"},"modified":"2025-02-07T09:35:46","modified_gmt":"2025-02-07T08:35:46","slug":"luc-siegenthaler","status":"publish","type":"page","link":"https:\/\/wp.unil.ch\/ateliercritique\/lequipe\/luc-siegenthaler\/","title":{"rendered":"Luc Siegenthaler"},"content":{"rendered":"<h4>Les critiques de Luc Siegenthaler :<\/h4>\n\n\n<div class=\"wp-block-query is-layout-flow wp-block-query-is-layout-flow\"><ul class=\"wp-block-post-template is-layout-flow wp-block-post-template-is-layout-flow\"><li class=\"wp-block-post post-8235 post type-post status-publish format-standard has-post-thumbnail category-critique category-expired category-spectacle category-tpr-la-chaux-de-fonds tag-luc-siegenthaler\">\n<h6 class=\"liensouligne wp-block-post-title\"><a href=\"https:\/\/wp.unil.ch\/ateliercritique\/2016\/06\/orphelins\/\" target=\"_self\" >Orphelins<\/a><\/h6>\n\n<div class=\"wp-block-post-excerpt\"><p class=\"wp-block-post-excerpt__excerpt\">De Dennis Kelly \/ mise en sc\u00e8ne Chlo\u00e9 Dabert \/ TPR \/ le 31 mai 2016 \/ Critique par Luc Siegenthaler. <\/p><\/div>\n\n\n<div style=\"height:1px\" aria-hidden=\"true\" class=\"wp-block-spacer\"><\/div>\n\n<\/li><li class=\"wp-block-post post-8113 post type-post status-publish format-standard has-post-thumbnail category-critique category-equilibre-nuithonie category-expired category-spectacle tag-luc-siegenthaler\">\n<h6 class=\"liensouligne wp-block-post-title\"><a href=\"https:\/\/wp.unil.ch\/ateliercritique\/2016\/04\/lopera-de-quatsous\/\" target=\"_self\" >L\u2019Op\u00e9ra de quat\u2019sous<\/a><\/h6>\n\n<div class=\"wp-block-post-excerpt\"><p class=\"wp-block-post-excerpt__excerpt\">Mise en sc\u00e8ne Joan Mompart \/ Th\u00e9\u00e2tre Equilibre Nuithonie \/ du 26 au 27 avril 2016 \/ Critique par Luc Siegenthaler. <\/p><\/div>\n\n\n<div style=\"height:1px\" aria-hidden=\"true\" class=\"wp-block-spacer\"><\/div>\n\n<\/li><li class=\"wp-block-post post-8050 post type-post status-publish format-standard has-post-thumbnail category-critique category-expired category-le-poche category-spectacle tag-josefa-terribilini tag-luc-siegenthaler\">\n<h6 class=\"liensouligne wp-block-post-title\"><a href=\"https:\/\/wp.unil.ch\/ateliercritique\/2016\/04\/ctrl-x\/\" target=\"_self\" >CTRL-X<\/a><\/h6>\n\n<div class=\"wp-block-post-excerpt\"><p class=\"wp-block-post-excerpt__excerpt\">De Pauline Peyrade \/ mise en sc\u00e8ne Cyril Teste \/ Le Poche \/ du 11 avril au 1er mai 2016 \/ Critiques par Josefa Terribilini et Luc Siegenthaler. <\/p><\/div>\n\n\n<div style=\"height:1px\" aria-hidden=\"true\" class=\"wp-block-spacer\"><\/div>\n\n<\/li><li class=\"wp-block-post post-7702 post type-post status-publish format-standard has-post-thumbnail category-critique category-expired category-maison-saint-gervais category-spectacle tag-deborah-strebel tag-luc-siegenthaler\">\n<h6 class=\"liensouligne wp-block-post-title\"><a href=\"https:\/\/wp.unil.ch\/ateliercritique\/2016\/01\/te-hare-invencible-con-mi-derrota\/\" target=\"_self\" >Te har\u00e9 invencible con mi derrota<\/a><\/h6>\n\n<div class=\"wp-block-post-excerpt\"><p class=\"wp-block-post-excerpt__excerpt\">D\u2019Ang\u00e9lica Liddell \/ par Ang\u00e9lica Liddell, compagnie Atra Bilis Teatro \/ Th\u00e9\u00e2tre Saint-Gervais \/ du 19 au 23 janvier 2016 \/ Critiques par Luc Siegenthaler et Deborah Strebel. <\/p><\/div>\n\n\n<div style=\"height:1px\" aria-hidden=\"true\" class=\"wp-block-spacer\"><\/div>\n\n<\/li><li class=\"wp-block-post post-7220 post type-post status-publish format-standard has-post-thumbnail category-critique category-expired category-spectacle category-theatre-de-vidy tag-jonathan-hofer tag-luc-siegenthaler\">\n<h6 class=\"liensouligne wp-block-post-title\"><a href=\"https:\/\/wp.unil.ch\/ateliercritique\/2015\/10\/sound-of-music\/\" target=\"_self\" >Sound of Music<\/a><\/h6>\n\n<div class=\"wp-block-post-excerpt\"><p class=\"wp-block-post-excerpt__excerpt\">Sound of Music \/ Mise en sc\u00e8ne Yan Duyvendak \/ Th\u00e9\u00e2tre de Vidy \/ du 27 au 31 octobre 2015 \/ Critiques par Luc Siegenthaler et Jonathan Hofer. <\/p><\/div>\n\n\n<div style=\"height:1px\" aria-hidden=\"true\" class=\"wp-block-spacer\"><\/div>\n\n<\/li><li class=\"wp-block-post post-6447 post type-post status-publish format-standard has-post-thumbnail category-critique category-expired category-spectacle category-theatre-de-vidy tag-luc-siegenthaler tag-sabrina-roh\">\n<h6 class=\"liensouligne wp-block-post-title\"><a href=\"https:\/\/wp.unil.ch\/ateliercritique\/2015\/05\/parlement\/\" target=\"_self\" >Parlement<\/a><\/h6>\n\n<div class=\"wp-block-post-excerpt\"><p class=\"wp-block-post-excerpt__excerpt\">Composition et mise en sc\u00e8ne Joris Lacoste \/ du 27 au 29 mai 2015 \/ Th\u00e9\u00e2tre de Vidy (Lausanne) \/ Critiques par Sabrina Roh et Luc Siegenthaler . <\/p><\/div>\n\n\n<div style=\"height:1px\" aria-hidden=\"true\" class=\"wp-block-spacer\"><\/div>\n\n<\/li><li class=\"wp-block-post post-6109 post type-post status-publish format-standard has-post-thumbnail category-critique category-expired category-spectacle category-theatre-am-stram-gram-geneve tag-luc-siegenthaler tag-nicolas-joray\">\n<h6 class=\"liensouligne wp-block-post-title\"><a href=\"https:\/\/wp.unil.ch\/ateliercritique\/2015\/03\/le-manuscrit-des-chiens-iii\/\" target=\"_self\" >Le Manuscrit des chiens III<\/a><\/h6>\n\n<div class=\"wp-block-post-excerpt\"><p class=\"wp-block-post-excerpt__excerpt\">D\u2019apr\u00e8s Jon Fosse \/ Mise en sc\u00e8ne par Guillaume B\u00e9guin \/ du 20 au 22 mars 2015 \/ Th\u00e9\u00e2tre Am Stram Gram (Gen\u00e8ve) \/ En tourn\u00e9e jusqu\u2019au 10 mai 2015 \/ Critiques par Luc Siegenthaler et Nicolas Joray . <\/p><\/div>\n\n\n<div style=\"height:1px\" aria-hidden=\"true\" class=\"wp-block-spacer\"><\/div>\n\n<\/li><li class=\"wp-block-post post-5987 post type-post status-publish format-standard has-post-thumbnail category-critique category-expired category-spectacle category-theatre-de-carouge tag-frederic-guignard tag-luc-siegenthaler\">\n<h6 class=\"liensouligne wp-block-post-title\"><a href=\"https:\/\/wp.unil.ch\/ateliercritique\/2015\/03\/mademoiselle-julie\/\" target=\"_self\" >Mademoiselle Julie<\/a><\/h6>\n\n<div class=\"wp-block-post-excerpt\"><p class=\"wp-block-post-excerpt__excerpt\">d&rsquo;Auguste Strindberg \/ mise en sc\u00e8ne Gian Manuel Rau \/ du 24 f\u00e9vrier au 15 mars 2015 \/Th\u00e9\u00e2tre de Carouge \/ Critiques par Luc Siegenthaler et Fr\u00e9d\u00e9ric Guignard. <\/p><\/div>\n\n\n<div style=\"height:1px\" aria-hidden=\"true\" class=\"wp-block-spacer\"><\/div>\n\n<\/li><\/ul><\/div>\n","protected":false},"excerpt":{"rendered":"<p>Les critiques de Luc Siegenthaler :<\/p>\n","protected":false},"author":1001119,"featured_media":0,"parent":2716,"menu_order":0,"comment_status":"closed","ping_status":"closed","template":"","meta":{"_seopress_robots_primary_cat":"","_seopress_titles_title":"","_seopress_titles_desc":"","_seopress_robots_index":"","footnotes":""},"class_list":["post-5839","page","type-page","status-publish"],"_links":{"self":[{"href":"https:\/\/wp.unil.ch\/ateliercritique\/wp-json\/wp\/v2\/pages\/5839","targetHints":{"allow":["GET"]}}],"collection":[{"href":"https:\/\/wp.unil.ch\/ateliercritique\/wp-json\/wp\/v2\/pages"}],"about":[{"href":"https:\/\/wp.unil.ch\/ateliercritique\/wp-json\/wp\/v2\/types\/page"}],"author":[{"embeddable":true,"href":"https:\/\/wp.unil.ch\/ateliercritique\/wp-json\/wp\/v2\/users\/1001119"}],"replies":[{"embeddable":true,"href":"https:\/\/wp.unil.ch\/ateliercritique\/wp-json\/wp\/v2\/comments?post=5839"}],"version-history":[{"count":1,"href":"https:\/\/wp.unil.ch\/ateliercritique\/wp-json\/wp\/v2\/pages\/5839\/revisions"}],"predecessor-version":[{"id":22351,"href":"https:\/\/wp.unil.ch\/ateliercritique\/wp-json\/wp\/v2\/pages\/5839\/revisions\/22351"}],"up":[{"embeddable":true,"href":"https:\/\/wp.unil.ch\/ateliercritique\/wp-json\/wp\/v2\/pages\/2716"}],"wp:attachment":[{"href":"https:\/\/wp.unil.ch\/ateliercritique\/wp-json\/wp\/v2\/media?parent=5839"}],"curies":[{"name":"wp","href":"https:\/\/api.w.org\/{rel}","templated":true}]}}