{"id":4894,"date":"2014-09-15T15:27:38","date_gmt":"2014-09-15T13:27:38","guid":{"rendered":"http:\/\/wp.unil.ch\/ateliercritique\/?page_id=4894"},"modified":"2026-02-12T15:15:30","modified_gmt":"2026-02-12T14:15:30","slug":"theatre-du-grutli","status":"publish","type":"page","link":"https:\/\/wp.unil.ch\/ateliercritique\/theatres-partenaires\/theatre-du-grutli\/","title":{"rendered":"Sc\u00e8nes du Gr\u00fctli (Gen\u00e8ve)"},"content":{"rendered":"\n<figure class=\"wp-block-image size-full is-resized\"><a href=\"https:\/\/grutli.ch\/\"><img loading=\"lazy\" decoding=\"async\" width=\"225\" height=\"225\" src=\"https:\/\/wp.unil.ch\/ateliercritique\/files\/2026\/02\/grutli-logo.png\" alt=\"gr\u00fctli logo\" class=\"wp-image-23407\" style=\"width:300px\" srcset=\"https:\/\/wp.unil.ch\/ateliercritique\/files\/2026\/02\/grutli-logo.png 225w, https:\/\/wp.unil.ch\/ateliercritique\/files\/2026\/02\/grutli-logo-200x200.png 200w, https:\/\/wp.unil.ch\/ateliercritique\/files\/2026\/02\/grutli-logo-170x170.png 170w\" sizes=\"auto, (max-width: 225px) 100vw, 225px\" \/><\/a><\/figure>\n\n\n\n<h4 class=\"wp-block-heading\">Critiques par spectacles jou\u00e9s dans ce th\u00e9\u00e2tre :<\/h4>\n\n\n\n<div class=\"wp-block-query is-layout-flow wp-block-query-is-layout-flow\"><ul class=\"wp-block-post-template is-layout-flow wp-block-post-template-is-layout-flow\"><li class=\"wp-block-post post-23145 post type-post status-publish format-standard has-post-thumbnail category-critique category-expired category-spectacle category-teatre-du-grutli tag-ines-dalle tag-petya-ivanova\">\n<h6 class=\"liensouligne wp-block-post-title\"><a href=\"https:\/\/wp.unil.ch\/ateliercritique\/2025\/05\/gnocchi\/\" target=\"_self\" >Gnocchi<\/a><\/h6>\n\n<div class=\"wp-block-post-excerpt\"><p class=\"wp-block-post-excerpt__excerpt\">Conception et mise en sc\u00e8ne par Paola Pagani et Antonio Buil \/ Th\u00e9\u00e2tre du Gr\u00fctli-hors les murs (Gen\u00e8ve) \/ Du 6 au 11 mai 2025 \/ Critiques par In\u00e8s Dalle et Petya Ivanova . <\/p><\/div>\n\n\n<div style=\"height:1px\" aria-hidden=\"true\" class=\"wp-block-spacer\"><\/div>\n\n<\/li><li class=\"wp-block-post post-17403 post type-post status-publish format-standard has-post-thumbnail category-critique category-expired category-spectacle category-teatre-du-grutli tag-emma-chapatte tag-joaquin-marine-pinero\">\n<h6 class=\"liensouligne wp-block-post-title\"><a href=\"https:\/\/wp.unil.ch\/ateliercritique\/2023\/12\/france-anodine-la-radio-des-petites-choses\/\" target=\"_self\" >FRANCE ANODINE &#8211; La radio des petites choses\u00a0<\/a><\/h6>\n\n<div class=\"wp-block-post-excerpt\"><p class=\"wp-block-post-excerpt__excerpt\">Cr\u00e9ation, conception, texte, mise en sc\u00e8ne et interpr\u00e9tation par Juliette Chaigneau, Dominique Gilliot et Antoine Pesle \/ Le Gr\u00fctli (Gen\u00e8ve) \/ du 18 au 22 d\u00e9cembre 2023\/ critiques par Emma Chapatte et Joaquin Marin\u00e9 Pi\u00f1ero . <\/p><\/div>\n\n\n<div style=\"height:1px\" aria-hidden=\"true\" class=\"wp-block-spacer\"><\/div>\n\n<\/li><li class=\"wp-block-post post-16591 post type-post status-publish format-standard has-post-thumbnail category-critique category-expired category-spectacle category-teatre-du-grutli tag-clementine-glardon\">\n<h6 class=\"liensouligne wp-block-post-title\"><a href=\"https:\/\/wp.unil.ch\/ateliercritique\/2022\/12\/mer-plastique\/\" target=\"_self\" >Mer plastique<\/a><\/h6>\n\n<div class=\"wp-block-post-excerpt\"><p class=\"wp-block-post-excerpt__excerpt\">Direction artistique et chor\u00e9graphie Tidiani N\u2019Diaye \/ Th\u00e9\u00e2tre du Gr\u00fctli \/ du 10 au 21 d\u00e9cembre 2022 \/ critique par Cl\u00e9mentine Glardon . <\/p><\/div>\n\n\n<div style=\"height:1px\" aria-hidden=\"true\" class=\"wp-block-spacer\"><\/div>\n\n<\/li><li class=\"wp-block-post post-16097 post type-post status-publish format-standard has-post-thumbnail category-critique category-expired category-spectacle category-teatre-du-grutli tag-sarah-neu tag-stella-wohlers\">\n<h6 class=\"liensouligne wp-block-post-title\"><a href=\"https:\/\/wp.unil.ch\/ateliercritique\/2022\/03\/hammamturgia\/\" target=\"_self\" >Hammamturgia<\/a><\/h6>\n\n<div class=\"wp-block-post-excerpt\"><p class=\"wp-block-post-excerpt__excerpt\">Dramaturgie et mise en sc\u00e8ne par Sof\u00eda Asencio et Tom\u00e0s Aragay \/ Th\u00e9\u00e2tre du Gr\u00fctli \/ du 16 au 20 mars 2022 \/ critiques par Stella Wohlers et Sarah Neu . <\/p><\/div>\n\n\n<div style=\"height:1px\" aria-hidden=\"true\" class=\"wp-block-spacer\"><\/div>\n\n<\/li><li class=\"wp-block-post post-15801 post type-post status-publish format-standard has-post-thumbnail category-critique category-expired category-spectacle category-teatre-du-grutli tag-maelle-aeby-2\">\n<h6 class=\"liensouligne wp-block-post-title\"><a href=\"https:\/\/wp.unil.ch\/ateliercritique\/2021\/11\/miss-none\/\" target=\"_self\" >Miss None<\/a><\/h6>\n\n<div class=\"wp-block-post-excerpt\"><p class=\"wp-block-post-excerpt__excerpt\">Miss None \/ Texte de Guillaume Poix \/ Mise en sc\u00e8ne par Manon Kr\u00fcttli &amp; C\u00e9line Nidegger \/ Th\u00e9\u00e2tre du Gr\u00fctli \/ du 2 au 14 novembre 2021 \/ Critique par Ma\u00eblle Aeby . <\/p><\/div>\n\n\n<div style=\"height:1px\" aria-hidden=\"true\" class=\"wp-block-spacer\"><\/div>\n\n<\/li><li class=\"wp-block-post post-14973 post type-post status-publish format-standard has-post-thumbnail category-critique category-expired category-spectacle category-teatre-du-grutli tag-darya-feral\">\n<h6 class=\"liensouligne wp-block-post-title\"><a href=\"https:\/\/wp.unil.ch\/ateliercritique\/2021\/03\/please-continue-hamlet\/\" target=\"_self\" >Please, continue (Hamlet)<\/a><\/h6>\n\n<div class=\"wp-block-post-excerpt\"><p class=\"wp-block-post-excerpt__excerpt\">Conception Roger Bernat et Yan Duyvendak \/ Cr\u00e9ation Gr\u00fctli (Gen\u00e8ve), 2011 \/ Tourn\u00e9e 2011-2021 \/ Captation Tribunal de commerce de Marseille 2012 \/ Critique par Darya Feral . <\/p><\/div>\n\n\n<div style=\"height:1px\" aria-hidden=\"true\" class=\"wp-block-spacer\"><\/div>\n\n<\/li><li class=\"wp-block-post post-13620 post type-post status-publish format-standard has-post-thumbnail category-critique category-expired category-spectacle category-teatre-du-grutli tag-johanna-codourey tag-julia-cela tag-oceane-forster\">\n<h6 class=\"liensouligne wp-block-post-title\"><a href=\"https:\/\/wp.unil.ch\/ateliercritique\/2019\/05\/happy-island\/\" target=\"_self\" >Biennale Out of the Box<\/a><\/h6>\n\n<div class=\"wp-block-post-excerpt\"><p class=\"wp-block-post-excerpt__excerpt\">Pour sa premi\u00e8re ann\u00e9e en partenariat avec la Biennale des Arts Inclusifs \u00ab\u00a0Out of the Box\u00a0\u00bb (du 20 au 26 mai 2019), l&rsquo;Atelier Critique propose une s\u00e9rie de critiques sur les diff\u00e9rents spectacles de danse du festival. Critiques par Julia\u2026 <\/p><\/div>\n\n\n<div style=\"height:1px\" aria-hidden=\"true\" class=\"wp-block-spacer\"><\/div>\n\n<\/li><li class=\"wp-block-post post-12725 post type-post status-publish format-standard has-post-thumbnail category-critique category-expired category-spectacle category-teatre-du-grutli tag-aurelien-maignant\">\n<h6 class=\"liensouligne wp-block-post-title\"><a href=\"https:\/\/wp.unil.ch\/ateliercritique\/2018\/06\/romeo-et-juliette-2\/\" target=\"_self\" >Rom\u00e9o et Juliette<\/a><\/h6>\n\n<div class=\"wp-block-post-excerpt\"><p class=\"wp-block-post-excerpt__excerpt\">De William Shakespeare \/ Mis en sc\u00e8ne par Camille Giacobino \/ Th\u00e9\u00e2tre du Gr\u00fctli \/ du 29 mai au 17 juin 2018 \/ Critique par Aur\u00e9lien Maignant. <\/p><\/div>\n\n\n<div style=\"height:1px\" aria-hidden=\"true\" class=\"wp-block-spacer\"><\/div>\n\n<\/li><li class=\"wp-block-post post-12662 post type-post status-publish format-standard has-post-thumbnail category-critique category-expired category-spectacle category-teatre-du-grutli tag-pierre-paul-bianchi tag-roberta-alberico\">\n<h6 class=\"liensouligne wp-block-post-title\"><a href=\"https:\/\/wp.unil.ch\/ateliercritique\/2018\/05\/lisbeths\/\" target=\"_self\" >Lisbeths<\/a><\/h6>\n\n<div class=\"wp-block-post-excerpt\"><p class=\"wp-block-post-excerpt__excerpt\">De Fabrice Melquiot \/ Concept et adaptation de Valentin Rossier \/ Th\u00e9\u00e2tre du Gr\u00fctli \/ du 1er au 20 mai 2018\u00a0\/ Critiques par Pierre-Paul Bianchi et Roberta Alberico. <\/p><\/div>\n\n\n<div style=\"height:1px\" aria-hidden=\"true\" class=\"wp-block-spacer\"><\/div>\n\n<\/li><li class=\"wp-block-post post-12108 post type-post status-publish format-standard has-post-thumbnail category-critique category-expired category-spectacle category-teatre-du-grutli tag-lucien-zuchuat\">\n<h6 class=\"liensouligne wp-block-post-title\"><a href=\"https:\/\/wp.unil.ch\/ateliercritique\/2017\/12\/andre-le-magnifique\/\" target=\"_self\" >Andr\u00e9 le Magnifique<\/a><\/h6>\n\n<div class=\"wp-block-post-excerpt\"><p class=\"wp-block-post-excerpt__excerpt\">De Denis Podalyd\u00e8s et al. \/ Mise en sc\u00e8ne d\u2019Antony Mettler \/ Th\u00e9\u00e2tre du Gr\u00fctli \/ du 1er au 17 d\u00e9cembre 2017 \/ Critique par Lucien Zuchuat. <\/p><\/div>\n\n\n<div style=\"height:1px\" aria-hidden=\"true\" class=\"wp-block-spacer\"><\/div>\n\n<\/li><li class=\"wp-block-post post-11459 post type-post status-publish format-standard has-post-thumbnail category-critique category-expired category-spectacle category-teatre-du-grutli tag-nadia-hachemi\">\n<h6 class=\"liensouligne wp-block-post-title\"><a href=\"https:\/\/wp.unil.ch\/ateliercritique\/2017\/05\/les-hauts-de-hurlevent\/\" target=\"_self\" >Les Hauts de Hurlevent<\/a><\/h6>\n\n<div class=\"wp-block-post-excerpt\"><p class=\"wp-block-post-excerpt__excerpt\">De Emily Bront\u00eb \/ Mise en sc\u00e8ne Camille Giacobino \/ Cie Opus Luna Cie \/ Th\u00e9\u00e2tre du Gr\u00fctli \/ du 25 avril au 14 mai 2017 \/ Critique par Nadia Hachemi. <\/p><\/div>\n\n\n<div style=\"height:1px\" aria-hidden=\"true\" class=\"wp-block-spacer\"><\/div>\n\n<\/li><li class=\"wp-block-post post-8216 post type-post status-publish format-standard has-post-thumbnail category-critique category-expired category-spectacle category-teatre-du-grutli tag-marie-reymond tag-nadia-hachemi\">\n<h6 class=\"liensouligne wp-block-post-title\"><a href=\"https:\/\/wp.unil.ch\/ateliercritique\/2016\/05\/presentation-de-saison\/\" target=\"_self\" >Pr\u00e9sentation de saison<\/a><\/h6>\n\n<div class=\"wp-block-post-excerpt\"><p class=\"wp-block-post-excerpt__excerpt\">De Lionel Chiuch \/ mise en sc\u00e8ne de Lionel Chiuch et Fr\u00e9d\u00e9ric Polier \/ Th\u00e9\u00e2tre du Gr\u00fctli \/ Du 24 mai au 12 juin 2016 \/ Critiques par Marie Reymond et Nadia Hachemi. <\/p><\/div>\n\n\n<div style=\"height:1px\" aria-hidden=\"true\" class=\"wp-block-spacer\"><\/div>\n\n<\/li><li class=\"wp-block-post post-8131 post type-post status-publish format-standard has-post-thumbnail category-critique category-expired category-spectacle category-teatre-du-grutli tag-emilie-roch\">\n<h6 class=\"liensouligne wp-block-post-title\"><a href=\"https:\/\/wp.unil.ch\/ateliercritique\/2016\/05\/les-reines\/\" target=\"_self\" >Les Reines<\/a><\/h6>\n\n<div class=\"wp-block-post-excerpt\"><p class=\"wp-block-post-excerpt__excerpt\">De Normand Chaurette \/ mise en sc\u00e8ne Zo\u00e9 Reverdin \/ Th\u00e9\u00e2tre du Gr\u00fctli \/ du 19 avril au 8 mai 2016 \/ Critique par Emilie Roch. <\/p><\/div>\n\n\n<div style=\"height:1px\" aria-hidden=\"true\" class=\"wp-block-spacer\"><\/div>\n\n<\/li><li class=\"wp-block-post post-7741 post type-post status-publish format-standard has-post-thumbnail category-critique category-expired category-spectacle category-teatre-du-grutli tag-jonathan-hofer tag-marie-reymond\">\n<h6 class=\"liensouligne wp-block-post-title\"><a href=\"https:\/\/wp.unil.ch\/ateliercritique\/2016\/01\/le-conte-dhiver\/\" target=\"_self\" >Le Conte d\u2019hiver<\/a><\/h6>\n\n<div class=\"wp-block-post-excerpt\"><p class=\"wp-block-post-excerpt__excerpt\">De William Shakespeare \/ mise en sc\u00e8ne Fr\u00e9d\u00e9ric Polier \/ Th\u00e9\u00e2tre du Gr\u00fctli \/ du 26 janvier au 14 f\u00e9vrier 2016 \/ Critiques par Jonathan Hofer et Marie Reymond. <\/p><\/div>\n\n\n<div style=\"height:1px\" aria-hidden=\"true\" class=\"wp-block-spacer\"><\/div>\n\n<\/li><li class=\"wp-block-post post-6453 post type-post status-publish format-standard has-post-thumbnail category-critique category-expired category-spectacle category-teatre-du-grutli tag-deborah-strebel tag-noemie-desarzens\">\n<h6 class=\"liensouligne wp-block-post-title\"><a href=\"https:\/\/wp.unil.ch\/ateliercritique\/2015\/05\/comme-il-vous-plaira\/\" target=\"_self\" >Comme il vous plaira<\/a><\/h6>\n\n<div class=\"wp-block-post-excerpt\"><p class=\"wp-block-post-excerpt__excerpt\">D&rsquo;apr\u00e8s Shakespeare \/ Mise en sc\u00e8ne de Camille Giacobino \/ du 26 mai au 14 juin 2015 \/ Th\u00e9\u00e2tre du Gr\u00fctli (Gen\u00e8ve) \/ Critiques par Deborah Strebel et No\u00e9mie Desarzens . <\/p><\/div>\n\n\n<div style=\"height:1px\" aria-hidden=\"true\" class=\"wp-block-spacer\"><\/div>\n\n<\/li><li class=\"wp-block-post post-5878 post type-post status-publish format-standard has-post-thumbnail category-critique category-expired category-spectacle category-teatre-du-grutli tag-jonathan-hofer\">\n<h6 class=\"liensouligne wp-block-post-title\"><a href=\"https:\/\/wp.unil.ch\/ateliercritique\/2015\/03\/la-paranoia\/\" target=\"_self\" >La Parano\u00efa<\/a><\/h6>\n\n<div class=\"wp-block-post-excerpt\"><p class=\"wp-block-post-excerpt__excerpt\">de Rafael Spregelburd \/ mise en sc\u00e8ne Fr\u00e9d\u00e9ric Polier \/ du 3 au 22 mars \/ Th\u00e9\u00e2tre du Gr\u00fctli \/ Critique par Jonathan Hofer.\u00a0 <\/p><\/div>\n\n\n<div style=\"height:1px\" aria-hidden=\"true\" class=\"wp-block-spacer\"><\/div>\n\n<\/li><li class=\"wp-block-post post-5747 post type-post status-publish format-standard has-post-thumbnail category-critique category-expired category-spectacle category-teatre-du-grutli tag-jonas-guyot\">\n<h6 class=\"liensouligne wp-block-post-title\"><a href=\"https:\/\/wp.unil.ch\/ateliercritique\/2015\/01\/la-trilogie-de-belgrade\/\" target=\"_self\" >La Trilogie de Belgrade<\/a><\/h6>\n\n<div class=\"wp-block-post-excerpt\"><p class=\"wp-block-post-excerpt__excerpt\">de Biljana Srbljanovic \/ mise en sc\u00e8ne V\u00e9ronique Ros de la Grange \/ du 20 janvier au 8 f\u00e9vrier 2015 \/ Th\u00e9\u00e2tre du Gr\u00fctli \/ Critique par Jonas Guyot. <\/p><\/div>\n\n\n<div style=\"height:1px\" aria-hidden=\"true\" class=\"wp-block-spacer\"><\/div>\n\n<\/li><li class=\"wp-block-post post-5318 post type-post status-publish format-standard has-post-thumbnail category-critique category-expired category-spectacle category-teatre-du-grutli tag-maryke-oosterhoff tag-suzanne-balharry\">\n<h6 class=\"liensouligne wp-block-post-title\"><a href=\"https:\/\/wp.unil.ch\/ateliercritique\/2014\/10\/laffaire-de-la-rue-de-lourcine-si-ce-nest-toi\/\" target=\"_self\" >L\u2019Affaire de la rue de Lourcine \/ Si ce n\u2019est toi<\/a><\/h6>\n\n<div class=\"wp-block-post-excerpt\"><p class=\"wp-block-post-excerpt__excerpt\">d\u2019Eug\u00e8ne Labiche et d\u2019Edward Bond \/ mise en sc\u00e8ne Eric Salama \/ du 28 octobre au 16 novembre \/ Th\u00e9\u00e2tre du Gr\u00fctli \/ Critiques par Suzanne Balharry et Maryke Oosterhoff. <\/p><\/div>\n\n\n<div style=\"height:1px\" aria-hidden=\"true\" class=\"wp-block-spacer\"><\/div>\n\n<\/li><\/ul><\/div>\n","protected":false},"excerpt":{"rendered":"<p>Critiques par spectacles jou\u00e9s dans ce th\u00e9\u00e2tre :<\/p>\n","protected":false},"author":784,"featured_media":0,"parent":2713,"menu_order":0,"comment_status":"closed","ping_status":"closed","template":"","meta":{"_seopress_robots_primary_cat":"","_seopress_titles_title":"","_seopress_titles_desc":"","_seopress_robots_index":"","footnotes":""},"class_list":["post-4894","page","type-page","status-publish"],"_links":{"self":[{"href":"https:\/\/wp.unil.ch\/ateliercritique\/wp-json\/wp\/v2\/pages\/4894","targetHints":{"allow":["GET"]}}],"collection":[{"href":"https:\/\/wp.unil.ch\/ateliercritique\/wp-json\/wp\/v2\/pages"}],"about":[{"href":"https:\/\/wp.unil.ch\/ateliercritique\/wp-json\/wp\/v2\/types\/page"}],"author":[{"embeddable":true,"href":"https:\/\/wp.unil.ch\/ateliercritique\/wp-json\/wp\/v2\/users\/784"}],"replies":[{"embeddable":true,"href":"https:\/\/wp.unil.ch\/ateliercritique\/wp-json\/wp\/v2\/comments?post=4894"}],"version-history":[{"count":3,"href":"https:\/\/wp.unil.ch\/ateliercritique\/wp-json\/wp\/v2\/pages\/4894\/revisions"}],"predecessor-version":[{"id":23409,"href":"https:\/\/wp.unil.ch\/ateliercritique\/wp-json\/wp\/v2\/pages\/4894\/revisions\/23409"}],"up":[{"embeddable":true,"href":"https:\/\/wp.unil.ch\/ateliercritique\/wp-json\/wp\/v2\/pages\/2713"}],"wp:attachment":[{"href":"https:\/\/wp.unil.ch\/ateliercritique\/wp-json\/wp\/v2\/media?parent=4894"}],"curies":[{"name":"wp","href":"https:\/\/api.w.org\/{rel}","templated":true}]}}