{"id":4788,"date":"2014-07-10T15:58:18","date_gmt":"2014-07-10T13:58:18","guid":{"rendered":"http:\/\/wp.unil.ch\/ateliercritique\/?page_id=4788"},"modified":"2026-02-12T15:31:25","modified_gmt":"2026-02-12T14:31:25","slug":"orangerie","status":"publish","type":"page","link":"https:\/\/wp.unil.ch\/ateliercritique\/theatres-partenaires\/orangerie\/","title":{"rendered":"Th\u00e9\u00e2tre de l&rsquo;Orangerie (Gen\u00e8ve)"},"content":{"rendered":"<div class=\"wp-block-image\">\n<figure class=\"alignleft size-large is-resized\"><a href=\"https:\/\/www.theatreorangerie.ch\/pages\/accueil\"><img loading=\"lazy\" decoding=\"async\" width=\"849\" height=\"1024\" src=\"https:\/\/wp.unil.ch\/ateliercritique\/files\/2026\/02\/orangerie-logo-849x1024.png\" alt=\"orangerie logo\" class=\"wp-image-23422\" style=\"width:150px\" srcset=\"https:\/\/wp.unil.ch\/ateliercritique\/files\/2026\/02\/orangerie-logo-849x1024.png 849w, https:\/\/wp.unil.ch\/ateliercritique\/files\/2026\/02\/orangerie-logo-166x200.png 166w, https:\/\/wp.unil.ch\/ateliercritique\/files\/2026\/02\/orangerie-logo-141x170.png 141w, https:\/\/wp.unil.ch\/ateliercritique\/files\/2026\/02\/orangerie-logo-768x926.png 768w, https:\/\/wp.unil.ch\/ateliercritique\/files\/2026\/02\/orangerie-logo-1273x1536.png 1273w, https:\/\/wp.unil.ch\/ateliercritique\/files\/2026\/02\/orangerie-logo.png 1604w\" sizes=\"auto, (max-width: 849px) 100vw, 849px\" \/><\/a><\/figure>\n<\/div>\n\n\n<h4 class=\"wp-block-heading\">Critiques par spectacles jou\u00e9s dans ce th\u00e9\u00e2tre :<\/h4>\n\n\n\n<div class=\"wp-block-query is-layout-flow wp-block-query-is-layout-flow\"><ul class=\"wp-block-post-template is-layout-flow wp-block-post-template-is-layout-flow\"><li class=\"wp-block-post post-6707 post type-post status-publish format-standard has-post-thumbnail category-critique category-expired category-spectacle category-orangerie tag-deborah-strebel\">\n<h6 class=\"liensouligne wp-block-post-title\"><a href=\"https:\/\/wp.unil.ch\/ateliercritique\/2015\/09\/oblomov\/\" target=\"_self\" >Oblomov<\/a><\/h6>\n\n<div class=\"wp-block-post-excerpt\"><p class=\"wp-block-post-excerpt__excerpt\">D&rsquo;apr\u00e8s d\u2019Ivan Gontcharov \/ Mise en sc\u00e8ne de Dorian Rossel \/ du 1er au 12 septembre 2015 (rel\u00e2che le 7 septembre) \/ Th\u00e9\u00e2tre de l\u2019Orangerie (Gen\u00e8ve) \/ Critique par Deborah Strebel . <\/p><\/div>\n\n\n<div style=\"height:1px\" aria-hidden=\"true\" class=\"wp-block-spacer\"><\/div>\n\n<\/li><li class=\"wp-block-post post-6693 post type-post status-publish format-standard has-post-thumbnail category-critique category-expired category-spectacle category-orangerie tag-deborah-strebel\">\n<h6 class=\"liensouligne wp-block-post-title\"><a href=\"https:\/\/wp.unil.ch\/ateliercritique\/2015\/07\/la-maladie-de-la-famille-m\/\" target=\"_self\" >La Maladie de la famille M<\/a><\/h6>\n\n<div class=\"wp-block-post-excerpt\"><p class=\"wp-block-post-excerpt__excerpt\">D&rsquo;apr\u00e8s Fausto Paravidino \/ Mise en sc\u00e8ne d&rsquo;Andrea Novicov \/ du 14 au 25 juillet 2015 \/ Th\u00e9\u00e2tre de l\u2019Orangerie (Gen\u00e8ve) ( Critique par Deborah Strebel . <\/p><\/div>\n\n\n<div style=\"height:1px\" aria-hidden=\"true\" class=\"wp-block-spacer\"><\/div>\n\n<\/li><li class=\"wp-block-post post-6674 post type-post status-publish format-standard has-post-thumbnail category-critique category-expired category-spectacle category-orangerie tag-frederic-guignard tag-noemie-desarzens\">\n<h6 class=\"liensouligne wp-block-post-title\"><a href=\"https:\/\/wp.unil.ch\/ateliercritique\/2015\/06\/un-tramway-nomme-desir\/\" target=\"_self\" >Un Tramway nomm\u00e9 d\u00e9sir<\/a><\/h6>\n\n<div class=\"wp-block-post-excerpt\"><p class=\"wp-block-post-excerpt__excerpt\">D&rsquo;apr\u00e8sTennessee Williams \/ Mise en sc\u00e8ne de Zo\u00e9 Reverdin \/ du 23 juin au 11 juillet 2015 \/ Th\u00e9\u00e2tre de l\u2019Orangerie (Gen\u00e8ve) \/ Critiques par No\u00e9mie Desarzens et et Fr\u00e9d\u00e9ric Guignard . <\/p><\/div>\n\n\n<div style=\"height:1px\" aria-hidden=\"true\" class=\"wp-block-spacer\"><\/div>\n\n<\/li><li class=\"wp-block-post post-4853 post type-post status-publish format-standard has-post-thumbnail category-critique category-expired category-spectacle category-orangerie tag-deborah-strebel\">\n<h6 class=\"liensouligne wp-block-post-title\"><a href=\"https:\/\/wp.unil.ch\/ateliercritique\/2014\/09\/les-mefaits-du-tabac\/\" target=\"_self\" >Les m\u00e9faits du tabac<\/a><\/h6>\n\n<div class=\"wp-block-post-excerpt\"><p class=\"wp-block-post-excerpt__excerpt\">Texte d\u2019Anton Tchekhov \/ musique de Jean-S\u00e9bastien Bach, Luciano Berio, Piotr Ilitch Tcha\u00efkovski \/ mis en sc\u00e8ne par Denis Podalyd\u00e8s \/ du 9 au 19 septembre 2014 \/ Th\u00e9\u00e2tre de l\u2019Orangerie \/ Critique par Deborah Strebel. <\/p><\/div>\n\n\n<div style=\"height:1px\" aria-hidden=\"true\" class=\"wp-block-spacer\"><\/div>\n\n<\/li><li class=\"wp-block-post post-4806 post type-post status-publish format-standard has-post-thumbnail category-critique category-expired category-spectacle category-orangerie tag-alice-bottarelli tag-deborah-strebel\">\n<h6 class=\"liensouligne wp-block-post-title\"><a href=\"https:\/\/wp.unil.ch\/ateliercritique\/2014\/07\/derniers\/\" target=\"_self\" >Derniers remords avant l\u2019oubli<\/a><\/h6>\n\n<div class=\"wp-block-post-excerpt\"><p class=\"wp-block-post-excerpt__excerpt\">de Jean-Luc Lagarce \/ mise en sc\u00e8ne Michel Kacenelenbogen \/ au Th\u00e9\u00e2tre de l&rsquo;Orangerie \u00e0 Gen\u00e8ve \/ du 16 au 26 juillet 2014 \/ Critiques par Deborah Strebel et Alice Bottarelli. <\/p><\/div>\n\n\n<div style=\"height:1px\" aria-hidden=\"true\" class=\"wp-block-spacer\"><\/div>\n\n<\/li><\/ul><\/div>\n","protected":false},"excerpt":{"rendered":"<p>Critiques par spectacles jou\u00e9s dans ce th\u00e9\u00e2tre :<\/p>\n","protected":false},"author":1420,"featured_media":0,"parent":2713,"menu_order":7,"comment_status":"closed","ping_status":"closed","template":"","meta":{"_seopress_robots_primary_cat":"","_seopress_titles_title":"","_seopress_titles_desc":"","_seopress_robots_index":"","footnotes":""},"class_list":["post-4788","page","type-page","status-publish"],"_links":{"self":[{"href":"https:\/\/wp.unil.ch\/ateliercritique\/wp-json\/wp\/v2\/pages\/4788","targetHints":{"allow":["GET"]}}],"collection":[{"href":"https:\/\/wp.unil.ch\/ateliercritique\/wp-json\/wp\/v2\/pages"}],"about":[{"href":"https:\/\/wp.unil.ch\/ateliercritique\/wp-json\/wp\/v2\/types\/page"}],"author":[{"embeddable":true,"href":"https:\/\/wp.unil.ch\/ateliercritique\/wp-json\/wp\/v2\/users\/1420"}],"replies":[{"embeddable":true,"href":"https:\/\/wp.unil.ch\/ateliercritique\/wp-json\/wp\/v2\/comments?post=4788"}],"version-history":[{"count":3,"href":"https:\/\/wp.unil.ch\/ateliercritique\/wp-json\/wp\/v2\/pages\/4788\/revisions"}],"predecessor-version":[{"id":23424,"href":"https:\/\/wp.unil.ch\/ateliercritique\/wp-json\/wp\/v2\/pages\/4788\/revisions\/23424"}],"up":[{"embeddable":true,"href":"https:\/\/wp.unil.ch\/ateliercritique\/wp-json\/wp\/v2\/pages\/2713"}],"wp:attachment":[{"href":"https:\/\/wp.unil.ch\/ateliercritique\/wp-json\/wp\/v2\/media?parent=4788"}],"curies":[{"name":"wp","href":"https:\/\/api.w.org\/{rel}","templated":true}]}}

Théâtre de l&rsquo;Orangerie (Genève)

<div class="wp-block-image">
<figure class="alignleft size-large is-resized"><a href="https://www.theatreorangerie.ch/pages/accueil"><img loading="lazy" decoding="async" width="849" height="1024" src="https://wp.unil.ch/ateliercritique/files/2026/02/orangerie-logo-849x1024.png" alt="orangerie logo" class="wp-image-23422" style="width:150px" srcset="https://wp.unil.ch/ateliercritique/files/2026/02/orangerie-logo-849x1024.png 849w, https://wp.unil.ch/ateliercritique/files/2026/02/orangerie-logo-166x200.png 166w, https://wp.unil.ch/ateliercritique/files/2026/02/orangerie-logo-141x170.png 141w, https://wp.unil.ch/ateliercritique/files/2026/02/orangerie-logo-768x926.png 768w, https://wp.unil.ch/ateliercritique/files/2026/02/orangerie-logo-1273x1536.png 1273w, https://wp.unil.ch/ateliercritique/files/2026/02/orangerie-logo.png 1604w" sizes="auto, (max-width: 849px) 100vw, 849px" /></a></figure>
</div>


<h4 class="wp-block-heading">Critiques par spectacles joués dans ce théâtre :</h4>



<div class="wp-block-query is-layout-flow wp-block-query-is-layout-flow"><ul class="wp-block-post-template is-layout-flow wp-block-post-template-is-layout-flow"><li class="wp-block-post post-6707 post type-post status-publish format-standard has-post-thumbnail category-critique category-expired category-spectacle category-orangerie tag-deborah-strebel">
<h6 class="liensouligne wp-block-post-title"><a href="https://wp.unil.ch/ateliercritique/2015/09/oblomov/" target="_self" >Oblomov</a></h6>

<div class="wp-block-post-excerpt"><p class="wp-block-post-excerpt__excerpt">D&rsquo;après d’Ivan Gontcharov / Mise en scène de Dorian Rossel / du 1er au 12 septembre 2015 (relâche le 7 septembre) / Théâtre de l’Orangerie (Genève) / Critique par Deborah Strebel . </p></div>


<div style="height:1px" aria-hidden="true" class="wp-block-spacer"></div>

</li><li class="wp-block-post post-6693 post type-post status-publish format-standard has-post-thumbnail category-critique category-expired category-spectacle category-orangerie tag-deborah-strebel">
<h6 class="liensouligne wp-block-post-title"><a href="https://wp.unil.ch/ateliercritique/2015/07/la-maladie-de-la-famille-m/" target="_self" >La Maladie de la famille M</a></h6>

<div class="wp-block-post-excerpt"><p class="wp-block-post-excerpt__excerpt">D&rsquo;après Fausto Paravidino / Mise en scène d&rsquo;Andrea Novicov / du 14 au 25 juillet 2015 / Théâtre de l’Orangerie (Genève) ( Critique par Deborah Strebel . </p></div>


<div style="height:1px" aria-hidden="true" class="wp-block-spacer"></div>

</li><li class="wp-block-post post-6674 post type-post status-publish format-standard has-post-thumbnail category-critique category-expired category-spectacle category-orangerie tag-frederic-guignard tag-noemie-desarzens">
<h6 class="liensouligne wp-block-post-title"><a href="https://wp.unil.ch/ateliercritique/2015/06/un-tramway-nomme-desir/" target="_self" >Un Tramway nommé désir</a></h6>

<div class="wp-block-post-excerpt"><p class="wp-block-post-excerpt__excerpt">D&rsquo;aprèsTennessee Williams / Mise en scène de Zoé Reverdin / du 23 juin au 11 juillet 2015 / Théâtre de l’Orangerie (Genève) / Critiques par Noémie Desarzens et et Frédéric Guignard . </p></div>


<div style="height:1px" aria-hidden="true" class="wp-block-spacer"></div>

</li><li class="wp-block-post post-4853 post type-post status-publish format-standard has-post-thumbnail category-critique category-expired category-spectacle category-orangerie tag-deborah-strebel">
<h6 class="liensouligne wp-block-post-title"><a href="https://wp.unil.ch/ateliercritique/2014/09/les-mefaits-du-tabac/" target="_self" >Les méfaits du tabac</a></h6>

<div class="wp-block-post-excerpt"><p class="wp-block-post-excerpt__excerpt">Texte d’Anton Tchekhov / musique de Jean-Sébastien Bach, Luciano Berio, Piotr Ilitch Tchaïkovski / mis en scène par Denis Podalydès / du 9 au 19 septembre 2014 / Théâtre de l’Orangerie / Critique par Deborah Strebel. </p></div>


<div style="height:1px" aria-hidden="true" class="wp-block-spacer"></div>

</li><li class="wp-block-post post-4806 post type-post status-publish format-standard has-post-thumbnail category-critique category-expired category-spectacle category-orangerie tag-alice-bottarelli tag-deborah-strebel">
<h6 class="liensouligne wp-block-post-title"><a href="https://wp.unil.ch/ateliercritique/2014/07/derniers/" target="_self" >Derniers remords avant l’oubli</a></h6>

<div class="wp-block-post-excerpt"><p class="wp-block-post-excerpt__excerpt">de Jean-Luc Lagarce / mise en scène Michel Kacenelenbogen / au Théâtre de l&rsquo;Orangerie à Genève / du 16 au 26 juillet 2014 / Critiques par Deborah Strebel et Alice Bottarelli. </p></div>


<div style="height:1px" aria-hidden="true" class="wp-block-spacer"></div>

</li></ul></div>

<p>Critiques par spectacles joués dans ce théâtre :</p>
