{"id":3201,"date":"2014-02-22T21:11:47","date_gmt":"2014-02-22T20:11:47","guid":{"rendered":"http:\/\/wp.unil.ch\/ateliercritique\/?page_id=3201"},"modified":"2025-02-06T17:51:38","modified_gmt":"2025-02-06T16:51:38","slug":"laura-pallu","status":"publish","type":"page","link":"https:\/\/wp.unil.ch\/ateliercritique\/lequipe\/laura-pallu\/","title":{"rendered":"Laura Pallu"},"content":{"rendered":"\n<h4 class=\"wp-block-heading\">Les critiques de Laura Pallu :<\/h4>\n\n\n\n<div class=\"wp-block-query is-layout-flow wp-block-query-is-layout-flow\"><ul class=\"wp-block-post-template is-layout-flow wp-block-post-template-is-layout-flow\"><li class=\"wp-block-post post-6422 post type-post status-publish format-standard has-post-thumbnail category-critique category-expired category-theatre-de-larsenic category-spectacle tag-chantal-zumwald tag-laura-pallu\">\n<h6 class=\"liensouligne wp-block-post-title\"><a href=\"https:\/\/wp.unil.ch\/ateliercritique\/2015\/05\/abymes\/\" target=\"_self\" >Abymes<\/a><\/h6>\n\n<div class=\"wp-block-post-excerpt\"><p class=\"wp-block-post-excerpt__excerpt\">Texte et mise en sc\u00e8ne d\u2019Audrey Cavelius \/ du 19 au 24 mai 2015 \/ Th\u00e9\u00e2tre Arsenic (Lausanne) \/ Critiques par Laura Pall\u00f9 et Chantal Zumwald . <\/p><\/div>\n\n\n<div style=\"height:1px\" aria-hidden=\"true\" class=\"wp-block-spacer\"><\/div>\n\n<\/li><li class=\"wp-block-post post-5719 post type-post status-publish format-standard has-post-thumbnail category-critique category-expired category-theatre-de-larsenic category-spectacle tag-laura-pallu\">\n<h6 class=\"liensouligne wp-block-post-title\"><a href=\"https:\/\/wp.unil.ch\/ateliercritique\/2015\/01\/le-spectateur-spectaculaire\/\" target=\"_self\" >Le Spectateur spectaculaire<\/a><\/h6>\n\n<div class=\"wp-block-post-excerpt\"><p class=\"wp-block-post-excerpt__excerpt\">r\u00e9alisation et interpr\u00e9tation Martin Schick et Viviane Pavillon \/ du 9 au 11 janvier 2015 \/ Th\u00e9\u00e2tre L&rsquo;Arsenic \/ Critique par Laura Pall\u00f9. <\/p><\/div>\n\n\n<div style=\"height:1px\" aria-hidden=\"true\" class=\"wp-block-spacer\"><\/div>\n\n<\/li><li class=\"wp-block-post post-5584 post type-post status-publish format-standard has-post-thumbnail category-critique category-expired category-spectacle category-theatre-du-loup tag-deborah-strebel tag-laura-pallu\">\n<h6 class=\"liensouligne wp-block-post-title\"><a href=\"https:\/\/wp.unil.ch\/ateliercritique\/2014\/12\/les-artistes-de-la-contrefacon\/\" target=\"_self\" >Les artistes de la contrefa\u00e7on<\/a><\/h6>\n\n<div class=\"wp-block-post-excerpt\"><p class=\"wp-block-post-excerpt__excerpt\">de Christian Geffroy Schlittler (Agence Louis-Fran\u00e7ois Pinagot) \/ du 10 au 14 d\u00e9cembre 2014 \/ Le Th\u00e9\u00e2tre du Loup \/ Critiques par Deborah Strebel et Laura Pall\u00f9.\u00a0 <\/p><\/div>\n\n\n<div style=\"height:1px\" aria-hidden=\"true\" class=\"wp-block-spacer\"><\/div>\n\n<\/li><li class=\"wp-block-post post-5521 post type-post status-publish format-standard has-post-thumbnail category-critique category-expired category-la-grange category-spectacle tag-laura-pallu tag-nicolas-joray\">\n<h6 class=\"liensouligne wp-block-post-title\"><a href=\"https:\/\/wp.unil.ch\/ateliercritique\/2014\/12\/encore\/\" target=\"_self\" >Encore<\/a><\/h6>\n\n<div class=\"wp-block-post-excerpt\"><p class=\"wp-block-post-excerpt__excerpt\">de Eug\u00e9nie Rebetez \/ du 28 novembre au 6 d\u00e9cembre 2014 \/ La Grange de Dorigny \/ Critiques par Nicolas Joray et Laura Pall\u00f9. <\/p><\/div>\n\n\n<div style=\"height:1px\" aria-hidden=\"true\" class=\"wp-block-spacer\"><\/div>\n\n<\/li><li class=\"wp-block-post post-4687 post type-post status-publish format-standard has-post-thumbnail category-critique category-expired category-spectacle category-theatre-2-21-lausanne tag-cecilia-galindo tag-laura-pallu tag-lisa-tagliabue\">\n<h6 class=\"liensouligne wp-block-post-title\"><a href=\"https:\/\/wp.unil.ch\/ateliercritique\/2014\/06\/nobody\/\" target=\"_self\" >Nobody dies in dreamland<\/a><\/h6>\n\n<div class=\"wp-block-post-excerpt\"><p class=\"wp-block-post-excerpt__excerpt\">par la Cie Love Love Hou ! en collaboration avec la Cie Latitude45 \/ mise en sc\u00e8ne Attilio Sandro Palese \/ Th\u00e9\u00e2tre 2.21 \u00e0 Lausanne \/ du 3 au 8 juin 2014 \/ Critiuqes par Cecilia Galindo, Lisa Tagliabue et\u2026 <\/p><\/div>\n\n\n<div style=\"height:1px\" aria-hidden=\"true\" class=\"wp-block-spacer\"><\/div>\n\n<\/li><li class=\"wp-block-post post-4259 post type-post status-publish format-standard has-post-thumbnail category-critique category-expired category-theatre-comedie category-spectacle tag-joanna-potz tag-laura-pallu\">\n<h6 class=\"liensouligne wp-block-post-title\"><a href=\"https:\/\/wp.unil.ch\/ateliercritique\/2014\/03\/cabaret\/\" target=\"_self\" >Cabaret<\/a><\/h6>\n\n<div class=\"wp-block-post-excerpt\"><p class=\"wp-block-post-excerpt__excerpt\">de Hanokh Levin \/ mise en sc\u00e8ne Nalini Menamkat \/ du 25 mars au 6 avril 2014 \/ La Com\u00e9die de Gen\u00e8ve \/ Critiques par Joanna P\u00f6tz et Laura Pall\u00f9. <\/p><\/div>\n\n\n<div style=\"height:1px\" aria-hidden=\"true\" class=\"wp-block-spacer\"><\/div>\n\n<\/li><li class=\"wp-block-post post-3948 post type-post status-publish format-standard has-post-thumbnail category-critique category-expired category-theatre-comedie category-spectacle tag-deborah-strebel tag-laura-pallu\">\n<h6 class=\"liensouligne wp-block-post-title\"><a href=\"https:\/\/wp.unil.ch\/ateliercritique\/2014\/03\/oh-les-beaux-jours\/\" target=\"_self\" >Oh les beaux jours<\/a><\/h6>\n\n<div class=\"wp-block-post-excerpt\"><p class=\"wp-block-post-excerpt__excerpt\">d\u2019apr\u00e8s Samuel Beckett \/ mise en sc\u00e8ne Anne Bisang \/ La Com\u00e9die de Gen\u00e8ve \/ du 4 au 22 mars 2014 \/ Critiques par Deborah Strebel et Laura Pall\u00f9. <\/p><\/div>\n\n\n<div style=\"height:1px\" aria-hidden=\"true\" class=\"wp-block-spacer\"><\/div>\n\n<\/li><\/ul><\/div>\n","protected":false},"excerpt":{"rendered":"<p>Les critiques de Laura Pallu :<\/p>\n","protected":false},"author":1420,"featured_media":0,"parent":2716,"menu_order":0,"comment_status":"closed","ping_status":"open","template":"","meta":{"_seopress_robots_primary_cat":"","_seopress_titles_title":"","_seopress_titles_desc":"","_seopress_robots_index":"","footnotes":""},"class_list":["post-3201","page","type-page","status-publish"],"_links":{"self":[{"href":"https:\/\/wp.unil.ch\/ateliercritique\/wp-json\/wp\/v2\/pages\/3201","targetHints":{"allow":["GET"]}}],"collection":[{"href":"https:\/\/wp.unil.ch\/ateliercritique\/wp-json\/wp\/v2\/pages"}],"about":[{"href":"https:\/\/wp.unil.ch\/ateliercritique\/wp-json\/wp\/v2\/types\/page"}],"author":[{"embeddable":true,"href":"https:\/\/wp.unil.ch\/ateliercritique\/wp-json\/wp\/v2\/users\/1420"}],"replies":[{"embeddable":true,"href":"https:\/\/wp.unil.ch\/ateliercritique\/wp-json\/wp\/v2\/comments?post=3201"}],"version-history":[{"count":1,"href":"https:\/\/wp.unil.ch\/ateliercritique\/wp-json\/wp\/v2\/pages\/3201\/revisions"}],"predecessor-version":[{"id":22327,"href":"https:\/\/wp.unil.ch\/ateliercritique\/wp-json\/wp\/v2\/pages\/3201\/revisions\/22327"}],"up":[{"embeddable":true,"href":"https:\/\/wp.unil.ch\/ateliercritique\/wp-json\/wp\/v2\/pages\/2716"}],"wp:attachment":[{"href":"https:\/\/wp.unil.ch\/ateliercritique\/wp-json\/wp\/v2\/media?parent=3201"}],"curies":[{"name":"wp","href":"https:\/\/api.w.org\/{rel}","templated":true}]}}