{"id":3199,"date":"2014-02-22T21:10:43","date_gmt":"2014-02-22T20:10:43","guid":{"rendered":"http:\/\/wp.unil.ch\/ateliercritique\/?page_id=3199"},"modified":"2025-02-06T17:18:19","modified_gmt":"2025-02-06T16:18:19","slug":"jonas-guyot","status":"publish","type":"page","link":"https:\/\/wp.unil.ch\/ateliercritique\/lequipe\/jonas-guyot\/","title":{"rendered":"Jonas Guyot"},"content":{"rendered":"\n<h4 class=\"wp-block-heading\">Les critiques de Jonas Guyot :<\/h4>\n\n\n\n<div class=\"wp-block-query is-layout-flow wp-block-query-is-layout-flow\"><ul class=\"wp-block-post-template is-layout-flow wp-block-post-template-is-layout-flow\"><li class=\"wp-block-post post-6507 post type-post status-publish format-standard has-post-thumbnail category-critique category-expired category-spectacle category-theatre-am-stram-gram-geneve tag-jonas-guyot tag-nicolas-joray\">\n<h6 class=\"liensouligne wp-block-post-title\"><a href=\"https:\/\/wp.unil.ch\/ateliercritique\/2015\/06\/tair\/\" target=\"_self\" >Tair<\/a><\/h6>\n\n<div class=\"wp-block-post-excerpt\"><p class=\"wp-block-post-excerpt__excerpt\">Mise en sc\u00e8ne de Fabrice Melquiot \/ d\u2019apr\u00e8s un po\u00e8me de Philippe Jaccottet \/ du 2 au 7 juin 2015 \/ Th\u00e9\u00e2tre Am Stram Gram (Gen\u00e8ve) \/ Critiques par Jonas Guyot et Nicolas Joray . <\/p><\/div>\n\n\n<div style=\"height:1px\" aria-hidden=\"true\" class=\"wp-block-spacer\"><\/div>\n\n<\/li><li class=\"wp-block-post post-6278 post type-post status-publish format-standard has-post-thumbnail category-critique category-expired category-theatre-de-larsenic category-spectacle tag-jonas-guyot tag-nicolas-joray\">\n<h6 class=\"liensouligne wp-block-post-title\"><a href=\"https:\/\/wp.unil.ch\/ateliercritique\/2015\/05\/pas-grand-chose-plutot-que-rien\/\" target=\"_self\" >Pas grand-chose plut\u00f4t que rien<\/a><\/h6>\n\n<div class=\"wp-block-post-excerpt\"><p class=\"wp-block-post-excerpt__excerpt\">Texte et mise en sc\u00e8ne Jo\u00ebl Maillard \/ Du 28 avril au 3 mai 2015 \/ Arsenic (Lausanne) \/ Critiques par Nicolas Joray et Jonas Guyot . <\/p><\/div>\n\n\n<div style=\"height:1px\" aria-hidden=\"true\" class=\"wp-block-spacer\"><\/div>\n\n<\/li><li class=\"wp-block-post post-6016 post type-post status-publish format-standard has-post-thumbnail category-critique category-expired category-spectacle category-theatre-2-21-lausanne tag-camille-logoz tag-jonas-guyot\">\n<h6 class=\"liensouligne wp-block-post-title\"><a href=\"https:\/\/wp.unil.ch\/ateliercritique\/2015\/03\/le-jour-ou-jai-tue-un-chat\/\" target=\"_self\" >Le jour o\u00f9 j&rsquo;ai tu\u00e9 un chat<\/a><\/h6>\n\n<div class=\"wp-block-post-excerpt\"><p class=\"wp-block-post-excerpt__excerpt\">de Laetitia Barras \/ du 10 au 22 mars 2015 \/ Th\u00e9\u00e2tre 2.21 \/ Critiques par Jonas Guyot et Camille Logoz <\/p><\/div>\n\n\n<div style=\"height:1px\" aria-hidden=\"true\" class=\"wp-block-spacer\"><\/div>\n\n<\/li><li class=\"wp-block-post post-5747 post type-post status-publish format-standard has-post-thumbnail category-critique category-expired category-spectacle category-teatre-du-grutli tag-jonas-guyot\">\n<h6 class=\"liensouligne wp-block-post-title\"><a href=\"https:\/\/wp.unil.ch\/ateliercritique\/2015\/01\/la-trilogie-de-belgrade\/\" target=\"_self\" >La Trilogie de Belgrade<\/a><\/h6>\n\n<div class=\"wp-block-post-excerpt\"><p class=\"wp-block-post-excerpt__excerpt\">de Biljana Srbljanovic \/ mise en sc\u00e8ne V\u00e9ronique Ros de la Grange \/ du 20 janvier au 8 f\u00e9vrier 2015 \/ Th\u00e9\u00e2tre du Gr\u00fctli \/ Critique par Jonas Guyot. <\/p><\/div>\n\n\n<div style=\"height:1px\" aria-hidden=\"true\" class=\"wp-block-spacer\"><\/div>\n\n<\/li><li class=\"wp-block-post post-5494 post type-post status-publish format-standard has-post-thumbnail category-critique category-expired category-spectacle category-theatre-arc-en-scenes-chaux-de-fonds tag-cecilia-galindo tag-jonas-guyot\">\n<h6 class=\"liensouligne wp-block-post-title\"><a href=\"https:\/\/wp.unil.ch\/ateliercritique\/2014\/11\/une-femme-sans-histoire\/\" target=\"_self\" >Une femme sans histoire<\/a><\/h6>\n\n<div class=\"wp-block-post-excerpt\"><p class=\"wp-block-post-excerpt__excerpt\">D\u2019apr\u00e8s le docu-fiction de Jean-Xavier de Lestrade La Fille du Silence \/ mise en sc\u00e8ne Dorian Rossel \/ du 26 au 29 novembre 2014 \/ TPR \/ Critiques par Jonas Guyot et Cecilia Galindo. <\/p><\/div>\n\n\n<div style=\"height:1px\" aria-hidden=\"true\" class=\"wp-block-spacer\"><\/div>\n\n<\/li><li class=\"wp-block-post post-5475 post type-post status-publish format-standard has-post-thumbnail category-critique category-expired category-theatre-de-larsenic category-spectacle tag-jonas-guyot\">\n<h6 class=\"liensouligne wp-block-post-title\"><a href=\"https:\/\/wp.unil.ch\/ateliercritique\/2014\/11\/manger-seul-larsenic\/\" target=\"_self\" >Manger seul<\/a><\/h6>\n\n<div class=\"wp-block-post-excerpt\"><p class=\"wp-block-post-excerpt__excerpt\">de Fabrice Gorgerat \/ Cie Jours Tranquilles \/ du 11 au 19 novembre 2014 \/ L&rsquo;Arsenic \/ Critique Jonas Guyot. <\/p><\/div>\n\n\n<div style=\"height:1px\" aria-hidden=\"true\" class=\"wp-block-spacer\"><\/div>\n\n<\/li><li class=\"wp-block-post post-5434 post type-post status-publish format-standard has-post-thumbnail category-critique category-expired category-maison-saint-gervais category-spectacle tag-jonas-guyot tag-nicolas-joray\">\n<h6 class=\"liensouligne wp-block-post-title\"><a href=\"https:\/\/wp.unil.ch\/ateliercritique\/2014\/11\/5434\/\" target=\"_self\" >Daisy<\/a><\/h6>\n\n<div class=\"wp-block-post-excerpt\"><p class=\"wp-block-post-excerpt__excerpt\">de Rodrigo Garc\u00eda \/ du 11 au 15 novembre 2014 \/ Th\u00e9\u00e2tre Saint-Gervais \/ Critiques par Jonas Guyot et Nicolas Joray. <\/p><\/div>\n\n\n<div style=\"height:1px\" aria-hidden=\"true\" class=\"wp-block-spacer\"><\/div>\n\n<\/li><li class=\"wp-block-post post-4714 post type-post status-publish format-standard has-post-thumbnail category-critique category-expired category-spectacle category-theatre-du-jorat tag-cecilia-galindo tag-joanna-potz tag-jonas-guyot\">\n<h6 class=\"liensouligne wp-block-post-title\"><a href=\"https:\/\/wp.unil.ch\/ateliercritique\/2014\/06\/macbeth\/\" target=\"_self\" >Macbeth (the notes)<\/a><\/h6>\n\n<div class=\"wp-block-post-excerpt\"><p class=\"wp-block-post-excerpt__excerpt\">d\u2019apr\u00e8s Shakespeare \/ adaptation et mise en sc\u00e8ne Dan Jemmett \/ Th\u00e9\u00e2tre du Jorat \u00e0 M\u00e9zi\u00e8res \/ vendredi 27 juin 2014 \/ Critiques par Joanna P\u00f6tz, Jonas Guyot et Cecilia Galindo. <\/p><\/div>\n\n\n<div style=\"height:1px\" aria-hidden=\"true\" class=\"wp-block-spacer\"><\/div>\n\n<\/li><li class=\"wp-block-post post-4530 post type-post status-publish format-standard has-post-thumbnail category-critique category-expired category-spectacle category-theatre-de-vidy tag-delphine-gasche tag-jonas-guyot tag-maryke-oosterhoff\">\n<h6 class=\"liensouligne wp-block-post-title\"><a href=\"https:\/\/wp.unil.ch\/ateliercritique\/2014\/05\/kouta\/\" target=\"_self\" >Kouta<\/a><\/h6>\n\n<div class=\"wp-block-post-excerpt\"><p class=\"wp-block-post-excerpt__excerpt\">d\u2019apr\u00e8s la trilogie de Massa Makan Diabat\u00e9 \/ mise en sc\u00e8ne Hassane Kassi Kouyat\u00e9 \/ Th\u00e9\u00e2tre de Vidy \u00e0 Lausanne \/ du 6 au 10 mai 2014 \/ Critiques par Maryke Oosterhoff, Jonas Guyot et Delphine Gasche. <\/p><\/div>\n\n\n<div style=\"height:1px\" aria-hidden=\"true\" class=\"wp-block-spacer\"><\/div>\n\n<\/li><li class=\"wp-block-post post-4481 post type-post status-publish format-standard has-post-thumbnail category-critique category-expired category-spectacle category-theatre-les-halles tag-jonas-guyot tag-sabrina-roh\">\n<h6 class=\"liensouligne wp-block-post-title\"><a href=\"https:\/\/wp.unil.ch\/ateliercritique\/2014\/05\/living\/\" target=\"_self\" >Living-room dancers<\/a><\/h6>\n\n<div class=\"wp-block-post-excerpt\"><p class=\"wp-block-post-excerpt__excerpt\">Cie Nicole Seiler \/ Th\u00e9\u00e2tre Les Halles de Sierre \/ du 1 au 3 mai 2014 \/ Critiques par Sabrina Roh et Jonas Guyot. <\/p><\/div>\n\n\n<div style=\"height:1px\" aria-hidden=\"true\" class=\"wp-block-spacer\"><\/div>\n\n<\/li><li class=\"wp-block-post post-4332 post type-post status-publish format-standard has-post-thumbnail category-critique category-expired category-spectacle category-theatre-du-passage tag-jonas-guyot tag-sabrina-roh\">\n<h6 class=\"liensouligne wp-block-post-title\"><a href=\"https:\/\/wp.unil.ch\/ateliercritique\/2014\/04\/made\/\" target=\"_self\" >Made in China<\/a><\/h6>\n\n<div class=\"wp-block-post-excerpt\"><p class=\"wp-block-post-excerpt__excerpt\">de Thierry Debroux \/ mise en sc\u00e8ne Didier Kerckaert \/ Th\u00e9\u00e2tre du Passage \u00e0 Neuch\u00e2tel \/ 3 avril \/ Critiques par Sabrina Roh et Jonas Guyot. <\/p><\/div>\n\n\n<div style=\"height:1px\" aria-hidden=\"true\" class=\"wp-block-spacer\"><\/div>\n\n<\/li><li class=\"wp-block-post post-2576 post type-post status-publish format-standard has-post-thumbnail category-critique category-expired category-le-petit-theatre category-spectacle tag-cecilia-galindo tag-jonas-guyot tag-suzanne-balharry\">\n<h6 class=\"liensouligne wp-block-post-title\"><a href=\"https:\/\/wp.unil.ch\/ateliercritique\/2014\/01\/petite\/\" target=\"_self\" >La Petite Fille aux allumettes<\/a><\/h6>\n\n<div class=\"wp-block-post-excerpt\"><p class=\"wp-block-post-excerpt__excerpt\">d\u2019apr\u00e8s Hans Christian Andersen \/ mise en sc\u00e8ne Julie Annen \/ Petit Th\u00e9\u00e2tre de Lausanne \/ du 29 janvier au 16 f\u00e9vrier \/ Critiques par Cecilia Galindo, Suzanne Balharry, Jonas Guyot. <\/p><\/div>\n\n\n<div style=\"height:1px\" aria-hidden=\"true\" class=\"wp-block-spacer\"><\/div>\n\n<\/li><li class=\"wp-block-post post-2369 post type-post status-publish format-standard has-post-thumbnail category-critique category-expired category-spectacle category-theatre-de-vidy tag-cecilia-galindo tag-jonas-guyot tag-jonas-parson\">\n<h6 class=\"liensouligne wp-block-post-title\"><a href=\"https:\/\/wp.unil.ch\/ateliercritique\/2014\/01\/immortels\/\" target=\"_self\" >Immortels<\/a><\/h6>\n\n<div class=\"wp-block-post-excerpt\"><p class=\"wp-block-post-excerpt__excerpt\">de Nasser Djema\u00ef \/ mise en sc\u00e8ne Nasser Djema\u00ef \/ Th\u00e9\u00e2tre de Vidy \u00e0 Lausanne \/\u00a0du 21 janvier au 2 f\u00e9vrier 2014 \/ Critiques pas Jonas Guyot, Cecilia Galindo et Jonas Parson. <\/p><\/div>\n\n\n<div style=\"height:1px\" aria-hidden=\"true\" class=\"wp-block-spacer\"><\/div>\n\n<\/li><li class=\"wp-block-post post-1618 post type-post status-publish format-standard has-post-thumbnail category-critique category-expired category-theatre-des-osses category-spectacle tag-jonas-guyot tag-suzanne-balharry\">\n<h6 class=\"liensouligne wp-block-post-title\"><a href=\"https:\/\/wp.unil.ch\/ateliercritique\/2013\/12\/chantons\/\" target=\"_self\" >Chantons quand m\u00eame !<\/a><\/h6>\n\n<div class=\"wp-block-post-excerpt\"><p class=\"wp-block-post-excerpt__excerpt\">de Frank Arnaudon et Claudine Berthet \/ Th\u00e9\u00e2tre Les Osses \u00e0 Fribourg \/ du 13 au 31 d\u00e9cembre 2013 \/ Critiques par Jonas Guyot et Suzanne Balharry. <\/p><\/div>\n\n\n<div style=\"height:1px\" aria-hidden=\"true\" class=\"wp-block-spacer\"><\/div>\n\n<\/li><li class=\"wp-block-post post-1133 post type-post status-publish format-standard has-post-thumbnail category-critique category-expired category-la-grange category-spectacle tag-jehanne-denogent tag-jonas-guyot tag-sabrina-roh\">\n<h6 class=\"liensouligne wp-block-post-title\"><a href=\"https:\/\/wp.unil.ch\/ateliercritique\/2013\/11\/deux-mouette\/\" target=\"_self\" >La Mouette<\/a><\/h6>\n\n<div class=\"wp-block-post-excerpt\"><p class=\"wp-block-post-excerpt__excerpt\">de Tchekhov \/ mise en sc\u00e8ne Jean-Michel Potiron \/ Th\u00e9\u00e2tre La Grange de Dorigny \u00e0 Lausanne \/ du 14 au 16 novembre 2013 \/ Critiques par Sabrina Roh, Jonas Guyot et Jehanne Denogent. <\/p><\/div>\n\n\n<div style=\"height:1px\" aria-hidden=\"true\" class=\"wp-block-spacer\"><\/div>\n\n<\/li><li class=\"wp-block-post post-1011 post type-post status-publish format-standard has-post-thumbnail category-critique category-expired category-theatre-des-osses category-spectacle tag-jonas-guyot tag-marie-laurence-asselin\">\n<h6 class=\"liensouligne wp-block-post-title\"><a href=\"https:\/\/wp.unil.ch\/ateliercritique\/2013\/11\/laveris\/\" target=\"_self\" >Laverie Paradis<\/a><\/h6>\n\n<div class=\"wp-block-post-excerpt\"><p class=\"wp-block-post-excerpt__excerpt\">de Claude-Inga Barbey \/ mise en sc\u00e8ne S\u00e9verine Bujard \/ Th\u00e9\u00e2tre des Osses \u00e0 Fribourg \/ du 8 novembre au 1er d\u00e9cembre \/ Critiques par Marie-Laurence Asselin et Jonas Guyot. <\/p><\/div>\n\n\n<div style=\"height:1px\" aria-hidden=\"true\" class=\"wp-block-spacer\"><\/div>\n\n<\/li><li class=\"wp-block-post post-703 post type-post status-publish format-standard has-post-thumbnail category-critique category-expired category-spectacle category-theatre-de-vidy tag-aline-kohler tag-cecilia-galindo tag-jonas-guyot\">\n<h6 class=\"liensouligne wp-block-post-title\"><a href=\"https:\/\/wp.unil.ch\/ateliercritique\/2013\/11\/derive\/\" target=\"_self\" >La D\u00e9rive des continents<\/a><\/h6>\n\n<div class=\"wp-block-post-excerpt\"><p class=\"wp-block-post-excerpt__excerpt\">de Philippe Saire et Antoinette Rychner \/ d\u2019apr\u00e8s l\u2019Odyss\u00e9e d&rsquo;Hom\u00e8re \/ Th\u00e9\u00e2tre de Vidy \u00e0 Lausanne \/ du 29 octobre au 17 novembre 2013 \/ Critiques par Cecilia Galindo, Aline Kohler et Jonas Guyot. <\/p><\/div>\n\n\n<div style=\"height:1px\" aria-hidden=\"true\" class=\"wp-block-spacer\"><\/div>\n\n<\/li><li class=\"wp-block-post post-753 post type-post status-publish format-standard has-post-thumbnail category-critique category-expired category-spectacle category-theatre-de-vidy tag-cecilia-galindo tag-jehanne-denogent tag-jonas-guyot tag-suzanne-balharry\">\n<h6 class=\"liensouligne wp-block-post-title\"><a href=\"https:\/\/wp.unil.ch\/ateliercritique\/2013\/11\/quatre-femmes\/\" target=\"_self\" >Les Femmes savantes<\/a><\/h6>\n\n<div class=\"wp-block-post-excerpt\"><p class=\"wp-block-post-excerpt__excerpt\">de Moli\u00e8re \/ mise en sc\u00e8ne Denis Marleau \/ Th\u00e9\u00e2tre de Vidy \u00e0 Lausanne \/ du 29 octobre au 2 novembre 2013 \/ Critiques par Cecilia Galindo, Jonas Guyot, Jehanne Denogent et Suzanne Balharry. <\/p><\/div>\n\n\n<div style=\"height:1px\" aria-hidden=\"true\" class=\"wp-block-spacer\"><\/div>\n\n<\/li><li class=\"wp-block-post post-243 post type-post status-publish format-standard has-post-thumbnail category-critique category-expired category-spectacle category-theatre-de-vidy tag-jonas-guyot\">\n<h6 class=\"liensouligne wp-block-post-title\"><a href=\"https:\/\/wp.unil.ch\/ateliercritique\/2013\/10\/yvette\/\" target=\"_self\" >Les Ann\u00e9es<\/a><\/h6>\n\n<div class=\"wp-block-post-excerpt\"><p class=\"wp-block-post-excerpt__excerpt\">d&rsquo;Yvette Th\u00e9raulaz \/ mise en jeu Philippe Morand \/\u00a0Th\u00e9\u00e2tre de Vidy \u00e0 Lausanne \/ du 1er au 11 octobre 2013 \/ Critique par Jonay Guyot. <\/p><\/div>\n\n\n<div style=\"height:1px\" aria-hidden=\"true\" class=\"wp-block-spacer\"><\/div>\n\n<\/li><\/ul><\/div>\n","protected":false},"excerpt":{"rendered":"<p>Les critiques de Jonas Guyot :<\/p>\n","protected":false},"author":1420,"featured_media":0,"parent":2716,"menu_order":0,"comment_status":"closed","ping_status":"open","template":"","meta":{"_seopress_robots_primary_cat":"","_seopress_titles_title":"","_seopress_titles_desc":"","_seopress_robots_index":"","footnotes":""},"class_list":["post-3199","page","type-page","status-publish"],"_links":{"self":[{"href":"https:\/\/wp.unil.ch\/ateliercritique\/wp-json\/wp\/v2\/pages\/3199","targetHints":{"allow":["GET"]}}],"collection":[{"href":"https:\/\/wp.unil.ch\/ateliercritique\/wp-json\/wp\/v2\/pages"}],"about":[{"href":"https:\/\/wp.unil.ch\/ateliercritique\/wp-json\/wp\/v2\/types\/page"}],"author":[{"embeddable":true,"href":"https:\/\/wp.unil.ch\/ateliercritique\/wp-json\/wp\/v2\/users\/1420"}],"replies":[{"embeddable":true,"href":"https:\/\/wp.unil.ch\/ateliercritique\/wp-json\/wp\/v2\/comments?post=3199"}],"version-history":[{"count":1,"href":"https:\/\/wp.unil.ch\/ateliercritique\/wp-json\/wp\/v2\/pages\/3199\/revisions"}],"predecessor-version":[{"id":22294,"href":"https:\/\/wp.unil.ch\/ateliercritique\/wp-json\/wp\/v2\/pages\/3199\/revisions\/22294"}],"up":[{"embeddable":true,"href":"https:\/\/wp.unil.ch\/ateliercritique\/wp-json\/wp\/v2\/pages\/2716"}],"wp:attachment":[{"href":"https:\/\/wp.unil.ch\/ateliercritique\/wp-json\/wp\/v2\/media?parent=3199"}],"curies":[{"name":"wp","href":"https:\/\/api.w.org\/{rel}","templated":true}]}}