{"id":3185,"date":"2014-02-22T20:38:18","date_gmt":"2014-02-22T19:38:18","guid":{"rendered":"http:\/\/wp.unil.ch\/ateliercritique\/?page_id=3185"},"modified":"2025-02-06T17:15:43","modified_gmt":"2025-02-06T16:15:43","slug":"aitor-gosende","status":"publish","type":"page","link":"https:\/\/wp.unil.ch\/ateliercritique\/lequipe\/aitor-gosende\/","title":{"rendered":"Aitor Gosende"},"content":{"rendered":"\n<h4 class=\"wp-block-heading\">Les critiques d&rsquo;Aitor Gosende :<\/h4>\n\n\n\n<div class=\"wp-block-query is-layout-flow wp-block-query-is-layout-flow\"><ul class=\"wp-block-post-template is-layout-flow wp-block-post-template-is-layout-flow\"><li class=\"wp-block-post post-4228 post type-post status-publish format-standard has-post-thumbnail category-critique category-expired category-spectacle category-theatre-de-vidy tag-aitor-gosende tag-alice-bottarelli tag-cecilia-galindo\">\n<h6 class=\"liensouligne wp-block-post-title\"><a href=\"https:\/\/wp.unil.ch\/ateliercritique\/2014\/03\/seule\/\" target=\"_self\" >Seule la mer<\/a><\/h6>\n\n<div class=\"wp-block-post-excerpt\"><p class=\"wp-block-post-excerpt__excerpt\">d\u2019Amos Oz \/ mise en sc\u00e8ne Denis Maillefer \/ Th\u00e9\u00e2tre de Vidy \u00e0 Lausanne \/ du 18 mars au 23 mars 2014 \/ Critiques par Cecilia Galindo, Alice Bottarelli et Aitor Gosende Cruces. <\/p><\/div>\n\n\n<div style=\"height:1px\" aria-hidden=\"true\" class=\"wp-block-spacer\"><\/div>\n\n<\/li><li class=\"wp-block-post post-4022 post type-post status-publish format-standard has-post-thumbnail category-critique category-expired category-theatre-de-larsenic category-maison-saint-gervais category-spectacle tag-aitor-gosende tag-alice-bottarelli tag-cecilia-galindo\">\n<h6 class=\"liensouligne wp-block-post-title\"><a href=\"https:\/\/wp.unil.ch\/ateliercritique\/2014\/03\/mercedes\/\" target=\"_self\" >Mercedes-Benz W123<\/a><\/h6>\n\n<div class=\"wp-block-post-excerpt\"><p class=\"wp-block-post-excerpt__excerpt\">texte et mise en sc\u00e8ne Marie Fourquet \u2013 Cie ad-apte (CH) \/ du 11 au 16 mars 2014 au Th\u00e9\u00e2tre Arsenic \u00e0 Lausanne \/ le 26 avril au Centre Culturel R\u00e9gional de Del\u00e9mont \/ du 30 avril au 17 mai\u2026 <\/p><\/div>\n\n\n<div style=\"height:1px\" aria-hidden=\"true\" class=\"wp-block-spacer\"><\/div>\n\n<\/li><li class=\"wp-block-post post-1704 post type-post status-publish format-standard has-post-thumbnail category-critique category-expired category-spectacle category-theatre-de-vidy tag-aitor-gosende tag-amandine-rosset\">\n<h6 class=\"liensouligne wp-block-post-title\"><a href=\"https:\/\/wp.unil.ch\/ateliercritique\/2013\/12\/hughie\/\" target=\"_self\" >Hughie<\/a><\/h6>\n\n<div class=\"wp-block-post-excerpt\"><p class=\"wp-block-post-excerpt__excerpt\">d&rsquo;Eug\u00e8ne O&rsquo;Neill \/ mise en sc\u00e8ne Jean-Yves Ruf \/ Th\u00e9\u00e2tre de Vidy \u00e0 Lausanne \/ du 4 au 22 d\u00e9cembre 2013 \/ Critiques par Aitor Gosende et Amandine Rosset. <\/p><\/div>\n\n\n<div style=\"height:1px\" aria-hidden=\"true\" class=\"wp-block-spacer\"><\/div>\n\n<\/li><li class=\"wp-block-post post-1328 post type-post status-publish format-standard has-post-thumbnail category-critique category-expired category-theatre-de-larsenic category-spectacle tag-aitor-gosende tag-aline-kohler tag-jehanne-denogent tag-sabrina-roh\">\n<h6 class=\"liensouligne wp-block-post-title\"><a href=\"https:\/\/wp.unil.ch\/ateliercritique\/2013\/11\/valse\/\" target=\"_self\" >Valse aux cypr\u00e8s<\/a><\/h6>\n\n<div class=\"wp-block-post-excerpt\"><p class=\"wp-block-post-excerpt__excerpt\">de Julien Mages \/ collectif Division \/ Th\u00e9\u00e2tre l&rsquo;Arsenic \u00e0 Lausanne \/ du 26 novembre au 5 d\u00e9cembre 2013 \/ Critiques par Jehanne Denogent, Aitor Gosende, Sabrina Roh et Aline Kohler. <\/p><\/div>\n\n\n<div style=\"height:1px\" aria-hidden=\"true\" class=\"wp-block-spacer\"><\/div>\n\n<\/li><li class=\"wp-block-post post-337 post type-post status-publish format-standard has-post-thumbnail category-critique category-expired category-spectacle category-theatre-du-jorat tag-aitor-gosende tag-cecilia-galindo tag-suzanne-balharry\">\n<h6 class=\"liensouligne wp-block-post-title\"><a href=\"https:\/\/wp.unil.ch\/ateliercritique\/2013\/10\/trois-monsieur\/\" target=\"_self\" >Monsieur Chasse !<\/a><\/h6>\n\n<div class=\"wp-block-post-excerpt\"><p class=\"wp-block-post-excerpt__excerpt\">de G.\u00a0Feydeau \/ mise en sc\u00e8ne Robert Sandoz \/ Th\u00e9\u00e2tre du Jorat \u00e0 M\u00e9zi\u00e8res \/ du 3 au 6 octobre 2013 \/ Critiques par Aitor Gosende, Cecilia Galindo et Suzanne Balharry. <\/p><\/div>\n\n\n<div style=\"height:1px\" aria-hidden=\"true\" class=\"wp-block-spacer\"><\/div>\n\n<\/li><\/ul><\/div>\n","protected":false},"excerpt":{"rendered":"<p>Les critiques d&rsquo;Aitor Gosende :<\/p>\n","protected":false},"author":1420,"featured_media":0,"parent":2716,"menu_order":0,"comment_status":"closed","ping_status":"open","template":"","meta":{"_seopress_robots_primary_cat":"","_seopress_titles_title":"","_seopress_titles_desc":"","_seopress_robots_index":"","footnotes":""},"class_list":["post-3185","page","type-page","status-publish"],"_links":{"self":[{"href":"https:\/\/wp.unil.ch\/ateliercritique\/wp-json\/wp\/v2\/pages\/3185","targetHints":{"allow":["GET"]}}],"collection":[{"href":"https:\/\/wp.unil.ch\/ateliercritique\/wp-json\/wp\/v2\/pages"}],"about":[{"href":"https:\/\/wp.unil.ch\/ateliercritique\/wp-json\/wp\/v2\/types\/page"}],"author":[{"embeddable":true,"href":"https:\/\/wp.unil.ch\/ateliercritique\/wp-json\/wp\/v2\/users\/1420"}],"replies":[{"embeddable":true,"href":"https:\/\/wp.unil.ch\/ateliercritique\/wp-json\/wp\/v2\/comments?post=3185"}],"version-history":[{"count":3,"href":"https:\/\/wp.unil.ch\/ateliercritique\/wp-json\/wp\/v2\/pages\/3185\/revisions"}],"predecessor-version":[{"id":22290,"href":"https:\/\/wp.unil.ch\/ateliercritique\/wp-json\/wp\/v2\/pages\/3185\/revisions\/22290"}],"up":[{"embeddable":true,"href":"https:\/\/wp.unil.ch\/ateliercritique\/wp-json\/wp\/v2\/pages\/2716"}],"wp:attachment":[{"href":"https:\/\/wp.unil.ch\/ateliercritique\/wp-json\/wp\/v2\/media?parent=3185"}],"curies":[{"name":"wp","href":"https:\/\/api.w.org\/{rel}","templated":true}]}}