{"id":2796,"date":"2014-02-18T09:11:35","date_gmt":"2014-02-18T08:11:35","guid":{"rendered":"http:\/\/wp.unil.ch\/ateliercritique\/?page_id=2796"},"modified":"2026-02-12T15:17:46","modified_gmt":"2026-02-12T14:17:46","slug":"halles","status":"publish","type":"page","link":"https:\/\/wp.unil.ch\/ateliercritique\/theatres-partenaires\/halles\/","title":{"rendered":"Th\u00e9\u00e2tre Les Halles (Sierre)"},"content":{"rendered":"\n<figure class=\"wp-block-image size-full is-resized\"><a href=\"https:\/\/www.theatre-leshalles.ch\/\" target=\"_blank\" rel=\"noopener\"><img loading=\"lazy\" decoding=\"async\" width=\"640\" height=\"204\" src=\"https:\/\/wp.unil.ch\/ateliercritique\/files\/2026\/02\/les-halles-logo.jpg\" alt=\"les halles logo\" class=\"wp-image-23410\" style=\"width:300px\" srcset=\"https:\/\/wp.unil.ch\/ateliercritique\/files\/2026\/02\/les-halles-logo.jpg 640w, https:\/\/wp.unil.ch\/ateliercritique\/files\/2026\/02\/les-halles-logo-300x96.jpg 300w, https:\/\/wp.unil.ch\/ateliercritique\/files\/2026\/02\/les-halles-logo-250x80.jpg 250w\" sizes=\"auto, (max-width: 640px) 100vw, 640px\" \/><\/a><\/figure>\n\n\n\n<h4 class=\"wp-block-heading\">Critiques par spectacles jou\u00e9s dans ce th\u00e9\u00e2tre :<\/h4>\n\n\n\n<div class=\"wp-block-query is-layout-flow wp-block-query-is-layout-flow\"><ul class=\"wp-block-post-template is-layout-flow wp-block-post-template-is-layout-flow\"><li class=\"wp-block-post post-23177 post type-post status-publish format-standard has-post-thumbnail category-critique category-expired category-spectacle category-theatre-les-halles tag-alexia-gay tag-laurie-boissenin\">\n<h6 class=\"liensouligne wp-block-post-title\"><a href=\"https:\/\/wp.unil.ch\/ateliercritique\/2025\/05\/le-lasagne-della-nonna\/\" target=\"_self\" >Le Lasagne della Nonna<\/a><\/h6>\n\n<div class=\"wp-block-post-excerpt\"><p class=\"wp-block-post-excerpt__excerpt\">Conception et mise en sc\u00e8ne par Massimo Furlan et Claire de Ribaupierre \/ Th\u00e9\u00e2tre Les Halles (Sierre) \/ Du 23 au 24 mai 2025 \/ Critiques par Laurie Boissenin et Alexia Gay . <\/p><\/div>\n\n\n<div style=\"height:1px\" aria-hidden=\"true\" class=\"wp-block-spacer\"><\/div>\n\n<\/li><li class=\"wp-block-post post-21061 post type-post status-publish format-standard has-post-thumbnail category-critique category-expired category-spectacle category-theatre-les-halles tag-lucie-ortet\">\n<h6 class=\"liensouligne wp-block-post-title\"><a href=\"https:\/\/wp.unil.ch\/ateliercritique\/2024\/12\/que-perdons-nous-a-gagner-du-temps\/\" target=\"_self\" >Que perdons-nous \u00e0 gagner du temps ?<\/a><\/h6>\n\n<div class=\"wp-block-post-excerpt\"><p class=\"wp-block-post-excerpt__excerpt\">Conception et mise en sc\u00e8ne par Simona Gallo et Lisa Tatin \/ Th\u00e9\u00e2tre Les Halles (Sierre) \/ Du 12 au 16 novembre 2024 \/ Critique par Lucie Ortet . <\/p><\/div>\n\n\n<div style=\"height:1px\" aria-hidden=\"true\" class=\"wp-block-spacer\"><\/div>\n\n<\/li><li class=\"wp-block-post post-19195 post type-post status-publish format-standard has-post-thumbnail category-critique category-expired category-spectacle category-theatre-les-halles tag-mathilde-feraud\">\n<h6 class=\"liensouligne wp-block-post-title\"><a href=\"https:\/\/wp.unil.ch\/ateliercritique\/2024\/06\/il-ny-a-que-les-chansons-de-variete-qui-disent-la-verite-nouvelle-generation\/\" target=\"_self\" >Il n\u2019y a que les chansons de vari\u00e9t\u00e9 qui disent la v\u00e9rit\u00e9 (nouvelle g\u00e9n\u00e9ration)<\/a><\/h6>\n\n<div class=\"wp-block-post-excerpt\"><p class=\"wp-block-post-excerpt__excerpt\">Texte et mise en sc\u00e8ne par Alexandre Doublet \/ Th\u00e9\u00e2tre les Halles (Sierre) \/ du 12 au 18 juin 2024\/ critique par Mathilde Feraud . <\/p><\/div>\n\n\n<div style=\"height:1px\" aria-hidden=\"true\" class=\"wp-block-spacer\"><\/div>\n\n<\/li><li class=\"wp-block-post post-17392 post type-post status-publish format-standard has-post-thumbnail category-critique category-expired category-spectacle category-theatre-les-halles tag-piera-biondina\">\n<h6 class=\"liensouligne wp-block-post-title\"><a href=\"https:\/\/wp.unil.ch\/ateliercritique\/2023\/12\/les-falaises-journal-du-bord\/\" target=\"_self\" >Les falaises, journal du bord<\/a><\/h6>\n\n<div class=\"wp-block-post-excerpt\"><p class=\"wp-block-post-excerpt__excerpt\">\u00c9criture et r\u00e9alisation par Olivia Seigne et Alexandre Vogel \/ Th\u00e9\u00e2tre Les Halles (Sierre) \/ du 30 novembre au 3 d\u00e9cembre 2023 \/ critique par Piera Biondina . <\/p><\/div>\n\n\n<div style=\"height:1px\" aria-hidden=\"true\" class=\"wp-block-spacer\"><\/div>\n\n<\/li><li class=\"wp-block-post post-16472 post type-post status-publish format-standard has-post-thumbnail category-critique category-expired category-spectacle category-theatre-les-halles tag-julie-fievez\">\n<h6 class=\"liensouligne wp-block-post-title\"><a href=\"https:\/\/wp.unil.ch\/ateliercritique\/2022\/11\/quand-souffle-le-vent\/\" target=\"_self\" >Quand souffle le vent\u00a0<\/a><\/h6>\n\n<div class=\"wp-block-post-excerpt\"><p class=\"wp-block-post-excerpt__excerpt\">Mise en sc\u00e8ne Pauline Epiney \/ TLH &#8211; Th\u00e9\u00e2tre Les Halles \/ les 29 et 30 octobre 2022 \/ critique par Julie Fievez . <\/p><\/div>\n\n\n<div style=\"height:1px\" aria-hidden=\"true\" class=\"wp-block-spacer\"><\/div>\n\n<\/li><li class=\"wp-block-post post-16165 post type-post status-publish format-standard has-post-thumbnail category-critique category-expired category-spectacle category-theatre-les-halles tag-isabelle-fasnacht\">\n<h6 class=\"liensouligne wp-block-post-title\"><a href=\"https:\/\/wp.unil.ch\/ateliercritique\/2022\/04\/ainsi-va-la-vie\/\" target=\"_self\" >Ainsi va la vie<\/a><\/h6>\n\n<div class=\"wp-block-post-excerpt\"><p class=\"wp-block-post-excerpt__excerpt\">Texte et mise en sc\u00e8ne Samuel Perthuis \/ Th\u00e9\u00e2tres Les Halles Sierre Hors-les-murs \/ du 22 mars au 2 avril 2022 \/ critique par Isabelle Fasnacht . <\/p><\/div>\n\n\n<div style=\"height:1px\" aria-hidden=\"true\" class=\"wp-block-spacer\"><\/div>\n\n<\/li><li class=\"wp-block-post post-15872 post type-post status-publish format-standard has-post-thumbnail category-critique category-expired category-spectacle category-theatre-les-halles tag-maelle-aeby-2\">\n<h6 class=\"liensouligne wp-block-post-title\"><a href=\"https:\/\/wp.unil.ch\/ateliercritique\/2021\/12\/les-conquetes-de-norman-episodes-1-2\/\" target=\"_self\" >Les Conqu\u00eates de Norman\u00a0: \u00e9pisodes 1 &amp; 2<\/a><\/h6>\n\n<div class=\"wp-block-post-excerpt\"><p class=\"wp-block-post-excerpt__excerpt\">Texte de Sir Alan Ayckbourn \/ Mise en sc\u00e8ne par Olivia Seigne et Pierric Tenthorey \/ Th\u00e9\u00e2tre les Halles \u2013 Sierre \/ du 9 au 19 d\u00e9cembre 2021. <\/p><\/div>\n\n\n<div style=\"height:1px\" aria-hidden=\"true\" class=\"wp-block-spacer\"><\/div>\n\n<\/li><li class=\"wp-block-post post-14728 post type-post status-publish format-standard has-post-thumbnail category-critique category-expired category-spectacle category-theatre-les-halles tag-charlyne-genoud tag-johanna-codourey\">\n<h6 class=\"liensouligne wp-block-post-title\"><a href=\"https:\/\/wp.unil.ch\/ateliercritique\/2020\/10\/here-and-now\/\" target=\"_self\" >HERE AND NOW<\/a><\/h6>\n\n<div class=\"wp-block-post-excerpt\"><p class=\"wp-block-post-excerpt__excerpt\">Cr\u00e9ation et mise en sc\u00e8ne de Tr\u00e2n Tran \/ TLH \u2013 Sierre \/ du 8 au 10 octobre 2020 \/ Critiques par Charlyne Genoud et Johanna Codourey. <\/p><\/div>\n\n\n<div style=\"height:1px\" aria-hidden=\"true\" class=\"wp-block-spacer\"><\/div>\n\n<\/li><li class=\"wp-block-post post-13436 post type-post status-publish format-standard has-post-thumbnail category-critique category-expired category-spectacle category-theatre-les-halles tag-ivan-garcia\">\n<h6 class=\"liensouligne wp-block-post-title\"><a href=\"https:\/\/wp.unil.ch\/ateliercritique\/2019\/04\/summer-break\/\" target=\"_self\" >Summer Break<\/a><\/h6>\n\n<div class=\"wp-block-post-excerpt\"><p class=\"wp-block-post-excerpt__excerpt\">D\u2019apr\u00e8s Le Songe d\u2019une nuit d\u2019\u00e9t\u00e9 de William Shakespeare \/ Mise en sc\u00e8ne de Natacha Koutchoumov \/ Th\u00e9\u00e2tre les Halles \/ du 3 au 7 avril 2019 \/ Critique par Ivan Garcia. <\/p><\/div>\n\n\n<div style=\"height:1px\" aria-hidden=\"true\" class=\"wp-block-spacer\"><\/div>\n\n<\/li><li class=\"wp-block-post post-12525 post type-post status-publish format-standard has-post-thumbnail category-critique category-expired category-spectacle category-theatre-les-halles tag-roberta-alberico\">\n<h6 class=\"liensouligne wp-block-post-title\"><a href=\"https:\/\/wp.unil.ch\/ateliercritique\/2018\/03\/le-cromlech\/\" target=\"_self\" >Le Cromlech<\/a><\/h6>\n\n<div class=\"wp-block-post-excerpt\"><p class=\"wp-block-post-excerpt__excerpt\">Mise en sc\u00e8ne d\u2019Oscar G\u00f3mez Mata \/ TLH-Sierre \/ 25 mars 2017 \/ Critique par Roberta Alberico. <\/p><\/div>\n\n\n<div style=\"height:1px\" aria-hidden=\"true\" class=\"wp-block-spacer\"><\/div>\n\n<\/li><li class=\"wp-block-post post-12488 post type-post status-publish format-standard has-post-thumbnail category-critique category-expired category-spectacle category-theatre-les-halles tag-basile-seppey\">\n<h6 class=\"liensouligne wp-block-post-title\"><a href=\"https:\/\/wp.unil.ch\/ateliercritique\/2018\/03\/solution-intermediaire\/\" target=\"_self\" >Solution interm\u00e9diaire<\/a><\/h6>\n\n<div class=\"wp-block-post-excerpt\"><p class=\"wp-block-post-excerpt__excerpt\">Conception et mise en sc\u00e8ne de Stefan Hort \/ Th\u00e9\u00e2tre Les Halles \u00e0 Sierre \/ du 15 au 25 mars 2018 \/ <\/p><\/div>\n\n\n<div style=\"height:1px\" aria-hidden=\"true\" class=\"wp-block-spacer\"><\/div>\n\n<\/li><li class=\"wp-block-post post-11869 post type-post status-publish format-standard has-post-thumbnail category-critique category-expired category-spectacle category-theatre-les-halles tag-basile-seppey tag-joanne-vaudroz\">\n<h6 class=\"liensouligne wp-block-post-title\"><a href=\"https:\/\/wp.unil.ch\/ateliercritique\/2017\/10\/semelle-au-vent\/\" target=\"_self\" >Semelle au vent<\/a><\/h6>\n\n<div class=\"wp-block-post-excerpt\"><p class=\"wp-block-post-excerpt__excerpt\">Cie Jusqu\u2019\u00e0 m\u2019y fondre \/ Texte de Mali Van Valenberg \/ Mise en sc\u00e8ne d\u2019Olivier Werner \/ Th\u00e9\u00e2tre Les Halles \u00e0 Sierre \/ du 11 au 15 octobre 2017\/ Critiques par Basile Seppey et Joanne Vaudroz. <\/p><\/div>\n\n\n<div style=\"height:1px\" aria-hidden=\"true\" class=\"wp-block-spacer\"><\/div>\n\n<\/li><li class=\"wp-block-post post-11311 post type-post status-publish format-standard has-post-thumbnail category-critique category-expired category-spectacle category-theatre-les-halles tag-artemisia-romano tag-kendra-simons\">\n<h6 class=\"liensouligne wp-block-post-title\"><a href=\"https:\/\/wp.unil.ch\/ateliercritique\/2017\/04\/hamster-lacrymal\/\" target=\"_self\" >Hamster Lacrymal<\/a><\/h6>\n\n<div class=\"wp-block-post-excerpt\"><p class=\"wp-block-post-excerpt__excerpt\">De Pierre Isa\u00efe Duc et la Cie Corsaire Sanglot \/ TLH, Sierre \/ Du 30 mars au 9 avril 2017 \/ Critique par Kendra Simons et Artemisia Romano. <\/p><\/div>\n\n\n<div style=\"height:1px\" aria-hidden=\"true\" class=\"wp-block-spacer\"><\/div>\n\n<\/li><li class=\"wp-block-post post-10781 post type-post status-publish format-standard has-post-thumbnail category-critique category-expired category-spectacle category-theatre-les-halles tag-basile-seppey\">\n<h6 class=\"liensouligne wp-block-post-title\"><a href=\"https:\/\/wp.unil.ch\/ateliercritique\/2016\/12\/combat\/\" target=\"_self\" >Combat<\/a><\/h6>\n\n<div class=\"wp-block-post-excerpt\"><p class=\"wp-block-post-excerpt__excerpt\">Performance de Sonia Rickli Performance Company \/ Th\u00e9\u00e2tre les Halles \u00e0 Sierre \/ du 8 au 18 d\u00e9cembre 2016 \/ Critique par Basile Seppey. <\/p><\/div>\n\n\n<div style=\"height:1px\" aria-hidden=\"true\" class=\"wp-block-spacer\"><\/div>\n\n<\/li><li class=\"wp-block-post post-10639 post type-post status-publish format-standard has-post-thumbnail category-critique category-expired category-spectacle category-theatre-les-halles tag-basile-seppey tag-joanne-vaudroz\">\n<h6 class=\"liensouligne wp-block-post-title\"><a href=\"https:\/\/wp.unil.ch\/ateliercritique\/2016\/11\/adishatz-adieu\/\" target=\"_self\" >Adishatz (Adieu)<\/a><\/h6>\n\n<div class=\"wp-block-post-excerpt\"><p class=\"wp-block-post-excerpt__excerpt\">Conception et interpr\u00e9tation de Jonathan Capdevielle\u00a0 \/ Th\u00e9\u00e2tre les Halles \u00e0 Sierre \/ du 17 au 18 novembre 2016 \/ Critiques par Basile Seppey et Joanne Vaudroz. <\/p><\/div>\n\n\n<div style=\"height:1px\" aria-hidden=\"true\" class=\"wp-block-spacer\"><\/div>\n\n<\/li><li class=\"wp-block-post post-8068 post type-post status-publish format-standard has-post-thumbnail category-critique category-expired category-spectacle category-theatre-les-halles tag-suzanne-crettex\">\n<h6 class=\"liensouligne wp-block-post-title\"><a href=\"https:\/\/wp.unil.ch\/ateliercritique\/2016\/04\/la-suppliante\/\" target=\"_self\" >La Suppliante<\/a><\/h6>\n\n<div class=\"wp-block-post-excerpt\"><p class=\"wp-block-post-excerpt__excerpt\">De Bastien Fournier \/ mise en sc\u00e8ne Marine Billon \/ par la Compagnie du Homard \/ TLH (Sierre) \/ du 14 au 24 avril 2016 \/ Critique par Suzanne Crettex. <\/p><\/div>\n\n\n<div style=\"height:1px\" aria-hidden=\"true\" class=\"wp-block-spacer\"><\/div>\n\n<\/li><li class=\"wp-block-post post-7770 post type-post status-publish format-standard has-post-thumbnail category-critique category-expired category-spectacle category-theatre-les-halles tag-justine-favre\">\n<h6 class=\"liensouligne wp-block-post-title\"><a href=\"https:\/\/wp.unil.ch\/ateliercritique\/2016\/02\/neons-never-ever-oh-noisy-shadows-vacuum\/\" target=\"_self\" >NEONS, never ever, Oh ! Noisy Shadows &amp; Vacuum<\/a><\/h6>\n\n<div class=\"wp-block-post-excerpt\"><p class=\"wp-block-post-excerpt__excerpt\">Concept, chor\u00e9graphie, texte de Philippe Saire \/ par la Compagnie Philippe Saire \/ TLH \/ le 30 janvier 2016 \/ Critique par Justine Favre. <\/p><\/div>\n\n\n<div style=\"height:1px\" aria-hidden=\"true\" class=\"wp-block-spacer\"><\/div>\n\n<\/li><li class=\"wp-block-post post-5870 post type-post status-publish format-standard has-post-thumbnail category-critique category-expired category-spectacle category-theatre-les-halles tag-jehanne-denogent\">\n<h6 class=\"liensouligne wp-block-post-title\"><a href=\"https:\/\/wp.unil.ch\/ateliercritique\/2015\/03\/les-histoires-da-andromaque\/\" target=\"_self\" >Les Histoires d&rsquo;A-Andromaque<\/a><\/h6>\n\n<div class=\"wp-block-post-excerpt\"><p class=\"wp-block-post-excerpt__excerpt\">d&rsquo;apr\u00e8s Jean Racine \/ mise en sc\u00e8ne Alexandre Doublet \/ Th\u00e9\u00e2tre Les Halles (Sierre) \/ du 3 au 7 mars 2015 \/ Critique par Jehanne Denogent. <\/p><\/div>\n\n\n<div style=\"height:1px\" aria-hidden=\"true\" class=\"wp-block-spacer\"><\/div>\n\n<\/li><li class=\"wp-block-post post-5787 post type-post status-publish format-standard has-post-thumbnail category-critique category-expired category-spectacle category-theatre-les-halles tag-deborah-strebel tag-jehanne-denogent\">\n<h6 class=\"liensouligne wp-block-post-title\"><a href=\"https:\/\/wp.unil.ch\/ateliercritique\/2015\/02\/comme-toi-meme\/\" target=\"_self\" >Comme toi-m\u00eame<\/a><\/h6>\n\n<div class=\"wp-block-post-excerpt\"><p class=\"wp-block-post-excerpt__excerpt\">conception et mise en sc\u00e8ne Olivia Seigne et Alexandre Vogel \/ du 5 au 13 f\u00e9vrier 2015 \/ Th\u00e9\u00e2tre Les Halles (Sierre) \/ Critiques par Deborah Strebel et Jehanne Denogent.\u00a0 <\/p><\/div>\n\n\n<div style=\"height:1px\" aria-hidden=\"true\" class=\"wp-block-spacer\"><\/div>\n\n<\/li><li class=\"wp-block-post post-4481 post type-post status-publish format-standard has-post-thumbnail category-critique category-expired category-spectacle category-theatre-les-halles tag-jonas-guyot tag-sabrina-roh\">\n<h6 class=\"liensouligne wp-block-post-title\"><a href=\"https:\/\/wp.unil.ch\/ateliercritique\/2014\/05\/living\/\" target=\"_self\" >Living-room dancers<\/a><\/h6>\n\n<div class=\"wp-block-post-excerpt\"><p class=\"wp-block-post-excerpt__excerpt\">Cie Nicole Seiler \/ Th\u00e9\u00e2tre Les Halles de Sierre \/ du 1 au 3 mai 2014 \/ Critiques par Sabrina Roh et Jonas Guyot. <\/p><\/div>\n\n\n<div style=\"height:1px\" aria-hidden=\"true\" class=\"wp-block-spacer\"><\/div>\n\n<\/li><li class=\"wp-block-post post-4372 post type-post status-publish format-standard has-post-thumbnail category-critique category-expired category-spectacle category-theatre-les-halles tag-aline-kohler tag-deborah-strebel tag-jehanne-denogent\">\n<h6 class=\"liensouligne wp-block-post-title\"><a href=\"https:\/\/wp.unil.ch\/ateliercritique\/2014\/05\/on-a-promis\/\" target=\"_self\" >On a promis de ne pas vous toucher<\/a><\/h6>\n\n<div class=\"wp-block-post-excerpt\"><p class=\"wp-block-post-excerpt__excerpt\">\u00e0 partir de G. Bataille \/ mise en sc\u00e8ne Aur\u00e9lien Patouillard \u2013 Zooscope \/ du 9 au 19 avril 2014 au Th\u00e9\u00e2tre Les Halles de Sierre \/ du 7 au 11 mai au Th\u00e9\u00e2tre Arsenic \u00e0 Lausanne \/ Critiques par\u2026 <\/p><\/div>\n\n\n<div style=\"height:1px\" aria-hidden=\"true\" class=\"wp-block-spacer\"><\/div>\n\n<\/li><li class=\"wp-block-post post-1297 post type-post status-publish format-standard has-post-thumbnail category-critique category-expired category-spectacle category-theatre-les-halles tag-cecilia-galindo tag-sabrina-roh\">\n<h6 class=\"liensouligne wp-block-post-title\"><a href=\"https:\/\/wp.unil.ch\/ateliercritique\/2013\/11\/deux-hamlet-2\/\" target=\"_self\" >All apologies &#8211; Hamlet<\/a><\/h6>\n\n<div class=\"wp-block-post-excerpt\"><p class=\"wp-block-post-excerpt__excerpt\">de William Shakespeare et Adrien Rupp \/ mise en sc\u00e8ne Alexandre Doublet \/ Th\u00e9\u00e2tre Les Halles de Sierre \/ du 21 novembre au 30 novembre 2013 \/ Critiques par Sabrina Roh et Cecilia Galindo. <\/p><\/div>\n\n\n<div style=\"height:1px\" aria-hidden=\"true\" class=\"wp-block-spacer\"><\/div>\n\n<\/li><li class=\"wp-block-post post-161 post type-post status-publish format-standard has-post-thumbnail category-critique category-expired category-theatre-de-larsenic category-maison-saint-gervais category-spectacle category-theatre-les-halles tag-sophie-badoux\">\n<h6 class=\"liensouligne wp-block-post-title\"><a href=\"https:\/\/wp.unil.ch\/ateliercritique\/2013\/10\/avancer\/\" target=\"_self\" >La Maison d&rsquo;Antan<\/a><\/h6>\n\n<div class=\"wp-block-post-excerpt\"><p class=\"wp-block-post-excerpt__excerpt\">Mise en sc\u00e8ne Oscar Gomez Mata \/ Compagnie l&rsquo;Alakran \/ L&rsquo;Arsenic \u00e0 Lausanne \/ Th\u00e9\u00e2tre Saint-Gervais \u00e0 Gen\u00e8ve \/ Th\u00e9\u00e2tre Les Halles de Sierre \/ du 24 au 25 octobre 2013 \/ Critique par Sophie Badoux. <\/p><\/div>\n\n\n<div style=\"height:1px\" aria-hidden=\"true\" class=\"wp-block-spacer\"><\/div>\n\n<\/li><\/ul><\/div>\n","protected":false},"excerpt":{"rendered":"<p>Critiques par spectacles jou\u00e9s dans ce th\u00e9\u00e2tre :<\/p>\n","protected":false},"author":1420,"featured_media":0,"parent":2713,"menu_order":0,"comment_status":"closed","ping_status":"closed","template":"","meta":{"_seopress_robots_primary_cat":"","_seopress_titles_title":"","_seopress_titles_desc":"","_seopress_robots_index":"","footnotes":""},"class_list":["post-2796","page","type-page","status-publish"],"_links":{"self":[{"href":"https:\/\/wp.unil.ch\/ateliercritique\/wp-json\/wp\/v2\/pages\/2796","targetHints":{"allow":["GET"]}}],"collection":[{"href":"https:\/\/wp.unil.ch\/ateliercritique\/wp-json\/wp\/v2\/pages"}],"about":[{"href":"https:\/\/wp.unil.ch\/ateliercritique\/wp-json\/wp\/v2\/types\/page"}],"author":[{"embeddable":true,"href":"https:\/\/wp.unil.ch\/ateliercritique\/wp-json\/wp\/v2\/users\/1420"}],"replies":[{"embeddable":true,"href":"https:\/\/wp.unil.ch\/ateliercritique\/wp-json\/wp\/v2\/comments?post=2796"}],"version-history":[{"count":3,"href":"https:\/\/wp.unil.ch\/ateliercritique\/wp-json\/wp\/v2\/pages\/2796\/revisions"}],"predecessor-version":[{"id":23411,"href":"https:\/\/wp.unil.ch\/ateliercritique\/wp-json\/wp\/v2\/pages\/2796\/revisions\/23411"}],"up":[{"embeddable":true,"href":"https:\/\/wp.unil.ch\/ateliercritique\/wp-json\/wp\/v2\/pages\/2713"}],"wp:attachment":[{"href":"https:\/\/wp.unil.ch\/ateliercritique\/wp-json\/wp\/v2\/media?parent=2796"}],"curies":[{"name":"wp","href":"https:\/\/api.w.org\/{rel}","templated":true}]}}