{"id":2780,"date":"2014-02-18T09:09:05","date_gmt":"2014-02-18T08:09:05","guid":{"rendered":"http:\/\/wp.unil.ch\/ateliercritique\/?page_id=2780"},"modified":"2025-03-06T11:10:43","modified_gmt":"2025-03-06T10:10:43","slug":"grange","status":"publish","type":"page","link":"https:\/\/wp.unil.ch\/ateliercritique\/theatres-partenaires\/grange\/","title":{"rendered":"La Grange (Lausanne)"},"content":{"rendered":"<div class=\"wp-block-image\">\n<figure class=\"alignleft size-full is-resized\"><a href=\"https:\/\/www.grange-unil.ch\/\"><img alt=\"\" loading=\"lazy\" decoding=\"async\" width=\"800\" height=\"450\" src=\"https:\/\/wp.unil.ch\/ateliercritique\/files\/2022\/09\/logo_grange.jpg\" alt=\"\" class=\"wp-image-16408\" style=\"width:300px\" srcset=\"https:\/\/wp.unil.ch\/ateliercritique\/files\/2022\/09\/logo_grange.jpg 800w, https:\/\/wp.unil.ch\/ateliercritique\/files\/2022\/09\/logo_grange-300x169.jpg 300w, https:\/\/wp.unil.ch\/ateliercritique\/files\/2022\/09\/logo_grange-250x141.jpg 250w, https:\/\/wp.unil.ch\/ateliercritique\/files\/2022\/09\/logo_grange-768x432.jpg 768w\" sizes=\"auto, (max-width: 800px) 100vw, 800px\" \/><\/a><\/figure>\n<\/div>\n\n\n<h4 class=\"wp-block-heading\">Critiques par spectacles jou\u00e9s dans ce th\u00e9\u00e2tre :<\/h4>\n\n\n\n<div class=\"wp-block-query is-layout-flow wp-block-query-is-layout-flow\"><ul class=\"wp-block-post-template is-layout-flow wp-block-post-template-is-layout-flow\"><li class=\"wp-block-post post-23471 post type-post status-publish format-standard has-post-thumbnail category-creation-libre category-expired category-la-grange category-spectacle tag-felix-blandin tag-ilian-guesmia\">\n<h6 class=\"liensouligne wp-block-post-title\"><a href=\"https:\/\/wp.unil.ch\/ateliercritique\/2026\/04\/le-cors-de-claudine\/\" target=\"_self\" >Le corps de Claudine<\/a><\/h6>\n\n<div class=\"wp-block-post-excerpt\"><p class=\"wp-block-post-excerpt__excerpt\">Conception et mise en sc\u00e8ne par Fabrice Gorgerat \/ La Grange \/ Centre Arts et Sciences \/ UNIL (Lausanne) \/ Du 3 au 8 mars 2026 \/ Textes cr\u00e9atifs par Ilian Guesmia et F\u00e9lix Blandin . <\/p><\/div>\n\n\n<div style=\"height:1px\" aria-hidden=\"true\" class=\"wp-block-spacer\"><\/div>\n\n<\/li><li class=\"wp-block-post post-23300 post type-post status-publish format-standard has-post-thumbnail category-critique category-expired category-la-grange category-spectacle tag-maud-seem\">\n<h6 class=\"liensouligne wp-block-post-title\"><a href=\"https:\/\/wp.unil.ch\/ateliercritique\/2025\/11\/holobiontes\/\" target=\"_self\" >Holobiontes<\/a><\/h6>\n\n<div class=\"wp-block-post-excerpt\"><p class=\"wp-block-post-excerpt__excerpt\">Conception et mise en sc\u00e8ne par Florencia Demestri et Samuel Lefeuvre\/ La Grange \/ Centre Arts et Sciences \/ UNIL (Lausanne)\/ Du 30 octobre au 1er novembre 2025 \/ Critique par Maud Seem . <\/p><\/div>\n\n\n<div style=\"height:1px\" aria-hidden=\"true\" class=\"wp-block-spacer\"><\/div>\n\n<\/li><li class=\"wp-block-post post-23059 post type-post status-publish format-standard has-post-thumbnail category-critique category-expired category-la-grange category-spectacle tag-ines-dalle tag-killian-lachat\">\n<h6 class=\"liensouligne wp-block-post-title\"><a href=\"https:\/\/wp.unil.ch\/ateliercritique\/2025\/03\/faire-troupeau\/\" target=\"_self\" >Faire troupeau<\/a><\/h6>\n\n<div class=\"wp-block-post-excerpt\"><p class=\"wp-block-post-excerpt__excerpt\">Conception et jeu par Marion Thomas \/ La Grange \u2013 Centre \/ Arts et Science \/ UNIL \/ 27 mars 2025 \/ Critiques par In\u00e8s Dalle et Killian Lachat . <\/p><\/div>\n\n\n<div style=\"height:1px\" aria-hidden=\"true\" class=\"wp-block-spacer\"><\/div>\n\n<\/li><li class=\"wp-block-post post-22988 post type-post status-publish format-standard has-post-thumbnail category-creation-libre category-expired category-la-grange category-spectacle tag-celia-reymond tag-hadrien-halter tag-killian-lachat tag-laurie-boissenin tag-loris-ferrari tag-lucie-ortet tag-maxime-grandjean tag-muireann-walsh tag-orane-gigon\">\n<h6 class=\"liensouligne wp-block-post-title\"><a href=\"https:\/\/wp.unil.ch\/ateliercritique\/2025\/03\/la-visite-du-futur-imparfait\/\" target=\"_self\" >La visite du futur imparfait<\/a><\/h6>\n\n<div class=\"wp-block-post-excerpt\"><p class=\"wp-block-post-excerpt__excerpt\">Conception et jeu par Yvan Richardet \/ La Grange \u2013 Centre \/ Arts et Science \/ UNIL \/ Du 11 mars au 15 mai 2025 \/ Textes cr\u00e9atifs par Orane Gigon, Maxime Grandjean, Killian Lachat, Lucie Ortet, Hadrien Halter, Loris\u2026 <\/p><\/div>\n\n\n<div style=\"height:1px\" aria-hidden=\"true\" class=\"wp-block-spacer\"><\/div>\n\n<\/li><li class=\"wp-block-post post-22894 post type-post status-publish format-standard has-post-thumbnail category-critique category-expired category-la-grange category-spectacle tag-loris-ferrari tag-petya-ivanova\">\n<h6 class=\"liensouligne wp-block-post-title\"><a href=\"https:\/\/wp.unil.ch\/ateliercritique\/2025\/03\/a-cinq-ans-jai-oublie-le-francais\/\" target=\"_self\" >A cinq ans, j&rsquo;ai oubli\u00e9 le Fran\u00e7ais<\/a><\/h6>\n\n<div class=\"wp-block-post-excerpt\"><p class=\"wp-block-post-excerpt__excerpt\">Conception et mise en sc\u00e8ne par Anouk Werro et M\u00e9lissa Rouvinet \/ \u00a0La Grange &#8211; Centre \/ Arts et Science \/ UNIL \/ Du 25 f\u00e9vrier au 2 mars 2025 \/ Critiques par Petya Ivanova et Loris Ferrari . <\/p><\/div>\n\n\n<div style=\"height:1px\" aria-hidden=\"true\" class=\"wp-block-spacer\"><\/div>\n\n<\/li><li class=\"wp-block-post post-19999 post type-post status-publish format-standard has-post-thumbnail category-critique category-expired category-la-grange category-spectacle tag-lou-sicovier\">\n<h6 class=\"liensouligne wp-block-post-title\"><a href=\"https:\/\/wp.unil.ch\/ateliercritique\/2024\/11\/toute-intention-de-nuire\/\" target=\"_self\" >Toute intention de nuire<\/a><\/h6>\n\n<div class=\"wp-block-post-excerpt\"><p class=\"wp-block-post-excerpt__excerpt\">Conception et mise en sc\u00e8ne par Adrien Barazzone \/ \u00a0La Grange &#8211; Centre \/ Arts et Science \/ UNIL \/ 20, 21 et 23 novembre 2024 \/ Critique par Lou Sicovier . <\/p><\/div>\n\n\n<div style=\"height:1px\" aria-hidden=\"true\" class=\"wp-block-spacer\"><\/div>\n\n<\/li><li class=\"wp-block-post post-19160 post type-post status-publish format-standard has-post-thumbnail category-critique category-expired category-la-grange category-spectacle tag-piera-biondina\">\n<h6 class=\"liensouligne wp-block-post-title\"><a href=\"https:\/\/wp.unil.ch\/ateliercritique\/2024\/06\/derborence-2\/\" target=\"_self\" >Derborence<\/a><\/h6>\n\n<div class=\"wp-block-post-excerpt\"><p class=\"wp-block-post-excerpt__excerpt\">Conception par Amaranta Fontcuberta et Simon Senn \/ mise en sc\u00e8ne par Simon Senn \/La Grange \u2013 Centre \/ Arts et Science \/ UNIL \/ du 1 au 6 juin 2024 \/ Critique par Piera Biondina . <\/p><\/div>\n\n\n<div style=\"height:1px\" aria-hidden=\"true\" class=\"wp-block-spacer\"><\/div>\n\n<\/li><li class=\"wp-block-post post-18855 post type-post status-publish format-standard has-post-thumbnail category-critique category-expired category-la-grange category-spectacle tag-clelie-vuillaume tag-joaquin-marine-pinero\">\n<h6 class=\"liensouligne wp-block-post-title\"><a href=\"https:\/\/wp.unil.ch\/ateliercritique\/2024\/06\/medee-superstar\/\" target=\"_self\" >M\u00e9d\u00e9e Superstar<\/a><\/h6>\n\n<div class=\"wp-block-post-excerpt\"><p class=\"wp-block-post-excerpt__excerpt\">Texte et mise en sc\u00e8ne par la Cie Les Bernardes \/ La Grange \u2013 Centre \/ Arts et Science \/ UNIL \/ du 25 au 26 mai 2024 \/ Critiques par Cl\u00e9lie Vuillaume et Joaquin Marin\u00e9 Pi\u00f1ero . <\/p><\/div>\n\n\n<div style=\"height:1px\" aria-hidden=\"true\" class=\"wp-block-spacer\"><\/div>\n\n<\/li><li class=\"wp-block-post post-17860 post type-post status-publish format-standard has-post-thumbnail category-critique category-expired category-la-grange category-spectacle tag-noelie-jeannerat\">\n<h6 class=\"liensouligne wp-block-post-title\"><a href=\"https:\/\/wp.unil.ch\/ateliercritique\/2024\/04\/le-cerveau-mou-de-lexistence\/\" target=\"_self\" >Le cerveau mou de l\u2019existence<\/a><\/h6>\n\n<div class=\"wp-block-post-excerpt\"><p class=\"wp-block-post-excerpt__excerpt\">Conception et interpr\u00e9tation par le collectif Foulles \/ La Grange \u2013 Centre \/ Arts et Science \/ UNIL \/ du 18 au 20 avril 2024 \/ Critique par Noelie Jeannerat . <\/p><\/div>\n\n\n<div style=\"height:1px\" aria-hidden=\"true\" class=\"wp-block-spacer\"><\/div>\n\n<\/li><li class=\"wp-block-post post-17692 post type-post status-publish format-standard has-post-thumbnail category-critique category-expired category-la-grange category-spectacle tag-clelie-vuillaume\">\n<h6 class=\"liensouligne wp-block-post-title\"><a href=\"https:\/\/wp.unil.ch\/ateliercritique\/2024\/03\/de-la-sexualite-des-orchidees\/\" target=\"_self\" >De la sexualit\u00e9 des orchid\u00e9es<\/a><\/h6>\n\n<div class=\"wp-block-post-excerpt\"><p class=\"wp-block-post-excerpt__excerpt\">Conception, \u00e9criture et mise en sc\u00e8ne par Sofia Teillet \/\u00a0La Grange \u2013 Centre \/ Arts et Science \/ UNIL\u00a0\/\u00a0du 12 au 15 mars 2024 \/ Critique par Cl\u00e9lie Vuillaume. <\/p><\/div>\n\n\n<div style=\"height:1px\" aria-hidden=\"true\" class=\"wp-block-spacer\"><\/div>\n\n<\/li><li class=\"wp-block-post post-17681 post type-post status-publish format-standard has-post-thumbnail category-critique category-expired category-la-grange category-spectacle tag-anna-chialva tag-clelie-vuillaume tag-emma-chapatte tag-joaquin-marine-pinero tag-marguerite-thery\">\n<h6 class=\"liensouligne wp-block-post-title\"><a href=\"https:\/\/wp.unil.ch\/ateliercritique\/2024\/03\/peut-etre-quun-jour-quelque-chose-dinattendu-jaillira-de-ces-estomacs\/\" target=\"_self\" >Peut-\u00eatre qu\u2019un jour quelque chose d\u2019inattendu jaillira de ces estomacs<\/a><\/h6>\n\n<div class=\"wp-block-post-excerpt\"><p class=\"wp-block-post-excerpt__excerpt\">Conception, \u00e9criture et mise en sc\u00e8ne\u00a0Jonas Lambelet \/La Grange \u2013 Centre \/ Arts et Science \/ UNIL\u00a0\/\u00a0du 27 f\u00e9vrier au 03 mars 2024 \/ Cr\u00e9ations libres inspir\u00e9es par le spectacle par Marguerite Thery, Joaquin Marin\u00e9 Pi\u00f1ero, Cl\u00e9lie Vuillaume, Emma Chapatte\u2026 <\/p><\/div>\n\n\n<div style=\"height:1px\" aria-hidden=\"true\" class=\"wp-block-spacer\"><\/div>\n\n<\/li><li class=\"wp-block-post post-17309 post type-post status-publish format-standard has-post-thumbnail category-critique category-expired category-la-grange category-spectacle tag-piera-biondina tag-theo-krebs\">\n<h6 class=\"liensouligne wp-block-post-title\"><a href=\"https:\/\/wp.unil.ch\/ateliercritique\/2023\/12\/festival\/\" target=\"_self\" >Festival<\/a><\/h6>\n\n<div class=\"wp-block-post-excerpt\"><p class=\"wp-block-post-excerpt__excerpt\">Conception et jeu par Claire Dessimoz, Clara Delorme, Louis Bonard \/La Grange \u2013 Centre \/ Arts et Science \/ UNIL \/ du 5 au 10 d\u00e9cembre 2023 \/ critiques par Th\u00e9o Krebs et Piera Biondina . <\/p><\/div>\n\n\n<div style=\"height:1px\" aria-hidden=\"true\" class=\"wp-block-spacer\"><\/div>\n\n<\/li><li class=\"wp-block-post post-16843 post type-post status-publish format-standard has-post-thumbnail category-critique category-expired category-la-grange category-spectacle tag-theo-krebs\">\n<h6 class=\"liensouligne wp-block-post-title\"><a href=\"https:\/\/wp.unil.ch\/ateliercritique\/2023\/05\/camille\/\" target=\"_self\" >Camille<\/a><\/h6>\n\n<div class=\"wp-block-post-excerpt\"><p class=\"wp-block-post-excerpt__excerpt\">Cr\u00e9ation, direction artistique et performance Sarah Bucher \/La Grange \u2013 Centre \/ Arts et Science \/ UNIL \/ Du 11 au 13 mai 2023 \/ critique par Th\u00e9o Krebs . <\/p><\/div>\n\n\n<div style=\"height:1px\" aria-hidden=\"true\" class=\"wp-block-spacer\"><\/div>\n\n<\/li><li class=\"wp-block-post post-16795 post type-post status-publish format-standard has-post-thumbnail category-critique category-expired category-la-grange category-spectacle tag-manon-lelievre tag-sylvain-grangier tag-theo-krebs tag-timon-musy\">\n<h6 class=\"liensouligne wp-block-post-title\"><a href=\"https:\/\/wp.unil.ch\/ateliercritique\/2023\/05\/tous-les-poetes-habitent-valparaiso\/\" target=\"_self\" >Tous les po\u00e8tes habitent Valparaiso<\/a><\/h6>\n\n<div class=\"wp-block-post-excerpt\"><p class=\"wp-block-post-excerpt__excerpt\">Texte de Carine Corajoud \/ Conception et mise en sc\u00e8ne par Dorian Rossel \/ Cie Super Trop Top \/ La Grange \u2013 Centre \/ Arts et Science \/ UNIL \/ du 07 au 12 mars 2023 \/ cr\u00e9ations libres par\u2026 <\/p><\/div>\n\n\n<div style=\"height:1px\" aria-hidden=\"true\" class=\"wp-block-spacer\"><\/div>\n\n<\/li><li class=\"wp-block-post post-16560 post type-post status-publish format-standard has-post-thumbnail category-critique category-expired category-la-grange category-spectacle tag-isabelle-fasnacht\">\n<h6 class=\"liensouligne wp-block-post-title\"><a href=\"https:\/\/wp.unil.ch\/ateliercritique\/2022\/12\/kick-ball-change\/\" target=\"_self\" >Kick Ball Change<\/a><\/h6>\n\n<div class=\"wp-block-post-excerpt\"><p class=\"wp-block-post-excerpt__excerpt\">Con\u00e7u, chor\u00e9graphi\u00e9 et interpr\u00e9t\u00e9 par Kiyan Khoshoie et Charlotte Dumartheray \/ La Grange \u2013 Centre \/ Arts et Science \/ UNIL \/ Coproduction Le Gr\u00fctli \/ du 7 au 12 d\u00e9cembre 2022 \/ critique par Isabelle Fasnacht . <\/p><\/div>\n\n\n<div style=\"height:1px\" aria-hidden=\"true\" class=\"wp-block-spacer\"><\/div>\n\n<\/li><li class=\"wp-block-post post-16509 post type-post status-publish format-standard has-post-thumbnail category-critique category-expired category-la-grange category-spectacle tag-manon-lelievre\">\n<h6 class=\"liensouligne wp-block-post-title\"><a href=\"https:\/\/wp.unil.ch\/ateliercritique\/2022\/11\/on-nest-pas-venues-les-mains-vides\/\" target=\"_self\" >On n\u2019est pas venues les mains vides !<\/a><\/h6>\n\n<div class=\"wp-block-post-excerpt\"><p class=\"wp-block-post-excerpt__excerpt\">De Tatiana Baumgartner et Caroline Imhof de la Compagnie S\u00f6r\u00f6r\u00f6 \/ La Grange \u2013 Centre \/ Arts et Science \/ UNIL \/ du 11 au 16 novembre 2022 \/ critique par Manon Leli\u00e8vre . <\/p><\/div>\n\n\n<div style=\"height:1px\" aria-hidden=\"true\" class=\"wp-block-spacer\"><\/div>\n\n<\/li><li class=\"wp-block-post post-16493 post type-post status-publish format-standard has-post-thumbnail category-critique category-expired category-la-grange category-spectacle tag-sylvain-grangier\">\n<h6 class=\"liensouligne wp-block-post-title\"><a href=\"https:\/\/wp.unil.ch\/ateliercritique\/2022\/11\/les-oceanographes\/\" target=\"_self\" >Les Oc\u00e9anographes<\/a><\/h6>\n\n<div class=\"wp-block-post-excerpt\"><p class=\"wp-block-post-excerpt__excerpt\">Conception et mise en sc\u00e8ne \u00c9milie Rousset et Louise H\u00e9mon \/La Grange \u2013 Centre \/ Arts et Science \/ UNIL \/ Du 2 au 5 novembre 2022 \/ critique par Sylvain Grangier . <\/p><\/div>\n\n\n<div style=\"height:1px\" aria-hidden=\"true\" class=\"wp-block-spacer\"><\/div>\n\n<\/li><li class=\"wp-block-post post-16417 post type-post status-publish format-standard has-post-thumbnail category-critique category-expired category-la-grange category-spectacle tag-clementine-glardon\">\n<h6 class=\"liensouligne wp-block-post-title\"><a href=\"https:\/\/wp.unil.ch\/ateliercritique\/2022\/10\/aveugles-ou-comment-se-donner-du-courage-pour-agir-ensemble\/\" target=\"_self\" >Aveugles ou comment se donner du courage pour agir ensemble<\/a><\/h6>\n\n<div class=\"wp-block-post-excerpt\"><p class=\"wp-block-post-excerpt__excerpt\">\u00c9criture et jeu Le joli collectif (Marie-Lis Cabri\u00e8res, Vincent Collet, Fanny Fezans, Vincent Voisin) \/ mise en sc\u00e8ne de Vincent Collet, avec la collaboration de Pierre D\u00e9aux \/ La Grange \u2013 Centre \/ Arts et Science \/ UNIL \/ du\u2026 <\/p><\/div>\n\n\n<div style=\"height:1px\" aria-hidden=\"true\" class=\"wp-block-spacer\"><\/div>\n\n<\/li><li class=\"wp-block-post post-16176 post type-post status-publish format-standard has-post-thumbnail category-critique category-expired category-la-grange category-spectacle tag-clementine-glardon tag-manon-lelievre\">\n<h6 class=\"liensouligne wp-block-post-title\"><a href=\"https:\/\/wp.unil.ch\/ateliercritique\/2022\/04\/g5\/\" target=\"_self\" >G5<\/a><\/h6>\n\n<div class=\"wp-block-post-excerpt\"><p class=\"wp-block-post-excerpt__excerpt\">Texte et mise en sc\u00e8ne Rocio Berenguer \/ La Grange \u2013 Centre \/ Arts et Science \/ UNIL \/ du 24 au 27 mars 2022 \/ critiques par Cl\u00e9mentine Glardon et Manon Leli\u00e8vre . <\/p><\/div>\n\n\n<div style=\"height:1px\" aria-hidden=\"true\" class=\"wp-block-spacer\"><\/div>\n\n<\/li><li class=\"wp-block-post post-15897 post type-post status-publish format-standard has-post-thumbnail category-critique category-expired category-theatre-de-larsenic category-la-grange category-spectacle tag-celine-bignotti tag-nathan-maggetti\">\n<h6 class=\"liensouligne wp-block-post-title\"><a href=\"https:\/\/wp.unil.ch\/ateliercritique\/2021\/12\/le-balcon-ou-la-maison-dillusions\/\" target=\"_self\" >Le Balcon ou la Maison d\u2019illusions<\/a><\/h6>\n\n<div class=\"wp-block-post-excerpt\"><p class=\"wp-block-post-excerpt__excerpt\">D\u2019apr\u00e8s Jean Genet \/ Mise en sc\u00e8ne par Sandra Gaudin \/ Cie un air de rien \/ La Grange de Dorigny hors les murs \/ du 17 au 23 d\u00e9cembre 2021. <\/p><\/div>\n\n\n<div style=\"height:1px\" aria-hidden=\"true\" class=\"wp-block-spacer\"><\/div>\n\n<\/li><li class=\"wp-block-post post-15853 post type-post status-publish format-standard has-post-thumbnail category-critique category-expired category-theatre-de-larsenic category-la-grange category-spectacle tag-sarah-neu\">\n<h6 class=\"liensouligne wp-block-post-title\"><a href=\"https:\/\/wp.unil.ch\/ateliercritique\/2021\/12\/chambre-avec-vieux\/\" target=\"_self\" >Chambre avec vieux<\/a><\/h6>\n\n<div class=\"wp-block-post-excerpt\"><p class=\"wp-block-post-excerpt__excerpt\">Chambre avec vieux \/ Mise en sc\u00e8ne par Fabrice Gorgerat \/ La Grange de Dorigny hors les murs \/ du 14 au 19 d\u00e9cembre \/ Critique par Sarah Neu . <\/p><\/div>\n\n\n<div style=\"height:1px\" aria-hidden=\"true\" class=\"wp-block-spacer\"><\/div>\n\n<\/li><li class=\"wp-block-post post-15069 post type-post status-publish format-standard has-post-thumbnail category-critique category-expired category-la-grange category-spectacle tag-cloe-bensai tag-darya-feral tag-frederique-sautin tag-johanna-codourey tag-maelle-aeby-2 tag-michael-rolli tag-sarah-neu tag-valentine-bovey\">\n<h6 class=\"liensouligne wp-block-post-title\"><a href=\"https:\/\/wp.unil.ch\/ateliercritique\/2021\/04\/danse-delhi\/\" target=\"_self\" >Danse \u00ab Delhi \u00bb<\/a><\/h6>\n\n<div class=\"wp-block-post-excerpt\"><p class=\"wp-block-post-excerpt__excerpt\">Texte d\u2019Ivan Viripaev \/ Mise en sc\u00e8ne par C\u00e9dric Dorier (Les C\u00e9l\u00e9brants) \/ Initialement programm\u00e9 \u00e0 La Grange de Dorigny en avril 2021 \/ Captation vid\u00e9o du 28 octobre 2020 au Th\u00e9\u00e2tre Oriental-Vevey \/ Critique par Sarah Neu, Micha\u00ebl Rolli,\u2026 <\/p><\/div>\n\n\n<div style=\"height:1px\" aria-hidden=\"true\" class=\"wp-block-spacer\"><\/div>\n\n<\/li><li class=\"wp-block-post post-15054 post type-post status-publish format-standard has-post-thumbnail category-critique category-expired category-la-grange category-spectacle tag-johanna-codourey tag-valentine-bovey\">\n<h6 class=\"liensouligne wp-block-post-title\"><a href=\"https:\/\/wp.unil.ch\/ateliercritique\/2021\/04\/la-grace\/\" target=\"_self\" >La Gr\u00e2ce<\/a><\/h6>\n\n<div class=\"wp-block-post-excerpt\"><p class=\"wp-block-post-excerpt__excerpt\">Mise en sc\u00e8ne et cr\u00e9ation par Gustavo Giacosa \/ La Grange de Dorigny \/ le vendredi 26 mars 2021 (pour un public professionnel) \/ Critiques par Johanna Codourey et Valentine Bovey . <\/p><\/div>\n\n\n<div style=\"height:1px\" aria-hidden=\"true\" class=\"wp-block-spacer\"><\/div>\n\n<\/li><li class=\"wp-block-post post-14997 post type-post status-publish format-standard has-post-thumbnail category-critique category-expired category-la-grange category-spectacle tag-valentine-bovey\">\n<h6 class=\"liensouligne wp-block-post-title\"><a href=\"https:\/\/wp.unil.ch\/ateliercritique\/2021\/03\/marie-stuart\/\" target=\"_self\" >Marie Stuart<\/a><\/h6>\n\n<div class=\"wp-block-post-excerpt\"><p class=\"wp-block-post-excerpt__excerpt\">D\u2019apr\u00e8s l\u2019oeuvre de Fr\u00e9d\u00e9ric Schiller \/ Par la Cie Les D\u00e9biteurs \/ Mise en sc\u00e8ne par J\u00e9r\u00f4me Junod \/ La Grange de Dorigny \/ Mars 2021 \/ Critique par Valentine Bovey . <\/p><\/div>\n\n\n<div style=\"height:1px\" aria-hidden=\"true\" class=\"wp-block-spacer\"><\/div>\n\n<\/li><li class=\"wp-block-post post-14237 post type-post status-publish format-standard has-post-thumbnail category-critique category-expired category-la-grange category-spectacle tag-alicia-carron tag-avi-cagin tag-fadri-gumy tag-jade-lambelet tag-judith-marchal tag-monique-kountangni tag-noe-maggetti tag-stella-wohlers\">\n<h6 class=\"liensouligne wp-block-post-title\"><a href=\"https:\/\/wp.unil.ch\/ateliercritique\/2020\/03\/peer-ou-nous-ne-monterons-pas-peer-gynt\/\" target=\"_self\" >Peer ou, nous ne monterons pas Peer Gynt<\/a><\/h6>\n\n<div class=\"wp-block-post-excerpt\"><p class=\"wp-block-post-excerpt__excerpt\">Concept et mise en sc\u00e8ne de Fabrice Gorgerat \/ La Grange de Dorigny \/ du 25 au 29 f\u00e9vrier 2020 \/ Critiques par No\u00e9 Maggetti, Judith Marchal, Alicia Carron, Monique Kountangni, Jade Lambelet, Av\u00ee Cagnin, Stella Wohlers et Fadri Gumy. <\/p><\/div>\n\n\n<div style=\"height:1px\" aria-hidden=\"true\" class=\"wp-block-spacer\"><\/div>\n\n<\/li><\/ul><\/div>\n","protected":false},"excerpt":{"rendered":"<p>Critiques par spectacles jou\u00e9s dans ce th\u00e9\u00e2tre :<\/p>\n","protected":false},"author":1420,"featured_media":0,"parent":2713,"menu_order":0,"comment_status":"closed","ping_status":"closed","template":"","meta":{"_seopress_robots_primary_cat":"","_seopress_titles_title":"","_seopress_titles_desc":"","_seopress_robots_index":"","footnotes":""},"class_list":["post-2780","page","type-page","status-publish"],"_links":{"self":[{"href":"https:\/\/wp.unil.ch\/ateliercritique\/wp-json\/wp\/v2\/pages\/2780","targetHints":{"allow":["GET"]}}],"collection":[{"href":"https:\/\/wp.unil.ch\/ateliercritique\/wp-json\/wp\/v2\/pages"}],"about":[{"href":"https:\/\/wp.unil.ch\/ateliercritique\/wp-json\/wp\/v2\/types\/page"}],"author":[{"embeddable":true,"href":"https:\/\/wp.unil.ch\/ateliercritique\/wp-json\/wp\/v2\/users\/1420"}],"replies":[{"embeddable":true,"href":"https:\/\/wp.unil.ch\/ateliercritique\/wp-json\/wp\/v2\/comments?post=2780"}],"version-history":[{"count":2,"href":"https:\/\/wp.unil.ch\/ateliercritique\/wp-json\/wp\/v2\/pages\/2780\/revisions"}],"predecessor-version":[{"id":22815,"href":"https:\/\/wp.unil.ch\/ateliercritique\/wp-json\/wp\/v2\/pages\/2780\/revisions\/22815"}],"up":[{"embeddable":true,"href":"https:\/\/wp.unil.ch\/ateliercritique\/wp-json\/wp\/v2\/pages\/2713"}],"wp:attachment":[{"href":"https:\/\/wp.unil.ch\/ateliercritique\/wp-json\/wp\/v2\/media?parent=2780"}],"curies":[{"name":"wp","href":"https:\/\/api.w.org\/{rel}","templated":true}]}}