{"id":23472,"date":"2026-04-01T08:51:18","date_gmt":"2026-04-01T06:51:18","guid":{"rendered":"https:\/\/wp.unil.ch\/ateliercritique\/?page_id=23472"},"modified":"2026-04-01T08:52:10","modified_gmt":"2026-04-01T06:52:10","slug":"felix-blandin","status":"publish","type":"page","link":"https:\/\/wp.unil.ch\/ateliercritique\/felix-blandin\/","title":{"rendered":"F\u00e9lix Blandin"},"content":{"rendered":"\n<h4 class=\"wp-block-heading\">Les critiques de F\u00e9lix Blandin: <\/h4>\n\n\n\n<div class=\"wp-block-query is-layout-flow wp-block-query-is-layout-flow\"><ul class=\"wp-block-post-template is-layout-flow wp-block-post-template-is-layout-flow\"><li class=\"wp-block-post post-23471 post type-post status-publish format-standard has-post-thumbnail category-creation-libre category-expired category-la-grange category-spectacle tag-felix-blandin tag-ilian-guesmia\">\n<h6 class=\"liensouligne wp-block-post-title\"><a href=\"https:\/\/wp.unil.ch\/ateliercritique\/2026\/04\/le-cors-de-claudine\/\" target=\"_self\" >Le corps de Claudine<\/a><\/h6>\n\n<div class=\"wp-block-post-excerpt\"><p class=\"wp-block-post-excerpt__excerpt\">Conception et mise en sc\u00e8ne par Fabrice Gorgerat \/ La Grange \/ Centre Arts et Sciences \/ UNIL (Lausanne) \/ Du 3 au 8 mars 2026 \/ Textes cr\u00e9atifs par Ilian Guesmia et F\u00e9lix Blandin . <\/p><\/div>\n\n\n<div style=\"height:1px\" aria-hidden=\"true\" class=\"wp-block-spacer\"><\/div>\n\n<\/li><li class=\"wp-block-post post-23461 post type-post status-publish format-standard has-post-thumbnail category-critique category-onstage category-spectacle category-theatre-de-carouge tag-felix-blandin tag-mathys-lonfat\">\n<h6 class=\"liensouligne wp-block-post-title\"><a href=\"https:\/\/wp.unil.ch\/ateliercritique\/2026\/03\/le-tartuffe\/\" target=\"_self\" >Le Tartuffe<\/a><\/h6>\n\n<div class=\"wp-block-post-excerpt\"><p class=\"wp-block-post-excerpt__excerpt\">D&rsquo;apr\u00e8s Moli\u00e8re \/ Mise en sc\u00e8ne par Jean Liermier \/ Th\u00e9\u00e2tre de Carouge (Gen\u00e8ve) \/ Du 3 mars au 2 avril 2026 \/ Critiques par Mathys Lonfat et F\u00e9lix Blandin . <\/p><\/div>\n\n\n<div style=\"height:1px\" aria-hidden=\"true\" class=\"wp-block-spacer\"><\/div>\n\n<\/li><\/ul><\/div>\n\n\n\n<p><\/p>\n","protected":false},"excerpt":{"rendered":"<p>Les critiques de F\u00e9lix Blandin:<\/p>\n","protected":false},"author":1002847,"featured_media":0,"parent":0,"menu_order":0,"comment_status":"closed","ping_status":"closed","template":"","meta":{"_seopress_robots_primary_cat":"","_seopress_titles_title":"","_seopress_titles_desc":"","_seopress_robots_index":"","footnotes":""},"class_list":["post-23472","page","type-page","status-publish"],"_links":{"self":[{"href":"https:\/\/wp.unil.ch\/ateliercritique\/wp-json\/wp\/v2\/pages\/23472","targetHints":{"allow":["GET"]}}],"collection":[{"href":"https:\/\/wp.unil.ch\/ateliercritique\/wp-json\/wp\/v2\/pages"}],"about":[{"href":"https:\/\/wp.unil.ch\/ateliercritique\/wp-json\/wp\/v2\/types\/page"}],"author":[{"embeddable":true,"href":"https:\/\/wp.unil.ch\/ateliercritique\/wp-json\/wp\/v2\/users\/1002847"}],"replies":[{"embeddable":true,"href":"https:\/\/wp.unil.ch\/ateliercritique\/wp-json\/wp\/v2\/comments?post=23472"}],"version-history":[{"count":2,"href":"https:\/\/wp.unil.ch\/ateliercritique\/wp-json\/wp\/v2\/pages\/23472\/revisions"}],"predecessor-version":[{"id":23477,"href":"https:\/\/wp.unil.ch\/ateliercritique\/wp-json\/wp\/v2\/pages\/23472\/revisions\/23477"}],"wp:attachment":[{"href":"https:\/\/wp.unil.ch\/ateliercritique\/wp-json\/wp\/v2\/media?parent=23472"}],"curies":[{"name":"wp","href":"https:\/\/api.w.org\/{rel}","templated":true}]}}