{"id":23017,"date":"2025-03-27T22:25:59","date_gmt":"2025-03-27T21:25:59","guid":{"rendered":"https:\/\/wp.unil.ch\/ateliercritique\/?page_id=23017"},"modified":"2025-04-06T14:08:55","modified_gmt":"2025-04-06T12:08:55","slug":"killian-lachat","status":"publish","type":"page","link":"https:\/\/wp.unil.ch\/ateliercritique\/killian-lachat\/","title":{"rendered":"Killian Lachat"},"content":{"rendered":"<div class=\"wp-block-image\">\n<figure class=\"alignright size-large is-resized\"><img loading=\"lazy\" decoding=\"async\" width=\"1024\" height=\"683\" src=\"https:\/\/wp.unil.ch\/ateliercritique\/files\/2025\/04\/killian-lachat-1024x683.jpg\" alt=\"killian lachat\" class=\"wp-image-23105\" style=\"width:300px\" srcset=\"https:\/\/wp.unil.ch\/ateliercritique\/files\/2025\/04\/killian-lachat-1024x683.jpg 1024w, https:\/\/wp.unil.ch\/ateliercritique\/files\/2025\/04\/killian-lachat-300x200.jpg 300w, https:\/\/wp.unil.ch\/ateliercritique\/files\/2025\/04\/killian-lachat-250x167.jpg 250w, https:\/\/wp.unil.ch\/ateliercritique\/files\/2025\/04\/killian-lachat-768x512.jpg 768w, https:\/\/wp.unil.ch\/ateliercritique\/files\/2025\/04\/killian-lachat-1536x1024.jpg 1536w, https:\/\/wp.unil.ch\/ateliercritique\/files\/2025\/04\/killian-lachat.jpg 1800w\" sizes=\"auto, (max-width: 1024px) 100vw, 1024px\" \/><\/figure>\n<\/div>\n\n\n<h4 class=\"wp-block-heading\">Les critiques de Killian Lachat : <\/h4>\n\n\n\n<div class=\"wp-block-query is-layout-flow wp-block-query-is-layout-flow\"><ul class=\"wp-block-post-template is-layout-flow wp-block-post-template-is-layout-flow\"><li class=\"wp-block-post post-23150 post type-post status-publish format-standard has-post-thumbnail category-critique category-expired category-spectacle category-spot-sion tag-killian-lachat\">\n<h6 class=\"liensouligne wp-block-post-title\"><a href=\"https:\/\/wp.unil.ch\/ateliercritique\/2025\/05\/ocean-mer\/\" target=\"_self\" >Oc\u00e9an mer<\/a><\/h6>\n\n<div class=\"wp-block-post-excerpt\"><p class=\"wp-block-post-excerpt__excerpt\">D&rsquo;apr\u00e8s le roman d&rsquo;Alessandro Baricco et la traduction de Fran\u00e7oise Brun \/ Mise en sc\u00e8ne par Lionel Fournier \/ Th\u00e9\u00e2tre Le Spot (Sion) \/ Du 7 au 10 mai 2025 \/ Critique par Killian Lachat . <\/p><\/div>\n\n\n<div style=\"height:1px\" aria-hidden=\"true\" class=\"wp-block-spacer\"><\/div>\n\n<\/li><li class=\"wp-block-post post-23136 post type-post status-publish format-standard has-post-thumbnail category-critique category-expired category-le-petit-theatre category-spectacle tag-killian-lachat tag-petya-ivanova\">\n<h6 class=\"liensouligne wp-block-post-title\"><a href=\"https:\/\/wp.unil.ch\/ateliercritique\/2025\/05\/cosimo\/\" target=\"_self\" >Cosimo<\/a><\/h6>\n\n<div class=\"wp-block-post-excerpt\"><p class=\"wp-block-post-excerpt__excerpt\">D&rsquo;apr\u00e8s Italo Calvino \/ Mise en sc\u00e8ne par Jean-Yves Ruf \/ Le Petit Th\u00e9\u00e2tre (Lausanne) \/ Du 30 avril au 11 mai 2025 \/ Critiques par Petya Ivanova et Killian Lachat . <\/p><\/div>\n\n\n<div style=\"height:1px\" aria-hidden=\"true\" class=\"wp-block-spacer\"><\/div>\n\n<\/li><li class=\"wp-block-post post-23125 post type-post status-publish format-standard has-post-thumbnail category-critique category-expired category-spectacle category-theatre-am-stram-gram-geneve tag-killian-lachat\">\n<h6 class=\"liensouligne wp-block-post-title\"><a href=\"https:\/\/wp.unil.ch\/ateliercritique\/2025\/04\/au-diapason\/\" target=\"_self\" >Au Diapason<\/a><\/h6>\n\n<div class=\"wp-block-post-excerpt\"><p class=\"wp-block-post-excerpt__excerpt\">Conception et mise en sc\u00e8ne Lou Ciszewski \/ Th\u00e9\u00e2tre Am Stram Gram (Gen\u00e8ve) \/ Du 4 au 13 avril 2025 \/ Critique par Killian Lachat . <\/p><\/div>\n\n\n<div style=\"height:1px\" aria-hidden=\"true\" class=\"wp-block-spacer\"><\/div>\n\n<\/li><li class=\"wp-block-post post-23099 post type-post status-publish format-standard has-post-thumbnail category-critique category-expired category-spectacle category-theatre-de-vidy tag-alexia-gay tag-celia-reymond tag-killian-lachat tag-laurie-boissenin tag-loris-ferrari tag-maxime-grandjean tag-muireann-walsh tag-orane-gigon\">\n<h6 class=\"liensouligne wp-block-post-title\"><a href=\"https:\/\/wp.unil.ch\/ateliercritique\/2025\/04\/lenz\/\" target=\"_self\" >Lenz<\/a><\/h6>\n\n<div class=\"wp-block-post-excerpt\"><p class=\"wp-block-post-excerpt__excerpt\">D&rsquo;apr\u00e8s Georg B\u00fcchner \/ Mise en sc\u00e8ne par \u00c9l\u00e9onore Bonah et Maria Clara Castioni \/ Th\u00e9\u00e2tre de Vidy (Lausanne) \/ Du 1 au 10 avril 2025 \/ Critiques par Alexia Gay, Muireann Walsh, Loris Ferrari, Laurie Boissenin, Killian Lachat, Maxime\u2026 <\/p><\/div>\n\n\n<div style=\"height:1px\" aria-hidden=\"true\" class=\"wp-block-spacer\"><\/div>\n\n<\/li><li class=\"wp-block-post post-23059 post type-post status-publish format-standard has-post-thumbnail category-critique category-expired category-la-grange category-spectacle tag-ines-dalle tag-killian-lachat\">\n<h6 class=\"liensouligne wp-block-post-title\"><a href=\"https:\/\/wp.unil.ch\/ateliercritique\/2025\/03\/faire-troupeau\/\" target=\"_self\" >Faire troupeau<\/a><\/h6>\n\n<div class=\"wp-block-post-excerpt\"><p class=\"wp-block-post-excerpt__excerpt\">Conception et jeu par Marion Thomas \/ La Grange \u2013 Centre \/ Arts et Science \/ UNIL \/ 27 mars 2025 \/ Critiques par In\u00e8s Dalle et Killian Lachat . <\/p><\/div>\n\n\n<div style=\"height:1px\" aria-hidden=\"true\" class=\"wp-block-spacer\"><\/div>\n\n<\/li><li class=\"wp-block-post post-22988 post type-post status-publish format-standard has-post-thumbnail category-creation-libre category-expired category-la-grange category-spectacle tag-celia-reymond tag-hadrien-halter tag-killian-lachat tag-laurie-boissenin tag-loris-ferrari tag-lucie-ortet tag-maxime-grandjean tag-muireann-walsh tag-orane-gigon\">\n<h6 class=\"liensouligne wp-block-post-title\"><a href=\"https:\/\/wp.unil.ch\/ateliercritique\/2025\/03\/la-visite-du-futur-imparfait\/\" target=\"_self\" >La visite du futur imparfait<\/a><\/h6>\n\n<div class=\"wp-block-post-excerpt\"><p class=\"wp-block-post-excerpt__excerpt\">Conception et jeu par Yvan Richardet \/ La Grange \u2013 Centre \/ Arts et Science \/ UNIL \/ Du 11 mars au 15 mai 2025 \/ Textes cr\u00e9atifs par Orane Gigon, Maxime Grandjean, Killian Lachat, Lucie Ortet, Hadrien Halter, Loris\u2026 <\/p><\/div>\n\n\n<div style=\"height:1px\" aria-hidden=\"true\" class=\"wp-block-spacer\"><\/div>\n\n<\/li><\/ul><\/div>\n\n\n\n<p><\/p>\n","protected":false},"excerpt":{"rendered":"<p>Les critiques de Killian Lachat :<\/p>\n","protected":false},"author":1002847,"featured_media":0,"parent":0,"menu_order":0,"comment_status":"closed","ping_status":"closed","template":"","meta":{"_seopress_robots_primary_cat":"","_seopress_titles_title":"","_seopress_titles_desc":"","_seopress_robots_index":"","footnotes":""},"class_list":["post-23017","page","type-page","status-publish"],"_links":{"self":[{"href":"https:\/\/wp.unil.ch\/ateliercritique\/wp-json\/wp\/v2\/pages\/23017","targetHints":{"allow":["GET"]}}],"collection":[{"href":"https:\/\/wp.unil.ch\/ateliercritique\/wp-json\/wp\/v2\/pages"}],"about":[{"href":"https:\/\/wp.unil.ch\/ateliercritique\/wp-json\/wp\/v2\/types\/page"}],"author":[{"embeddable":true,"href":"https:\/\/wp.unil.ch\/ateliercritique\/wp-json\/wp\/v2\/users\/1002847"}],"replies":[{"embeddable":true,"href":"https:\/\/wp.unil.ch\/ateliercritique\/wp-json\/wp\/v2\/comments?post=23017"}],"version-history":[{"count":2,"href":"https:\/\/wp.unil.ch\/ateliercritique\/wp-json\/wp\/v2\/pages\/23017\/revisions"}],"predecessor-version":[{"id":23107,"href":"https:\/\/wp.unil.ch\/ateliercritique\/wp-json\/wp\/v2\/pages\/23017\/revisions\/23107"}],"wp:attachment":[{"href":"https:\/\/wp.unil.ch\/ateliercritique\/wp-json\/wp\/v2\/media?parent=23017"}],"curies":[{"name":"wp","href":"https:\/\/api.w.org\/{rel}","templated":true}]}}

<div class="wp-block-image">
<figure class="alignright size-large is-resized"><img loading="lazy" decoding="async" width="1024" height="683" src="https://wp.unil.ch/ateliercritique/files/2025/04/killian-lachat-1024x683.jpg" alt="killian lachat" class="wp-image-23105" style="width:300px" srcset="https://wp.unil.ch/ateliercritique/files/2025/04/killian-lachat-1024x683.jpg 1024w, https://wp.unil.ch/ateliercritique/files/2025/04/killian-lachat-300x200.jpg 300w, https://wp.unil.ch/ateliercritique/files/2025/04/killian-lachat-250x167.jpg 250w, https://wp.unil.ch/ateliercritique/files/2025/04/killian-lachat-768x512.jpg 768w, https://wp.unil.ch/ateliercritique/files/2025/04/killian-lachat-1536x1024.jpg 1536w, https://wp.unil.ch/ateliercritique/files/2025/04/killian-lachat.jpg 1800w" sizes="auto, (max-width: 1024px) 100vw, 1024px" /></figure>
</div>


<h4 class="wp-block-heading">Les critiques de Killian Lachat : </h4>



<div class="wp-block-query is-layout-flow wp-block-query-is-layout-flow"><ul class="wp-block-post-template is-layout-flow wp-block-post-template-is-layout-flow"><li class="wp-block-post post-23150 post type-post status-publish format-standard has-post-thumbnail category-critique category-expired category-spectacle category-spot-sion tag-killian-lachat">
<h6 class="liensouligne wp-block-post-title"><a href="https://wp.unil.ch/ateliercritique/2025/05/ocean-mer/" target="_self" >Océan mer</a></h6>

<div class="wp-block-post-excerpt"><p class="wp-block-post-excerpt__excerpt">D&rsquo;après le roman d&rsquo;Alessandro Baricco et la traduction de Françoise Brun / Mise en scène par Lionel Fournier / Théâtre Le Spot (Sion) / Du 7 au 10 mai 2025 / Critique par Killian Lachat . </p></div>


<div style="height:1px" aria-hidden="true" class="wp-block-spacer"></div>

</li><li class="wp-block-post post-23136 post type-post status-publish format-standard has-post-thumbnail category-critique category-expired category-le-petit-theatre category-spectacle tag-killian-lachat tag-petya-ivanova">
<h6 class="liensouligne wp-block-post-title"><a href="https://wp.unil.ch/ateliercritique/2025/05/cosimo/" target="_self" >Cosimo</a></h6>

<div class="wp-block-post-excerpt"><p class="wp-block-post-excerpt__excerpt">D&rsquo;après Italo Calvino / Mise en scène par Jean-Yves Ruf / Le Petit Théâtre (Lausanne) / Du 30 avril au 11 mai 2025 / Critiques par Petya Ivanova et Killian Lachat . </p></div>


<div style="height:1px" aria-hidden="true" class="wp-block-spacer"></div>

</li><li class="wp-block-post post-23125 post type-post status-publish format-standard has-post-thumbnail category-critique category-expired category-spectacle category-theatre-am-stram-gram-geneve tag-killian-lachat">
<h6 class="liensouligne wp-block-post-title"><a href="https://wp.unil.ch/ateliercritique/2025/04/au-diapason/" target="_self" >Au Diapason</a></h6>

<div class="wp-block-post-excerpt"><p class="wp-block-post-excerpt__excerpt">Conception et mise en scène Lou Ciszewski / Théâtre Am Stram Gram (Genève) / Du 4 au 13 avril 2025 / Critique par Killian Lachat . </p></div>


<div style="height:1px" aria-hidden="true" class="wp-block-spacer"></div>

</li><li class="wp-block-post post-23099 post type-post status-publish format-standard has-post-thumbnail category-critique category-expired category-spectacle category-theatre-de-vidy tag-alexia-gay tag-celia-reymond tag-killian-lachat tag-laurie-boissenin tag-loris-ferrari tag-maxime-grandjean tag-muireann-walsh tag-orane-gigon">
<h6 class="liensouligne wp-block-post-title"><a href="https://wp.unil.ch/ateliercritique/2025/04/lenz/" target="_self" >Lenz</a></h6>

<div class="wp-block-post-excerpt"><p class="wp-block-post-excerpt__excerpt">D&rsquo;après Georg Büchner / Mise en scène par Éléonore Bonah et Maria Clara Castioni / Théâtre de Vidy (Lausanne) / Du 1 au 10 avril 2025 / Critiques par Alexia Gay, Muireann Walsh, Loris Ferrari, Laurie Boissenin, Killian Lachat, Maxime… </p></div>


<div style="height:1px" aria-hidden="true" class="wp-block-spacer"></div>

</li><li class="wp-block-post post-23059 post type-post status-publish format-standard has-post-thumbnail category-critique category-expired category-la-grange category-spectacle tag-ines-dalle tag-killian-lachat">
<h6 class="liensouligne wp-block-post-title"><a href="https://wp.unil.ch/ateliercritique/2025/03/faire-troupeau/" target="_self" >Faire troupeau</a></h6>

<div class="wp-block-post-excerpt"><p class="wp-block-post-excerpt__excerpt">Conception et jeu par Marion Thomas / La Grange – Centre / Arts et Science / UNIL / 27 mars 2025 / Critiques par Inès Dalle et Killian Lachat . </p></div>


<div style="height:1px" aria-hidden="true" class="wp-block-spacer"></div>

</li><li class="wp-block-post post-22988 post type-post status-publish format-standard has-post-thumbnail category-creation-libre category-expired category-la-grange category-spectacle tag-celia-reymond tag-hadrien-halter tag-killian-lachat tag-laurie-boissenin tag-loris-ferrari tag-lucie-ortet tag-maxime-grandjean tag-muireann-walsh tag-orane-gigon">
<h6 class="liensouligne wp-block-post-title"><a href="https://wp.unil.ch/ateliercritique/2025/03/la-visite-du-futur-imparfait/" target="_self" >La visite du futur imparfait</a></h6>

<div class="wp-block-post-excerpt"><p class="wp-block-post-excerpt__excerpt">Conception et jeu par Yvan Richardet / La Grange – Centre / Arts et Science / UNIL / Du 11 mars au 15 mai 2025 / Textes créatifs par Orane Gigon, Maxime Grandjean, Killian Lachat, Lucie Ortet, Hadrien Halter, Loris… </p></div>


<div style="height:1px" aria-hidden="true" class="wp-block-spacer"></div>

</li></ul></div>



<p></p>
