{"id":22891,"date":"2025-03-03T20:33:12","date_gmt":"2025-03-03T19:33:12","guid":{"rendered":"https:\/\/wp.unil.ch\/ateliercritique\/?page_id=22891"},"modified":"2025-03-10T13:54:59","modified_gmt":"2025-03-10T12:54:59","slug":"petya-ivanova","status":"publish","type":"page","link":"https:\/\/wp.unil.ch\/ateliercritique\/lequipe\/petya-ivanova\/","title":{"rendered":"Petya Ivanova"},"content":{"rendered":"\n<h4 class=\"wp-block-heading\">Les critiques de Petya Ivanova : <\/h4>\n\n\n\n<div class=\"wp-block-query is-layout-flow wp-block-query-is-layout-flow\"><ul class=\"wp-block-post-template is-layout-flow wp-block-post-template-is-layout-flow\"><li class=\"wp-block-post post-23145 post type-post status-publish format-standard has-post-thumbnail category-critique category-expired category-spectacle category-teatre-du-grutli tag-ines-dalle tag-petya-ivanova\">\n<h6 class=\"liensouligne wp-block-post-title\"><a href=\"https:\/\/wp.unil.ch\/ateliercritique\/2025\/05\/gnocchi\/\" target=\"_self\" >Gnocchi<\/a><\/h6>\n\n<div class=\"wp-block-post-excerpt\"><p class=\"wp-block-post-excerpt__excerpt\">Conception et mise en sc\u00e8ne par Paola Pagani et Antonio Buil \/ Th\u00e9\u00e2tre du Gr\u00fctli-hors les murs (Gen\u00e8ve) \/ Du 6 au 11 mai 2025 \/ Critiques par In\u00e8s Dalle et Petya Ivanova . <\/p><\/div>\n\n\n<div style=\"height:1px\" aria-hidden=\"true\" class=\"wp-block-spacer\"><\/div>\n\n<\/li><li class=\"wp-block-post post-23136 post type-post status-publish format-standard has-post-thumbnail category-critique category-expired category-le-petit-theatre category-spectacle tag-killian-lachat tag-petya-ivanova\">\n<h6 class=\"liensouligne wp-block-post-title\"><a href=\"https:\/\/wp.unil.ch\/ateliercritique\/2025\/05\/cosimo\/\" target=\"_self\" >Cosimo<\/a><\/h6>\n\n<div class=\"wp-block-post-excerpt\"><p class=\"wp-block-post-excerpt__excerpt\">D&rsquo;apr\u00e8s Italo Calvino \/ Mise en sc\u00e8ne par Jean-Yves Ruf \/ Le Petit Th\u00e9\u00e2tre (Lausanne) \/ Du 30 avril au 11 mai 2025 \/ Critiques par Petya Ivanova et Killian Lachat . <\/p><\/div>\n\n\n<div style=\"height:1px\" aria-hidden=\"true\" class=\"wp-block-spacer\"><\/div>\n\n<\/li><li class=\"wp-block-post post-22894 post type-post status-publish format-standard has-post-thumbnail category-critique category-expired category-la-grange category-spectacle tag-loris-ferrari tag-petya-ivanova\">\n<h6 class=\"liensouligne wp-block-post-title\"><a href=\"https:\/\/wp.unil.ch\/ateliercritique\/2025\/03\/a-cinq-ans-jai-oublie-le-francais\/\" target=\"_self\" >A cinq ans, j&rsquo;ai oubli\u00e9 le Fran\u00e7ais<\/a><\/h6>\n\n<div class=\"wp-block-post-excerpt\"><p class=\"wp-block-post-excerpt__excerpt\">Conception et mise en sc\u00e8ne par Anouk Werro et M\u00e9lissa Rouvinet \/ \u00a0La Grange &#8211; Centre \/ Arts et Science \/ UNIL \/ Du 25 f\u00e9vrier au 2 mars 2025 \/ Critiques par Petya Ivanova et Loris Ferrari . <\/p><\/div>\n\n\n<div style=\"height:1px\" aria-hidden=\"true\" class=\"wp-block-spacer\"><\/div>\n\n<\/li><\/ul><\/div>\n","protected":false},"excerpt":{"rendered":"<p>Les critiques de Petya Ivanova :<\/p>\n","protected":false},"author":1002847,"featured_media":0,"parent":2716,"menu_order":0,"comment_status":"closed","ping_status":"closed","template":"","meta":{"_seopress_robots_primary_cat":"","_seopress_titles_title":"","_seopress_titles_desc":"","_seopress_robots_index":"","footnotes":""},"class_list":["post-22891","page","type-page","status-publish"],"_links":{"self":[{"href":"https:\/\/wp.unil.ch\/ateliercritique\/wp-json\/wp\/v2\/pages\/22891","targetHints":{"allow":["GET"]}}],"collection":[{"href":"https:\/\/wp.unil.ch\/ateliercritique\/wp-json\/wp\/v2\/pages"}],"about":[{"href":"https:\/\/wp.unil.ch\/ateliercritique\/wp-json\/wp\/v2\/types\/page"}],"author":[{"embeddable":true,"href":"https:\/\/wp.unil.ch\/ateliercritique\/wp-json\/wp\/v2\/users\/1002847"}],"replies":[{"embeddable":true,"href":"https:\/\/wp.unil.ch\/ateliercritique\/wp-json\/wp\/v2\/comments?post=22891"}],"version-history":[{"count":2,"href":"https:\/\/wp.unil.ch\/ateliercritique\/wp-json\/wp\/v2\/pages\/22891\/revisions"}],"predecessor-version":[{"id":22899,"href":"https:\/\/wp.unil.ch\/ateliercritique\/wp-json\/wp\/v2\/pages\/22891\/revisions\/22899"}],"up":[{"embeddable":true,"href":"https:\/\/wp.unil.ch\/ateliercritique\/wp-json\/wp\/v2\/pages\/2716"}],"wp:attachment":[{"href":"https:\/\/wp.unil.ch\/ateliercritique\/wp-json\/wp\/v2\/media?parent=22891"}],"curies":[{"name":"wp","href":"https:\/\/api.w.org\/{rel}","templated":true}]}}

<h4 class="wp-block-heading">Les critiques de Petya Ivanova : </h4>



<div class="wp-block-query is-layout-flow wp-block-query-is-layout-flow"><ul class="wp-block-post-template is-layout-flow wp-block-post-template-is-layout-flow"><li class="wp-block-post post-23145 post type-post status-publish format-standard has-post-thumbnail category-critique category-expired category-spectacle category-teatre-du-grutli tag-ines-dalle tag-petya-ivanova">
<h6 class="liensouligne wp-block-post-title"><a href="https://wp.unil.ch/ateliercritique/2025/05/gnocchi/" target="_self" >Gnocchi</a></h6>

<div class="wp-block-post-excerpt"><p class="wp-block-post-excerpt__excerpt">Conception et mise en scène par Paola Pagani et Antonio Buil / Théâtre du Grütli-hors les murs (Genève) / Du 6 au 11 mai 2025 / Critiques par Inès Dalle et Petya Ivanova . </p></div>


<div style="height:1px" aria-hidden="true" class="wp-block-spacer"></div>

</li><li class="wp-block-post post-23136 post type-post status-publish format-standard has-post-thumbnail category-critique category-expired category-le-petit-theatre category-spectacle tag-killian-lachat tag-petya-ivanova">
<h6 class="liensouligne wp-block-post-title"><a href="https://wp.unil.ch/ateliercritique/2025/05/cosimo/" target="_self" >Cosimo</a></h6>

<div class="wp-block-post-excerpt"><p class="wp-block-post-excerpt__excerpt">D&rsquo;après Italo Calvino / Mise en scène par Jean-Yves Ruf / Le Petit Théâtre (Lausanne) / Du 30 avril au 11 mai 2025 / Critiques par Petya Ivanova et Killian Lachat . </p></div>


<div style="height:1px" aria-hidden="true" class="wp-block-spacer"></div>

</li><li class="wp-block-post post-22894 post type-post status-publish format-standard has-post-thumbnail category-critique category-expired category-la-grange category-spectacle tag-loris-ferrari tag-petya-ivanova">
<h6 class="liensouligne wp-block-post-title"><a href="https://wp.unil.ch/ateliercritique/2025/03/a-cinq-ans-jai-oublie-le-francais/" target="_self" >A cinq ans, j&rsquo;ai oublié le Français</a></h6>

<div class="wp-block-post-excerpt"><p class="wp-block-post-excerpt__excerpt">Conception et mise en scène par Anouk Werro et Mélissa Rouvinet /  La Grange &#8211; Centre / Arts et Science / UNIL / Du 25 février au 2 mars 2025 / Critiques par Petya Ivanova et Loris Ferrari . </p></div>


<div style="height:1px" aria-hidden="true" class="wp-block-spacer"></div>

</li></ul></div>
