{"id":19945,"date":"2024-11-02T08:14:35","date_gmt":"2024-11-02T07:14:35","guid":{"rendered":"https:\/\/wp.unil.ch\/ateliercritique\/?page_id=19945"},"modified":"2024-12-12T14:43:00","modified_gmt":"2024-12-12T13:43:00","slug":"hadrien-halter","status":"publish","type":"page","link":"https:\/\/wp.unil.ch\/ateliercritique\/lequipe\/hadrien-halter\/","title":{"rendered":"Hadrien Halter"},"content":{"rendered":"\n<h4 class=\"wp-block-heading\">Les critiques d&rsquo;Hadrien Halter : <\/h4>\n\n\n\n<div class=\"wp-block-query is-layout-flow wp-block-query-is-layout-flow\"><ul class=\"wp-block-post-template is-layout-flow wp-block-post-template-is-layout-flow\"><li class=\"wp-block-post post-23331 post type-post status-publish format-standard has-post-thumbnail category-critique category-onstage category-spectacle category-theatre-de-vidy tag-hadrien-halter tag-mathys-lonfat tag-maud-seem\">\n<h6 class=\"liensouligne wp-block-post-title\"><a href=\"https:\/\/wp.unil.ch\/ateliercritique\/2025\/11\/la-distance\/\" target=\"_self\" >La Distance<\/a><\/h6>\n\n<div class=\"wp-block-post-excerpt\"><p class=\"wp-block-post-excerpt__excerpt\">Conception et mise en sc\u00e8ne par Tiago Rodrigues \/ Th\u00e9\u00e2tre de Vidy (Lausanne) \/ Du 13 au 23 novembre 2025 \/ Critiques par Hadrien Halter, Maud Seem et Mathys Lonfat . <\/p><\/div>\n\n\n<div style=\"height:1px\" aria-hidden=\"true\" class=\"wp-block-spacer\"><\/div>\n\n<\/li><li class=\"wp-block-post post-23185 post type-post status-publish format-standard has-post-thumbnail category-biennale-out-of-the-box category-critique category-expired category-spectacle tag-hadrien-halter tag-muireann-walsh\">\n<h6 class=\"liensouligne wp-block-post-title\"><a href=\"https:\/\/wp.unil.ch\/ateliercritique\/2025\/05\/biennale-out-of-the-box-biennale-des-arts-inclusifs\/\" target=\"_self\" >Biennale Out of the Box (Biennale des Arts inclusifs)<\/a><\/h6>\n\n<div class=\"wp-block-post-excerpt\"><p class=\"wp-block-post-excerpt__excerpt\">Iris, performance mise en sc\u00e8ne par Alessandro Sciarroni \/ Sacre ! Spectacle de danse mis en sc\u00e8ne par Teresa Vittucci, Annina Machaz et leTheater HORA \/ An Evening with Tito Bone, performance mise en sc\u00e8ne par Tito Bone\/ Critiques par\u2026 <\/p><\/div>\n\n\n<div style=\"height:1px\" aria-hidden=\"true\" class=\"wp-block-spacer\"><\/div>\n\n<\/li><li class=\"wp-block-post post-23164 post type-post status-publish format-standard has-post-thumbnail category-critique category-onstage category-spectacle category-theatre-de-vidy tag-hadrien-halter tag-ines-dalle\">\n<h6 class=\"liensouligne wp-block-post-title\"><a href=\"https:\/\/wp.unil.ch\/ateliercritique\/2025\/05\/le-sommet\/\" target=\"_self\" >Le Sommet<\/a><\/h6>\n\n<div class=\"wp-block-post-excerpt\"><p class=\"wp-block-post-excerpt__excerpt\">Conception et mise en sc\u00e8ne par Christoph Marthaler \/ Th\u00e9\u00e2tre de Vidy (Lausanne) \/ Du 16 au 25 mai 2025 \/ Critiques par In\u00e8s Dalle et Hadrien Halter . <\/p><\/div>\n\n\n<div style=\"height:1px\" aria-hidden=\"true\" class=\"wp-block-spacer\"><\/div>\n\n<\/li><li class=\"wp-block-post post-23140 post type-post status-publish format-standard has-post-thumbnail category-critique category-expired category-le-reflet category-spectacle tag-hadrien-halter\">\n<h6 class=\"liensouligne wp-block-post-title\"><a href=\"https:\/\/wp.unil.ch\/ateliercritique\/2025\/05\/pandax\/\" target=\"_self\" >Pandax<\/a><\/h6>\n\n<div class=\"wp-block-post-excerpt\"><p class=\"wp-block-post-excerpt__excerpt\">Conception et mise en sc\u00e8ne par Nicole Lagarde et Cirque La Compagnie \/ Th\u00e9\u00e2tre Le Reflet (Vevey) \/ Du 3 au 4 mai 2025 \/ Critique par Hadrien Halter . <\/p><\/div>\n\n\n<div style=\"height:1px\" aria-hidden=\"true\" class=\"wp-block-spacer\"><\/div>\n\n<\/li><li class=\"wp-block-post post-22988 post type-post status-publish format-standard has-post-thumbnail category-creation-libre category-expired category-la-grange category-spectacle tag-celia-reymond tag-hadrien-halter tag-killian-lachat tag-laurie-boissenin tag-loris-ferrari tag-lucie-ortet tag-maxime-grandjean tag-muireann-walsh tag-orane-gigon\">\n<h6 class=\"liensouligne wp-block-post-title\"><a href=\"https:\/\/wp.unil.ch\/ateliercritique\/2025\/03\/la-visite-du-futur-imparfait\/\" target=\"_self\" >La visite du futur imparfait<\/a><\/h6>\n\n<div class=\"wp-block-post-excerpt\"><p class=\"wp-block-post-excerpt__excerpt\">Conception et jeu par Yvan Richardet \/ La Grange \u2013 Centre \/ Arts et Science \/ UNIL \/ Du 11 mars au 15 mai 2025 \/ Textes cr\u00e9atifs par Orane Gigon, Maxime Grandjean, Killian Lachat, Lucie Ortet, Hadrien Halter, Loris\u2026 <\/p><\/div>\n\n\n<div style=\"height:1px\" aria-hidden=\"true\" class=\"wp-block-spacer\"><\/div>\n\n<\/li><li class=\"wp-block-post post-22970 post type-post status-publish format-standard has-post-thumbnail category-critique category-expired category-spectacle category-lusine-a-gaz-nyon tag-hadrien-halter\">\n<h6 class=\"liensouligne wp-block-post-title\"><a href=\"https:\/\/wp.unil.ch\/ateliercritique\/2025\/03\/la-collection\/\" target=\"_self\" >La Collection<\/a><\/h6>\n\n<div class=\"wp-block-post-excerpt\"><p class=\"wp-block-post-excerpt__excerpt\">Conception et mise en sc\u00e8ne par le collectif BPM \/ Usine \u00e0 Gaz (Nyon) \/ Du 20 au 21 mars 2025 \/ Critique par Hadrien Halter . <\/p><\/div>\n\n\n<div style=\"height:1px\" aria-hidden=\"true\" class=\"wp-block-spacer\"><\/div>\n\n<\/li><li class=\"wp-block-post post-21319 post type-post status-publish format-standard has-post-thumbnail category-critique category-expired category-spectacle category-theatre-de-vidy tag-hadrien-halter\">\n<h6 class=\"liensouligne wp-block-post-title\"><a href=\"https:\/\/wp.unil.ch\/ateliercritique\/2024\/12\/ceci-nest-pas-une-pipe\/\" target=\"_self\" >Les chats (ou Ceux qui frappent et ceux qui sont frapp\u00e9s)<\/a><\/h6>\n\n<div class=\"wp-block-post-excerpt\"><p class=\"wp-block-post-excerpt__excerpt\">Conception et mise en sc\u00e8ne par Marl\u00e8ne Saldana et Jonathan Drillet \/ Th\u00e9\u00e2tre de Vidy (Lausanne) \/ Du 12 au 14 d\u00e9cembre 2024 \/ Critique par Hadrien Halter . <\/p><\/div>\n\n\n<div style=\"height:1px\" aria-hidden=\"true\" class=\"wp-block-spacer\"><\/div>\n\n<\/li><li class=\"wp-block-post post-20061 post type-post status-publish format-standard has-post-thumbnail category-critique category-expired category-spectacle category-theatre-de-vidy tag-hadrien-halter tag-lou-sicovier\">\n<h6 class=\"liensouligne wp-block-post-title\"><a href=\"https:\/\/wp.unil.ch\/ateliercritique\/2024\/11\/lamante-anglaise\/\" target=\"_self\" >L&rsquo;Amante anglaise<\/a><\/h6>\n\n<div class=\"wp-block-post-excerpt\"><p class=\"wp-block-post-excerpt__excerpt\">Mise en sc\u00e8ne par Emilie Charriot \/ D&rsquo;apr\u00e8s Marguerite Duras \/ Th\u00e9\u00e2tre de Vidy (Lausanne) \/ Du 27 novembre au 8 d\u00e9cembre 2024 \/ Critiques par Hadrien Halter et Lou Sicovier . <\/p><\/div>\n\n\n<div style=\"height:1px\" aria-hidden=\"true\" class=\"wp-block-spacer\"><\/div>\n\n<\/li><li class=\"wp-block-post post-20008 post type-post status-publish format-standard has-post-thumbnail category-critique category-expired category-maison-saint-gervais category-spectacle tag-anna-chialva tag-hadrien-halter\">\n<h6 class=\"liensouligne wp-block-post-title\"><a href=\"https:\/\/wp.unil.ch\/ateliercritique\/2024\/11\/quichotte\/\" target=\"_self\" >Quichotte<\/a><\/h6>\n\n<div class=\"wp-block-post-excerpt\"><p class=\"wp-block-post-excerpt__excerpt\">Mise en sc\u00e8ne de Gwena\u00ebl Morin \/ D&rsquo;apr\u00e8s Miguel de Cervantes \/ Maison Saint-Gervais (Gen\u00e8ve) \/ Du 20 au 23 novembre 2024 \/ Critiques par Hadrien Halter et Anna Chialva . <\/p><\/div>\n\n\n<div style=\"height:1px\" aria-hidden=\"true\" class=\"wp-block-spacer\"><\/div>\n\n<\/li><li class=\"wp-block-post post-19869 post type-post status-publish format-standard has-post-thumbnail category-critique category-expired category-spectacle category-tkm-theatre-kleber-meleau tag-anna-chialva tag-auxane-bolanz tag-hadrien-halter tag-loris-ferrari tag-lou-sicovier tag-lucie-ortet tag-odile-jaques\">\n<h6 class=\"liensouligne wp-block-post-title\"><a href=\"https:\/\/wp.unil.ch\/ateliercritique\/2024\/10\/la-tempete-ou-la-voix-du-vent\/\" target=\"_self\" >La Temp\u00eate ou La Voix du Vent<\/a><\/h6>\n\n<div class=\"wp-block-post-excerpt\"><p class=\"wp-block-post-excerpt__excerpt\">Texte de William Shakespeare \/ Mise en sc\u00e8ne d\u2019Omar Porras \/ TKM \u2013 Th\u00e9\u00e2tre Kl\u00e9ber-M\u00e9leau (Renens-Malley) \/ Du 24 septembre au 13 octobre 2024 \/ Critiques par Lou Sicovier, Loris Ferrari, Odile Jaques, Anna Chialva, Lucie Ortet, Hadrien Halter et\u2026 <\/p><\/div>\n\n\n<div style=\"height:1px\" aria-hidden=\"true\" class=\"wp-block-spacer\"><\/div>\n\n<\/li><li class=\"wp-block-post post-19855 post type-post status-publish format-standard has-post-thumbnail category-critique category-expired category-spectacle category-theatre-de-carouge tag-hadrien-halter tag-loris-ferrari\">\n<h6 class=\"liensouligne wp-block-post-title\"><a href=\"https:\/\/wp.unil.ch\/ateliercritique\/2024\/10\/les-fausses-confidences\/\" target=\"_self\" >Les Fausses Confidences<\/a><\/h6>\n\n<div class=\"wp-block-post-excerpt\"><p class=\"wp-block-post-excerpt__excerpt\">Texte de Marivaux \/ Mise en sc\u00e8ne d\u2019Alain Fran\u00e7on \/ Th\u00e9\u00e2tre de Carouge (Gen\u00e8ve) \/ Du 24 septembre au 19 octobre 2024 \/ Critiques par Loris Ferrari et Hadrien Halter. <\/p><\/div>\n\n\n<div style=\"height:1px\" aria-hidden=\"true\" class=\"wp-block-spacer\"><\/div>\n\n<\/li><\/ul><\/div>\n\n\n\n<p><\/p>\n","protected":false},"excerpt":{"rendered":"<p>Les critiques d&rsquo;Hadrien Halter :<\/p>\n","protected":false},"author":1002847,"featured_media":0,"parent":2716,"menu_order":0,"comment_status":"closed","ping_status":"closed","template":"","meta":{"_seopress_robots_primary_cat":"","_seopress_titles_title":"","_seopress_titles_desc":"","_seopress_robots_index":"","footnotes":""},"class_list":["post-19945","page","type-page","status-publish"],"_links":{"self":[{"href":"https:\/\/wp.unil.ch\/ateliercritique\/wp-json\/wp\/v2\/pages\/19945","targetHints":{"allow":["GET"]}}],"collection":[{"href":"https:\/\/wp.unil.ch\/ateliercritique\/wp-json\/wp\/v2\/pages"}],"about":[{"href":"https:\/\/wp.unil.ch\/ateliercritique\/wp-json\/wp\/v2\/types\/page"}],"author":[{"embeddable":true,"href":"https:\/\/wp.unil.ch\/ateliercritique\/wp-json\/wp\/v2\/users\/1002847"}],"replies":[{"embeddable":true,"href":"https:\/\/wp.unil.ch\/ateliercritique\/wp-json\/wp\/v2\/comments?post=19945"}],"version-history":[{"count":5,"href":"https:\/\/wp.unil.ch\/ateliercritique\/wp-json\/wp\/v2\/pages\/19945\/revisions"}],"predecessor-version":[{"id":21302,"href":"https:\/\/wp.unil.ch\/ateliercritique\/wp-json\/wp\/v2\/pages\/19945\/revisions\/21302"}],"up":[{"embeddable":true,"href":"https:\/\/wp.unil.ch\/ateliercritique\/wp-json\/wp\/v2\/pages\/2716"}],"wp:attachment":[{"href":"https:\/\/wp.unil.ch\/ateliercritique\/wp-json\/wp\/v2\/media?parent=19945"}],"curies":[{"name":"wp","href":"https:\/\/api.w.org\/{rel}","templated":true}]}}

<h4 class="wp-block-heading">Les critiques d&rsquo;Hadrien Halter : </h4>



<div class="wp-block-query is-layout-flow wp-block-query-is-layout-flow"><ul class="wp-block-post-template is-layout-flow wp-block-post-template-is-layout-flow"><li class="wp-block-post post-23331 post type-post status-publish format-standard has-post-thumbnail category-critique category-onstage category-spectacle category-theatre-de-vidy tag-hadrien-halter tag-mathys-lonfat tag-maud-seem">
<h6 class="liensouligne wp-block-post-title"><a href="https://wp.unil.ch/ateliercritique/2025/11/la-distance/" target="_self" >La Distance</a></h6>

<div class="wp-block-post-excerpt"><p class="wp-block-post-excerpt__excerpt">Conception et mise en scène par Tiago Rodrigues / Théâtre de Vidy (Lausanne) / Du 13 au 23 novembre 2025 / Critiques par Hadrien Halter, Maud Seem et Mathys Lonfat . </p></div>


<div style="height:1px" aria-hidden="true" class="wp-block-spacer"></div>

</li><li class="wp-block-post post-23185 post type-post status-publish format-standard has-post-thumbnail category-biennale-out-of-the-box category-critique category-expired category-spectacle tag-hadrien-halter tag-muireann-walsh">
<h6 class="liensouligne wp-block-post-title"><a href="https://wp.unil.ch/ateliercritique/2025/05/biennale-out-of-the-box-biennale-des-arts-inclusifs/" target="_self" >Biennale Out of the Box (Biennale des Arts inclusifs)</a></h6>

<div class="wp-block-post-excerpt"><p class="wp-block-post-excerpt__excerpt">Iris, performance mise en scène par Alessandro Sciarroni / Sacre ! Spectacle de danse mis en scène par Teresa Vittucci, Annina Machaz et leTheater HORA / An Evening with Tito Bone, performance mise en scène par Tito Bone/ Critiques par… </p></div>


<div style="height:1px" aria-hidden="true" class="wp-block-spacer"></div>

</li><li class="wp-block-post post-23164 post type-post status-publish format-standard has-post-thumbnail category-critique category-onstage category-spectacle category-theatre-de-vidy tag-hadrien-halter tag-ines-dalle">
<h6 class="liensouligne wp-block-post-title"><a href="https://wp.unil.ch/ateliercritique/2025/05/le-sommet/" target="_self" >Le Sommet</a></h6>

<div class="wp-block-post-excerpt"><p class="wp-block-post-excerpt__excerpt">Conception et mise en scène par Christoph Marthaler / Théâtre de Vidy (Lausanne) / Du 16 au 25 mai 2025 / Critiques par Inès Dalle et Hadrien Halter . </p></div>


<div style="height:1px" aria-hidden="true" class="wp-block-spacer"></div>

</li><li class="wp-block-post post-23140 post type-post status-publish format-standard has-post-thumbnail category-critique category-expired category-le-reflet category-spectacle tag-hadrien-halter">
<h6 class="liensouligne wp-block-post-title"><a href="https://wp.unil.ch/ateliercritique/2025/05/pandax/" target="_self" >Pandax</a></h6>

<div class="wp-block-post-excerpt"><p class="wp-block-post-excerpt__excerpt">Conception et mise en scène par Nicole Lagarde et Cirque La Compagnie / Théâtre Le Reflet (Vevey) / Du 3 au 4 mai 2025 / Critique par Hadrien Halter . </p></div>


<div style="height:1px" aria-hidden="true" class="wp-block-spacer"></div>

</li><li class="wp-block-post post-22988 post type-post status-publish format-standard has-post-thumbnail category-creation-libre category-expired category-la-grange category-spectacle tag-celia-reymond tag-hadrien-halter tag-killian-lachat tag-laurie-boissenin tag-loris-ferrari tag-lucie-ortet tag-maxime-grandjean tag-muireann-walsh tag-orane-gigon">
<h6 class="liensouligne wp-block-post-title"><a href="https://wp.unil.ch/ateliercritique/2025/03/la-visite-du-futur-imparfait/" target="_self" >La visite du futur imparfait</a></h6>

<div class="wp-block-post-excerpt"><p class="wp-block-post-excerpt__excerpt">Conception et jeu par Yvan Richardet / La Grange – Centre / Arts et Science / UNIL / Du 11 mars au 15 mai 2025 / Textes créatifs par Orane Gigon, Maxime Grandjean, Killian Lachat, Lucie Ortet, Hadrien Halter, Loris… </p></div>


<div style="height:1px" aria-hidden="true" class="wp-block-spacer"></div>

</li><li class="wp-block-post post-22970 post type-post status-publish format-standard has-post-thumbnail category-critique category-expired category-spectacle category-lusine-a-gaz-nyon tag-hadrien-halter">
<h6 class="liensouligne wp-block-post-title"><a href="https://wp.unil.ch/ateliercritique/2025/03/la-collection/" target="_self" >La Collection</a></h6>

<div class="wp-block-post-excerpt"><p class="wp-block-post-excerpt__excerpt">Conception et mise en scène par le collectif BPM / Usine à Gaz (Nyon) / Du 20 au 21 mars 2025 / Critique par Hadrien Halter . </p></div>


<div style="height:1px" aria-hidden="true" class="wp-block-spacer"></div>

</li><li class="wp-block-post post-21319 post type-post status-publish format-standard has-post-thumbnail category-critique category-expired category-spectacle category-theatre-de-vidy tag-hadrien-halter">
<h6 class="liensouligne wp-block-post-title"><a href="https://wp.unil.ch/ateliercritique/2024/12/ceci-nest-pas-une-pipe/" target="_self" >Les chats (ou Ceux qui frappent et ceux qui sont frappés)</a></h6>

<div class="wp-block-post-excerpt"><p class="wp-block-post-excerpt__excerpt">Conception et mise en scène par Marlène Saldana et Jonathan Drillet / Théâtre de Vidy (Lausanne) / Du 12 au 14 décembre 2024 / Critique par Hadrien Halter . </p></div>


<div style="height:1px" aria-hidden="true" class="wp-block-spacer"></div>

</li><li class="wp-block-post post-20061 post type-post status-publish format-standard has-post-thumbnail category-critique category-expired category-spectacle category-theatre-de-vidy tag-hadrien-halter tag-lou-sicovier">
<h6 class="liensouligne wp-block-post-title"><a href="https://wp.unil.ch/ateliercritique/2024/11/lamante-anglaise/" target="_self" >L&rsquo;Amante anglaise</a></h6>

<div class="wp-block-post-excerpt"><p class="wp-block-post-excerpt__excerpt">Mise en scène par Emilie Charriot / D&rsquo;après Marguerite Duras / Théâtre de Vidy (Lausanne) / Du 27 novembre au 8 décembre 2024 / Critiques par Hadrien Halter et Lou Sicovier . </p></div>


<div style="height:1px" aria-hidden="true" class="wp-block-spacer"></div>

</li><li class="wp-block-post post-20008 post type-post status-publish format-standard has-post-thumbnail category-critique category-expired category-maison-saint-gervais category-spectacle tag-anna-chialva tag-hadrien-halter">
<h6 class="liensouligne wp-block-post-title"><a href="https://wp.unil.ch/ateliercritique/2024/11/quichotte/" target="_self" >Quichotte</a></h6>

<div class="wp-block-post-excerpt"><p class="wp-block-post-excerpt__excerpt">Mise en scène de Gwenaël Morin / D&rsquo;après Miguel de Cervantes / Maison Saint-Gervais (Genève) / Du 20 au 23 novembre 2024 / Critiques par Hadrien Halter et Anna Chialva . </p></div>


<div style="height:1px" aria-hidden="true" class="wp-block-spacer"></div>

</li><li class="wp-block-post post-19869 post type-post status-publish format-standard has-post-thumbnail category-critique category-expired category-spectacle category-tkm-theatre-kleber-meleau tag-anna-chialva tag-auxane-bolanz tag-hadrien-halter tag-loris-ferrari tag-lou-sicovier tag-lucie-ortet tag-odile-jaques">
<h6 class="liensouligne wp-block-post-title"><a href="https://wp.unil.ch/ateliercritique/2024/10/la-tempete-ou-la-voix-du-vent/" target="_self" >La Tempête ou La Voix du Vent</a></h6>

<div class="wp-block-post-excerpt"><p class="wp-block-post-excerpt__excerpt">Texte de William Shakespeare / Mise en scène d’Omar Porras / TKM – Théâtre Kléber-Méleau (Renens-Malley) / Du 24 septembre au 13 octobre 2024 / Critiques par Lou Sicovier, Loris Ferrari, Odile Jaques, Anna Chialva, Lucie Ortet, Hadrien Halter et… </p></div>


<div style="height:1px" aria-hidden="true" class="wp-block-spacer"></div>

</li><li class="wp-block-post post-19855 post type-post status-publish format-standard has-post-thumbnail category-critique category-expired category-spectacle category-theatre-de-carouge tag-hadrien-halter tag-loris-ferrari">
<h6 class="liensouligne wp-block-post-title"><a href="https://wp.unil.ch/ateliercritique/2024/10/les-fausses-confidences/" target="_self" >Les Fausses Confidences</a></h6>

<div class="wp-block-post-excerpt"><p class="wp-block-post-excerpt__excerpt">Texte de Marivaux / Mise en scène d’Alain Françon / Théâtre de Carouge (Genève) / Du 24 septembre au 19 octobre 2024 / Critiques par Loris Ferrari et Hadrien Halter. </p></div>


<div style="height:1px" aria-hidden="true" class="wp-block-spacer"></div>

</li></ul></div>



<p></p>
