{"id":17566,"date":"2024-02-27T11:21:44","date_gmt":"2024-02-27T10:21:44","guid":{"rendered":"https:\/\/wp.unil.ch\/ateliercritique\/?page_id=17566"},"modified":"2026-02-12T15:20:13","modified_gmt":"2026-02-12T14:20:13","slug":"theatre-du-jura","status":"publish","type":"page","link":"https:\/\/wp.unil.ch\/ateliercritique\/theatres-partenaires\/theatre-du-jura\/","title":{"rendered":"Th\u00e9\u00e2tre du Jura"},"content":{"rendered":"\n<figure class=\"wp-block-image size-full is-resized\"><a href=\"https:\/\/www.theatre-du-jura.ch\/\"><img alt=\"\" loading=\"lazy\" decoding=\"async\" width=\"406\" height=\"406\" src=\"https:\/\/wp.unil.ch\/ateliercritique\/files\/2024\/09\/logo-theatre-du-jura.jpg\" alt=\"\" class=\"wp-image-19767\" style=\"width:300px\" srcset=\"https:\/\/wp.unil.ch\/ateliercritique\/files\/2024\/09\/logo-theatre-du-jura.jpg 406w, https:\/\/wp.unil.ch\/ateliercritique\/files\/2024\/09\/logo-theatre-du-jura-200x200.jpg 200w, https:\/\/wp.unil.ch\/ateliercritique\/files\/2024\/09\/logo-theatre-du-jura-170x170.jpg 170w\" sizes=\"auto, (max-width: 406px) 100vw, 406px\" \/><\/a><\/figure>\n\n\n\n<h4 class=\"wp-block-heading\">Critiques par spectacles jou\u00e9s dans ce th\u00e9\u00e2tre :<\/h4>\n\n\n\n<div class=\"wp-block-query is-layout-flow wp-block-query-is-layout-flow\"><ul class=\"wp-block-post-template is-layout-flow wp-block-post-template-is-layout-flow\"><li class=\"wp-block-post post-23491 post type-post status-publish format-standard has-post-thumbnail category-critique category-expired category-spectacle category-theatre-du-jura tag-mathys-lonfat\">\n<h6 class=\"liensouligne wp-block-post-title\"><a href=\"https:\/\/wp.unil.ch\/ateliercritique\/2026\/04\/les-limbes\/\" target=\"_self\" >Les Limbes<\/a><\/h6>\n\n<div class=\"wp-block-post-excerpt\"><p class=\"wp-block-post-excerpt__excerpt\">Conception et mise en sc\u00e8ne d&rsquo;Etienne Saglio\/ Th\u00e9\u00e2tre du Jura (Del\u00e9mont) \/ Du 22 au 23 avril 2026 \/ Critique par Mathys Lonfat . <\/p><\/div>\n\n\n<div style=\"height:1px\" aria-hidden=\"true\" class=\"wp-block-spacer\"><\/div>\n\n<\/li><li class=\"wp-block-post post-22909 post type-post status-publish format-standard has-post-thumbnail category-critique category-expired category-spectacle category-theatre-du-jura tag-alexia-gay\">\n<h6 class=\"liensouligne wp-block-post-title\"><a href=\"https:\/\/wp.unil.ch\/ateliercritique\/2025\/03\/titize-un-reve-venitien\/\" target=\"_self\" >Titiz\u00e9 un r\u00eave v\u00e9nitien<\/a><\/h6>\n\n<div class=\"wp-block-post-excerpt\"><p class=\"wp-block-post-excerpt__excerpt\">Conception et mise en sc\u00e8ne par la Compagnia Finzi Pasca \/ Th\u00e9\u00e2tre du Jura (Del\u00e9mont) \/ Du 27 au 28 f\u00e9vrier 2025 \/ Critique par Alexia Gay . <\/p><\/div>\n\n\n<div style=\"height:1px\" aria-hidden=\"true\" class=\"wp-block-spacer\"><\/div>\n\n<\/li><li class=\"wp-block-post post-17585 post type-post status-publish format-standard has-post-thumbnail category-critique category-expired category-spectacle category-theatre-du-jura tag-noelie-jeannerat\">\n<h6 class=\"liensouligne wp-block-post-title\"><a href=\"https:\/\/wp.unil.ch\/ateliercritique\/2024\/03\/les-annees-bleues-ou-la-douce-odyssee-detre-adulte\/\" target=\"_self\" >Les ann\u00e9es bleues, ou la douce odyss\u00e9e d\u2019\u00eatre adulte<\/a><\/h6>\n\n<div class=\"wp-block-post-excerpt\"><p class=\"wp-block-post-excerpt__excerpt\">Conception et mise en sc\u00e8ne par la Cie Extrapol \/ Co-production du Th\u00e9\u00e2tre du Jura \/ Th\u00e9\u00e2tre du Jura (Del\u00e9mont) \/ du 1er au 3 mars 2024\/ Critique par No\u00eblie Jeannerat. <\/p><\/div>\n\n\n<div style=\"height:1px\" aria-hidden=\"true\" class=\"wp-block-spacer\"><\/div>\n\n<\/li><\/ul><\/div>\n","protected":false},"excerpt":{"rendered":"<p>Critiques par spectacles jou\u00e9s dans ce th\u00e9\u00e2tre :<\/p>\n","protected":false},"author":1002694,"featured_media":0,"parent":2713,"menu_order":0,"comment_status":"closed","ping_status":"closed","template":"","meta":{"_seopress_robots_primary_cat":"","_seopress_titles_title":"","_seopress_titles_desc":"","_seopress_robots_index":"","footnotes":""},"class_list":["post-17566","page","type-page","status-publish"],"_links":{"self":[{"href":"https:\/\/wp.unil.ch\/ateliercritique\/wp-json\/wp\/v2\/pages\/17566","targetHints":{"allow":["GET"]}}],"collection":[{"href":"https:\/\/wp.unil.ch\/ateliercritique\/wp-json\/wp\/v2\/pages"}],"about":[{"href":"https:\/\/wp.unil.ch\/ateliercritique\/wp-json\/wp\/v2\/types\/page"}],"author":[{"embeddable":true,"href":"https:\/\/wp.unil.ch\/ateliercritique\/wp-json\/wp\/v2\/users\/1002694"}],"replies":[{"embeddable":true,"href":"https:\/\/wp.unil.ch\/ateliercritique\/wp-json\/wp\/v2\/comments?post=17566"}],"version-history":[{"count":5,"href":"https:\/\/wp.unil.ch\/ateliercritique\/wp-json\/wp\/v2\/pages\/17566\/revisions"}],"predecessor-version":[{"id":23415,"href":"https:\/\/wp.unil.ch\/ateliercritique\/wp-json\/wp\/v2\/pages\/17566\/revisions\/23415"}],"up":[{"embeddable":true,"href":"https:\/\/wp.unil.ch\/ateliercritique\/wp-json\/wp\/v2\/pages\/2713"}],"wp:attachment":[{"href":"https:\/\/wp.unil.ch\/ateliercritique\/wp-json\/wp\/v2\/media?parent=17566"}],"curies":[{"name":"wp","href":"https:\/\/api.w.org\/{rel}","templated":true}]}}

Théâtre du Jura

<figure class="wp-block-image size-full is-resized"><a href="https://www.theatre-du-jura.ch/"><img alt="" loading="lazy" decoding="async" width="406" height="406" src="https://wp.unil.ch/ateliercritique/files/2024/09/logo-theatre-du-jura.jpg" alt="" class="wp-image-19767" style="width:300px" srcset="https://wp.unil.ch/ateliercritique/files/2024/09/logo-theatre-du-jura.jpg 406w, https://wp.unil.ch/ateliercritique/files/2024/09/logo-theatre-du-jura-200x200.jpg 200w, https://wp.unil.ch/ateliercritique/files/2024/09/logo-theatre-du-jura-170x170.jpg 170w" sizes="auto, (max-width: 406px) 100vw, 406px" /></a></figure>



<h4 class="wp-block-heading">Critiques par spectacles joués dans ce théâtre :</h4>



<div class="wp-block-query is-layout-flow wp-block-query-is-layout-flow"><ul class="wp-block-post-template is-layout-flow wp-block-post-template-is-layout-flow"><li class="wp-block-post post-23491 post type-post status-publish format-standard has-post-thumbnail category-critique category-expired category-spectacle category-theatre-du-jura tag-mathys-lonfat">
<h6 class="liensouligne wp-block-post-title"><a href="https://wp.unil.ch/ateliercritique/2026/04/les-limbes/" target="_self" >Les Limbes</a></h6>

<div class="wp-block-post-excerpt"><p class="wp-block-post-excerpt__excerpt">Conception et mise en scène d&rsquo;Etienne Saglio/ Théâtre du Jura (Delémont) / Du 22 au 23 avril 2026 / Critique par Mathys Lonfat . </p></div>


<div style="height:1px" aria-hidden="true" class="wp-block-spacer"></div>

</li><li class="wp-block-post post-22909 post type-post status-publish format-standard has-post-thumbnail category-critique category-expired category-spectacle category-theatre-du-jura tag-alexia-gay">
<h6 class="liensouligne wp-block-post-title"><a href="https://wp.unil.ch/ateliercritique/2025/03/titize-un-reve-venitien/" target="_self" >Titizé un rêve vénitien</a></h6>

<div class="wp-block-post-excerpt"><p class="wp-block-post-excerpt__excerpt">Conception et mise en scène par la Compagnia Finzi Pasca / Théâtre du Jura (Delémont) / Du 27 au 28 février 2025 / Critique par Alexia Gay . </p></div>


<div style="height:1px" aria-hidden="true" class="wp-block-spacer"></div>

</li><li class="wp-block-post post-17585 post type-post status-publish format-standard has-post-thumbnail category-critique category-expired category-spectacle category-theatre-du-jura tag-noelie-jeannerat">
<h6 class="liensouligne wp-block-post-title"><a href="https://wp.unil.ch/ateliercritique/2024/03/les-annees-bleues-ou-la-douce-odyssee-detre-adulte/" target="_self" >Les années bleues, ou la douce odyssée d’être adulte</a></h6>

<div class="wp-block-post-excerpt"><p class="wp-block-post-excerpt__excerpt">Conception et mise en scène par la Cie Extrapol / Co-production du Théâtre du Jura / Théâtre du Jura (Delémont) / du 1er au 3 mars 2024/ Critique par Noëlie Jeannerat. </p></div>


<div style="height:1px" aria-hidden="true" class="wp-block-spacer"></div>

</li></ul></div>

<p>Critiques par spectacles joués dans ce théâtre :</p>
