{"id":17548,"date":"2024-02-27T11:01:24","date_gmt":"2024-02-27T10:01:24","guid":{"rendered":"https:\/\/wp.unil.ch\/ateliercritique\/?page_id=17548"},"modified":"2025-02-06T17:31:48","modified_gmt":"2025-02-06T16:31:48","slug":"noelie-jeanneret","status":"publish","type":"page","link":"https:\/\/wp.unil.ch\/ateliercritique\/lequipe\/noelie-jeanneret\/","title":{"rendered":"No\u00eblie Jeannerat"},"content":{"rendered":"\n<h4 class=\"wp-block-heading\">Les critiques de No\u00eblie Jeannerat :<\/h4>\n\n\n\n<div class=\"wp-block-query is-layout-flow wp-block-query-is-layout-flow\"><ul class=\"wp-block-post-template is-layout-flow wp-block-post-template-is-layout-flow\"><li class=\"wp-block-post post-19108 post type-post status-publish format-standard has-post-thumbnail category-critique category-expired category-spectacle category-theatre-du-passage tag-noelie-jeannerat\">\n<h6 class=\"liensouligne wp-block-post-title\"><a href=\"https:\/\/wp.unil.ch\/ateliercritique\/2024\/06\/les-diablogues\/\" target=\"_self\" >Les Diablogues<\/a><\/h6>\n\n<div class=\"wp-block-post-excerpt\"><p class=\"wp-block-post-excerpt__excerpt\">Texte par par Roland Dubillard \/ mise en sc\u00e8ne par Jean Liermier\u00a0\/ Th\u00e9\u00e2tre du Passage (Neuch\u00e2tel) \/ du 6 au 9 juin 2024 \/ Th\u00e9\u00e2tre de Carouge (Gen\u00e8ve) \/ du 12 au 27 juin \/ critiques par No\u00eblie Jeannerat et\u2026 <\/p><\/div>\n\n\n<div style=\"height:1px\" aria-hidden=\"true\" class=\"wp-block-spacer\"><\/div>\n\n<\/li><li class=\"wp-block-post post-17912 post type-post status-publish format-standard has-post-thumbnail category-critique category-expired category-spectacle category-lusine-a-gaz-nyon tag-noelie-jeannerat\">\n<h6 class=\"liensouligne wp-block-post-title\"><a href=\"https:\/\/wp.unil.ch\/ateliercritique\/2024\/04\/television\/\" target=\"_self\" >T\u00e9l\u00e9vision<\/a><\/h6>\n\n<div class=\"wp-block-post-excerpt\"><p class=\"wp-block-post-excerpt__excerpt\">\u00c9criture, musique et mise en sc\u00e8ne par Bastien Bron \/ Usine \u00e0 gaz (Nyon) \/ du 25 au 26 avril 2024 \/ Critique par No\u00eblie Jeannerat. <\/p><\/div>\n\n\n<div style=\"height:1px\" aria-hidden=\"true\" class=\"wp-block-spacer\"><\/div>\n\n<\/li><li class=\"wp-block-post post-17860 post type-post status-publish format-standard has-post-thumbnail category-critique category-expired category-la-grange category-spectacle tag-noelie-jeannerat\">\n<h6 class=\"liensouligne wp-block-post-title\"><a href=\"https:\/\/wp.unil.ch\/ateliercritique\/2024\/04\/le-cerveau-mou-de-lexistence\/\" target=\"_self\" >Le cerveau mou de l\u2019existence<\/a><\/h6>\n\n<div class=\"wp-block-post-excerpt\"><p class=\"wp-block-post-excerpt__excerpt\">Conception et interpr\u00e9tation par le collectif Foulles \/ La Grange \u2013 Centre \/ Arts et Science \/ UNIL \/ du 18 au 20 avril 2024 \/ Critique par Noelie Jeannerat . <\/p><\/div>\n\n\n<div style=\"height:1px\" aria-hidden=\"true\" class=\"wp-block-spacer\"><\/div>\n\n<\/li><li class=\"wp-block-post post-17715 post type-post status-publish format-standard has-post-thumbnail category-critique category-expired category-spectacle category-theatre-de-vidy tag-noelie-jeannerat\">\n<h6 class=\"liensouligne wp-block-post-title\"><a href=\"https:\/\/wp.unil.ch\/ateliercritique\/2024\/03\/ceci-nest-pas-une-ambassade-made-in-taiwan\/\" target=\"_self\" >Ceci n\u2019est pas une ambassade (Made in Taiwan)<\/a><\/h6>\n\n<div class=\"wp-block-post-excerpt\"><p class=\"wp-block-post-excerpt__excerpt\">Conception et mise en sc\u00e8ne par Stefan Kaegi (Rimini Protokoll) \/ du 14 au 24 mars 2024 \/\u00a0Th\u00e9\u00e2tre de Vidy (Lausanne) \/ Critique par No\u00eblie Jeannerat. <\/p><\/div>\n\n\n<div style=\"height:1px\" aria-hidden=\"true\" class=\"wp-block-spacer\"><\/div>\n\n<\/li><li class=\"wp-block-post post-17659 post type-post status-publish format-standard has-post-thumbnail category-critique category-expired category-le-pommier category-spectacle tag-noelie-jeannerat\">\n<h6 class=\"liensouligne wp-block-post-title\"><a href=\"https:\/\/wp.unil.ch\/ateliercritique\/2024\/03\/la-promenade\/\" target=\"_self\" >La Promenade<\/a><\/h6>\n\n<div class=\"wp-block-post-excerpt\"><p class=\"wp-block-post-excerpt__excerpt\">Conception et jeu\u00a0Alain Borek et Odile Cantero \/ Musique de Albert Chinet \/ Le Pommier (Neuch\u00e2tel) \/ le 7 mars 2024 \/ Critique par No\u00eblie Jeannerat . <\/p><\/div>\n\n\n<div style=\"height:1px\" aria-hidden=\"true\" class=\"wp-block-spacer\"><\/div>\n\n<\/li><li class=\"wp-block-post post-17585 post type-post status-publish format-standard has-post-thumbnail category-critique category-expired category-spectacle category-theatre-du-jura tag-noelie-jeannerat\">\n<h6 class=\"liensouligne wp-block-post-title\"><a href=\"https:\/\/wp.unil.ch\/ateliercritique\/2024\/03\/les-annees-bleues-ou-la-douce-odyssee-detre-adulte\/\" target=\"_self\" >Les ann\u00e9es bleues, ou la douce odyss\u00e9e d\u2019\u00eatre adulte<\/a><\/h6>\n\n<div class=\"wp-block-post-excerpt\"><p class=\"wp-block-post-excerpt__excerpt\">Conception et mise en sc\u00e8ne par la Cie Extrapol \/ Co-production du Th\u00e9\u00e2tre du Jura \/ Th\u00e9\u00e2tre du Jura (Del\u00e9mont) \/ du 1er au 3 mars 2024\/ Critique par No\u00eblie Jeannerat. <\/p><\/div>\n\n\n<div style=\"height:1px\" aria-hidden=\"true\" class=\"wp-block-spacer\"><\/div>\n\n<\/li><\/ul><\/div>\n","protected":false},"excerpt":{"rendered":"<p>Les critiques de No\u00eblie Jeannerat :<\/p>\n","protected":false},"author":1002694,"featured_media":0,"parent":2716,"menu_order":0,"comment_status":"closed","ping_status":"closed","template":"","meta":{"_seopress_robots_primary_cat":"","_seopress_titles_title":"","_seopress_titles_desc":"","_seopress_robots_index":"","footnotes":""},"class_list":["post-17548","page","type-page","status-publish"],"_links":{"self":[{"href":"https:\/\/wp.unil.ch\/ateliercritique\/wp-json\/wp\/v2\/pages\/17548","targetHints":{"allow":["GET"]}}],"collection":[{"href":"https:\/\/wp.unil.ch\/ateliercritique\/wp-json\/wp\/v2\/pages"}],"about":[{"href":"https:\/\/wp.unil.ch\/ateliercritique\/wp-json\/wp\/v2\/types\/page"}],"author":[{"embeddable":true,"href":"https:\/\/wp.unil.ch\/ateliercritique\/wp-json\/wp\/v2\/users\/1002694"}],"replies":[{"embeddable":true,"href":"https:\/\/wp.unil.ch\/ateliercritique\/wp-json\/wp\/v2\/comments?post=17548"}],"version-history":[{"count":5,"href":"https:\/\/wp.unil.ch\/ateliercritique\/wp-json\/wp\/v2\/pages\/17548\/revisions"}],"predecessor-version":[{"id":22303,"href":"https:\/\/wp.unil.ch\/ateliercritique\/wp-json\/wp\/v2\/pages\/17548\/revisions\/22303"}],"up":[{"embeddable":true,"href":"https:\/\/wp.unil.ch\/ateliercritique\/wp-json\/wp\/v2\/pages\/2716"}],"wp:attachment":[{"href":"https:\/\/wp.unil.ch\/ateliercritique\/wp-json\/wp\/v2\/media?parent=17548"}],"curies":[{"name":"wp","href":"https:\/\/api.w.org\/{rel}","templated":true}]}}