{"id":16427,"date":"2022-10-11T11:58:47","date_gmt":"2022-10-11T09:58:47","guid":{"rendered":"https:\/\/wp.unil.ch\/ateliercritique\/?page_id=16427"},"modified":"2025-02-06T17:06:19","modified_gmt":"2025-02-06T16:06:19","slug":"julie-fievez","status":"publish","type":"page","link":"https:\/\/wp.unil.ch\/ateliercritique\/lequipe\/julie-fievez\/","title":{"rendered":"Julie Fievez"},"content":{"rendered":"\n<h4 class=\"wp-block-heading\">Les critiques de Julie Fievez : <\/h4>\n\n\n\n<div class=\"wp-block-query is-layout-flow wp-block-query-is-layout-flow\"><ul class=\"wp-block-post-template is-layout-flow wp-block-post-template-is-layout-flow\"><li class=\"wp-block-post post-16811 post type-post status-publish format-standard has-post-thumbnail category-critique category-expired category-spectacle tag-julie-fievez\">\n<h6 class=\"liensouligne wp-block-post-title\"><a href=\"https:\/\/wp.unil.ch\/ateliercritique\/2023\/05\/inedits-theatre-en-collaboration-avec-le-courrier-2\/\" target=\"_self\" >L&rsquo;Autre<\/a><\/h6>\n\n<div class=\"wp-block-post-excerpt\"><p class=\"wp-block-post-excerpt__excerpt\">Pi\u00e8ce de M\u00e9lanie Chappuis \/ Compte-rendu par Julie Fievez . <\/p><\/div>\n\n\n<div style=\"height:1px\" aria-hidden=\"true\" class=\"wp-block-spacer\"><\/div>\n\n<\/li><li class=\"wp-block-post post-16802 post type-post status-publish format-standard has-post-thumbnail category-entretien tag-julie-fievez\">\n<h6 class=\"liensouligne wp-block-post-title\"><a href=\"https:\/\/wp.unil.ch\/ateliercritique\/2023\/05\/entretien-melanie-chappuis-lautre\/\" target=\"_self\" >Entretien avec M\u00e9lanie Chappuis<\/a><\/h6>\n\n<div class=\"wp-block-post-excerpt\"><p class=\"wp-block-post-excerpt__excerpt\">Par Julie Fievez. <\/p><\/div>\n\n\n<div style=\"height:1px\" aria-hidden=\"true\" class=\"wp-block-spacer\"><\/div>\n\n<\/li><li class=\"wp-block-post post-16720 post type-post status-publish format-standard has-post-thumbnail category-critique category-expired category-spectacle category-theatre-de-vidy tag-julie-fievez tag-sylvain-grangier\">\n<h6 class=\"liensouligne wp-block-post-title\"><a href=\"https:\/\/wp.unil.ch\/ateliercritique\/2023\/03\/booom\/\" target=\"_self\" >Booom !<\/a><\/h6>\n\n<div class=\"wp-block-post-excerpt\"><p class=\"wp-block-post-excerpt__excerpt\">Une cr\u00e9ation collective avec Luxxx, Isabelle Vesseron, Carolina Varela, Adrien Rupp, Michael Scheuplein \/ Th\u00e9\u00e2tre de Vidy \/ du 28 mars au 06 avril \/ critiques par Julie Fievez et Sylvain Grangier . <\/p><\/div>\n\n\n<div style=\"height:1px\" aria-hidden=\"true\" class=\"wp-block-spacer\"><\/div>\n\n<\/li><li class=\"wp-block-post post-16653 post type-post status-publish format-standard has-post-thumbnail category-critique category-expired category-spectacle category-theatre-de-vidy tag-julie-fievez tag-timon-musy\">\n<h6 class=\"liensouligne wp-block-post-title\"><a href=\"https:\/\/wp.unil.ch\/ateliercritique\/2023\/03\/liebestod\/\" target=\"_self\" >Liebestod<\/a><\/h6>\n\n<div class=\"wp-block-post-excerpt\"><p class=\"wp-block-post-excerpt__excerpt\">Par Ang\u00e9lica Liddell \/ Th\u00e9\u00e2tre de Vidy \/ du 15 au 18 mars 2023 \/ critiques par Timon Musy et Julie Fievez . <\/p><\/div>\n\n\n<div style=\"height:1px\" aria-hidden=\"true\" class=\"wp-block-spacer\"><\/div>\n\n<\/li><li class=\"wp-block-post post-16583 post type-post status-publish format-standard has-post-thumbnail category-critique category-expired category-theatre-comedie category-spectacle tag-claire-cornaz tag-julie-fievez\">\n<h6 class=\"liensouligne wp-block-post-title\"><a href=\"https:\/\/wp.unil.ch\/ateliercritique\/2022\/12\/diestinguished\/\" target=\"_self\" >DIEstinguished<\/a><\/h6>\n\n<div class=\"wp-block-post-excerpt\"><p class=\"wp-block-post-excerpt__excerpt\">Conception et mise en sc\u00e8ne par La Ribot \/ Com\u00e9die de Gen\u00e8ve \/ du 09 au 11 d\u00e9cembre 2022 \/ critiques par Julie Fievez et Claire Cornaz . <\/p><\/div>\n\n\n<div style=\"height:1px\" aria-hidden=\"true\" class=\"wp-block-spacer\"><\/div>\n\n<\/li><li class=\"wp-block-post post-16478 post type-post status-publish format-standard has-post-thumbnail category-critique category-expired category-l-abri category-spectacle tag-julie-fievez\">\n<h6 class=\"liensouligne wp-block-post-title\"><a href=\"https:\/\/wp.unil.ch\/ateliercritique\/2022\/11\/festival-emergientia-geneve\/\" target=\"_self\" >Festival Emergentia Gen\u00e8ve<\/a><\/h6>\n\n<div class=\"wp-block-post-excerpt\"><p class=\"wp-block-post-excerpt__excerpt\">La fine di tutte le cose &#8211; l\u2019inizio di tutte le altre \/ Chor\u00e9graphie et interpr\u00e9tation d\u2019Emma Saba \/\/ How do I \/ Conception et interpr\u00e9tation de Lisa Laurent \/\/ Cachalotte \/ cr\u00e9ation du collectif Ouinch Ouinch \/ Festival Emergentia\u2026 <\/p><\/div>\n\n\n<div style=\"height:1px\" aria-hidden=\"true\" class=\"wp-block-spacer\"><\/div>\n\n<\/li><li class=\"wp-block-post post-16472 post type-post status-publish format-standard has-post-thumbnail category-critique category-expired category-spectacle category-theatre-les-halles tag-julie-fievez\">\n<h6 class=\"liensouligne wp-block-post-title\"><a href=\"https:\/\/wp.unil.ch\/ateliercritique\/2022\/11\/quand-souffle-le-vent\/\" target=\"_self\" >Quand souffle le vent\u00a0<\/a><\/h6>\n\n<div class=\"wp-block-post-excerpt\"><p class=\"wp-block-post-excerpt__excerpt\">Mise en sc\u00e8ne Pauline Epiney \/ TLH &#8211; Th\u00e9\u00e2tre Les Halles \/ les 29 et 30 octobre 2022 \/ critique par Julie Fievez . <\/p><\/div>\n\n\n<div style=\"height:1px\" aria-hidden=\"true\" class=\"wp-block-spacer\"><\/div>\n\n<\/li><li class=\"wp-block-post post-16451 post type-post status-publish format-standard has-post-thumbnail category-critique category-expired category-theatre-de-larsenic category-spectacle tag-isabelle-fasnacht tag-julie-fievez\">\n<h6 class=\"liensouligne wp-block-post-title\"><a href=\"https:\/\/wp.unil.ch\/ateliercritique\/2022\/10\/my-epifunny\/\" target=\"_self\" >My Epifunny<\/a><\/h6>\n\n<div class=\"wp-block-post-excerpt\"><p class=\"wp-block-post-excerpt__excerpt\">De Marco Berrettini \/ L&rsquo; Arsenic Lausanne \/ du 11 au 16 octobre 2022 [du 26 au 29 janvier 2023 \u00e0 la Com\u00e9die de Gen\u00e8ve] \/ critiques par Isabelle Fasnacht et Julie Fievez . <\/p><\/div>\n\n\n<div style=\"height:1px\" aria-hidden=\"true\" class=\"wp-block-spacer\"><\/div>\n\n<\/li><\/ul><\/div>\n","protected":false},"excerpt":{"rendered":"<p>Les critiques de Julie Fievez :<\/p>\n","protected":false},"author":1002282,"featured_media":0,"parent":2716,"menu_order":0,"comment_status":"closed","ping_status":"closed","template":"","meta":{"_seopress_robots_primary_cat":"","_seopress_titles_title":"","_seopress_titles_desc":"","_seopress_robots_index":"","footnotes":""},"class_list":["post-16427","page","type-page","status-publish"],"_links":{"self":[{"href":"https:\/\/wp.unil.ch\/ateliercritique\/wp-json\/wp\/v2\/pages\/16427","targetHints":{"allow":["GET"]}}],"collection":[{"href":"https:\/\/wp.unil.ch\/ateliercritique\/wp-json\/wp\/v2\/pages"}],"about":[{"href":"https:\/\/wp.unil.ch\/ateliercritique\/wp-json\/wp\/v2\/types\/page"}],"author":[{"embeddable":true,"href":"https:\/\/wp.unil.ch\/ateliercritique\/wp-json\/wp\/v2\/users\/1002282"}],"replies":[{"embeddable":true,"href":"https:\/\/wp.unil.ch\/ateliercritique\/wp-json\/wp\/v2\/comments?post=16427"}],"version-history":[{"count":1,"href":"https:\/\/wp.unil.ch\/ateliercritique\/wp-json\/wp\/v2\/pages\/16427\/revisions"}],"predecessor-version":[{"id":22276,"href":"https:\/\/wp.unil.ch\/ateliercritique\/wp-json\/wp\/v2\/pages\/16427\/revisions\/22276"}],"up":[{"embeddable":true,"href":"https:\/\/wp.unil.ch\/ateliercritique\/wp-json\/wp\/v2\/pages\/2716"}],"wp:attachment":[{"href":"https:\/\/wp.unil.ch\/ateliercritique\/wp-json\/wp\/v2\/media?parent=16427"}],"curies":[{"name":"wp","href":"https:\/\/api.w.org\/{rel}","templated":true}]}}