{"id":16083,"date":"2022-03-22T15:16:50","date_gmt":"2022-03-22T14:16:50","guid":{"rendered":"https:\/\/wp.unil.ch\/ateliercritique\/?page_id=16083"},"modified":"2025-02-06T17:05:07","modified_gmt":"2025-02-06T16:05:07","slug":"isabelle-fasnacht","status":"publish","type":"page","link":"https:\/\/wp.unil.ch\/ateliercritique\/lequipe\/isabelle-fasnacht\/","title":{"rendered":"Isabelle Fasnacht"},"content":{"rendered":"\n<h4 class=\"wp-block-heading\"> Les critiques d&rsquo;Isabelle Fasnacht : <\/h4>\n\n\n\n<div class=\"wp-block-query is-layout-flow wp-block-query-is-layout-flow\"><ul class=\"wp-block-post-template is-layout-flow wp-block-post-template-is-layout-flow\"><li class=\"wp-block-post post-16560 post type-post status-publish format-standard has-post-thumbnail category-critique category-expired category-la-grange category-spectacle tag-isabelle-fasnacht\">\n<h6 class=\"liensouligne wp-block-post-title\"><a href=\"https:\/\/wp.unil.ch\/ateliercritique\/2022\/12\/kick-ball-change\/\" target=\"_self\" >Kick Ball Change<\/a><\/h6>\n\n<div class=\"wp-block-post-excerpt\"><p class=\"wp-block-post-excerpt__excerpt\">Con\u00e7u, chor\u00e9graphi\u00e9 et interpr\u00e9t\u00e9 par Kiyan Khoshoie et Charlotte Dumartheray \/ La Grange \u2013 Centre \/ Arts et Science \/ UNIL \/ Coproduction Le Gr\u00fctli \/ du 7 au 12 d\u00e9cembre 2022 \/ critique par Isabelle Fasnacht . <\/p><\/div>\n\n\n<div style=\"height:1px\" aria-hidden=\"true\" class=\"wp-block-spacer\"><\/div>\n\n<\/li><li class=\"wp-block-post post-16451 post type-post status-publish format-standard has-post-thumbnail category-critique category-expired category-theatre-de-larsenic category-spectacle tag-isabelle-fasnacht tag-julie-fievez\">\n<h6 class=\"liensouligne wp-block-post-title\"><a href=\"https:\/\/wp.unil.ch\/ateliercritique\/2022\/10\/my-epifunny\/\" target=\"_self\" >My Epifunny<\/a><\/h6>\n\n<div class=\"wp-block-post-excerpt\"><p class=\"wp-block-post-excerpt__excerpt\">De Marco Berrettini \/ L&rsquo; Arsenic Lausanne \/ du 11 au 16 octobre 2022 [du 26 au 29 janvier 2023 \u00e0 la Com\u00e9die de Gen\u00e8ve] \/ critiques par Isabelle Fasnacht et Julie Fievez . <\/p><\/div>\n\n\n<div style=\"height:1px\" aria-hidden=\"true\" class=\"wp-block-spacer\"><\/div>\n\n<\/li><li class=\"wp-block-post post-16434 post type-post status-publish format-standard has-post-thumbnail category-critique category-expired category-spectacle category-theatre-des-marionnettes tag-isabelle-fasnacht\">\n<h6 class=\"liensouligne wp-block-post-title\"><a href=\"https:\/\/wp.unil.ch\/ateliercritique\/2022\/10\/im-wald\/\" target=\"_self\" >Im Wald<\/a><\/h6>\n\n<div class=\"wp-block-post-excerpt\"><p class=\"wp-block-post-excerpt__excerpt\">Compagnie Chamar bell clochette : de et avec Chine Curchod et Roland Bucher \/ Th\u00e9\u00e2tre des Marionnettes de Gen\u00e8ve \/ du 29 septembre au 6 octobre 2022 \/ Critique par Isabelle Fasnacht . <\/p><\/div>\n\n\n<div style=\"height:1px\" aria-hidden=\"true\" class=\"wp-block-spacer\"><\/div>\n\n<\/li><li class=\"wp-block-post post-16274 post type-post status-publish format-standard has-post-thumbnail category-critique category-expired category-le-pommier category-spectacle tag-isabelle-fasnacht tag-noemie-jeannet\">\n<h6 class=\"liensouligne wp-block-post-title\"><a href=\"https:\/\/wp.unil.ch\/ateliercritique\/2022\/05\/munich-athenes\/\" target=\"_self\" >Munich-Ath\u00e8nes<\/a><\/h6>\n\n<div class=\"wp-block-post-excerpt\"><p class=\"wp-block-post-excerpt__excerpt\">D\u2019apr\u00e8s Lars Nor\u00e9n \/ Mise en sc\u00e8ne de Nastassja Tanner et Gr\u00e9goire Strecker, Cie NT \/ Le Pommier, Neuch\u00e2tel \/ du 27 au 30\u00a0avril 2022 \/ Critiques par Isabelle Fasnacht et No\u00e9mie Jeannet . <\/p><\/div>\n\n\n<div style=\"height:1px\" aria-hidden=\"true\" class=\"wp-block-spacer\"><\/div>\n\n<\/li><li class=\"wp-block-post post-16201 post type-post status-publish format-standard has-post-thumbnail category-critique category-expired category-l-abri category-spectacle tag-isabelle-fasnacht tag-stella-wohlers\">\n<h6 class=\"liensouligne wp-block-post-title\"><a href=\"https:\/\/wp.unil.ch\/ateliercritique\/2022\/04\/crudo-y-pesado\/\" target=\"_self\" >Crudo y pesado<\/a><\/h6>\n\n<div class=\"wp-block-post-excerpt\"><p class=\"wp-block-post-excerpt__excerpt\">Conception et mise en sc\u00e8ne par Pierre-Angelo Zavaglia \/ L\u2019Abri (Gen\u00e8ve) \u00e0 La Madeleine \/ du 5 au 7 avril 2022 \/ Critiques par Stella Wohlers et Isabelle Fasnacht . <\/p><\/div>\n\n\n<div style=\"height:1px\" aria-hidden=\"true\" class=\"wp-block-spacer\"><\/div>\n\n<\/li><li class=\"wp-block-post post-16165 post type-post status-publish format-standard has-post-thumbnail category-critique category-expired category-spectacle category-theatre-les-halles tag-isabelle-fasnacht\">\n<h6 class=\"liensouligne wp-block-post-title\"><a href=\"https:\/\/wp.unil.ch\/ateliercritique\/2022\/04\/ainsi-va-la-vie\/\" target=\"_self\" >Ainsi va la vie<\/a><\/h6>\n\n<div class=\"wp-block-post-excerpt\"><p class=\"wp-block-post-excerpt__excerpt\">Texte et mise en sc\u00e8ne Samuel Perthuis \/ Th\u00e9\u00e2tres Les Halles Sierre Hors-les-murs \/ du 22 mars au 2 avril 2022 \/ critique par Isabelle Fasnacht . <\/p><\/div>\n\n\n<div style=\"height:1px\" aria-hidden=\"true\" class=\"wp-block-spacer\"><\/div>\n\n<\/li><li class=\"wp-block-post post-16079 post type-post status-publish format-standard has-post-thumbnail category-critique category-expired category-spectacle category-theatre-de-vidy tag-antoine-klotz tag-isabelle-fasnacht\">\n<h6 class=\"liensouligne wp-block-post-title\"><a href=\"https:\/\/wp.unil.ch\/ateliercritique\/2022\/03\/arborescence-programmee\/\" target=\"_self\" >Arborescence programm\u00e9e<\/a><\/h6>\n\n<div class=\"wp-block-post-excerpt\"><p class=\"wp-block-post-excerpt__excerpt\">Mise en sc\u00e8ne Muriel Imbach \/ Th\u00e9\u00e2tre de Vidy Hors-les-murs \/ La Grange-UNIL (Vortex) \/ du 16 au 20 mars 2022 \/ critiques par Antoine Klotz et Isabelle Fasnacht . <\/p><\/div>\n\n\n<div style=\"height:1px\" aria-hidden=\"true\" class=\"wp-block-spacer\"><\/div>\n\n<\/li><\/ul><\/div>\n","protected":false},"excerpt":{"rendered":"<p>Les critiques d&rsquo;Isabelle Fasnacht :<\/p>\n","protected":false},"author":1002282,"featured_media":0,"parent":2716,"menu_order":0,"comment_status":"closed","ping_status":"closed","template":"","meta":{"_seopress_robots_primary_cat":"","_seopress_titles_title":"","_seopress_titles_desc":"","_seopress_robots_index":"","footnotes":""},"class_list":["post-16083","page","type-page","status-publish"],"_links":{"self":[{"href":"https:\/\/wp.unil.ch\/ateliercritique\/wp-json\/wp\/v2\/pages\/16083","targetHints":{"allow":["GET"]}}],"collection":[{"href":"https:\/\/wp.unil.ch\/ateliercritique\/wp-json\/wp\/v2\/pages"}],"about":[{"href":"https:\/\/wp.unil.ch\/ateliercritique\/wp-json\/wp\/v2\/types\/page"}],"author":[{"embeddable":true,"href":"https:\/\/wp.unil.ch\/ateliercritique\/wp-json\/wp\/v2\/users\/1002282"}],"replies":[{"embeddable":true,"href":"https:\/\/wp.unil.ch\/ateliercritique\/wp-json\/wp\/v2\/comments?post=16083"}],"version-history":[{"count":1,"href":"https:\/\/wp.unil.ch\/ateliercritique\/wp-json\/wp\/v2\/pages\/16083\/revisions"}],"predecessor-version":[{"id":22274,"href":"https:\/\/wp.unil.ch\/ateliercritique\/wp-json\/wp\/v2\/pages\/16083\/revisions\/22274"}],"up":[{"embeddable":true,"href":"https:\/\/wp.unil.ch\/ateliercritique\/wp-json\/wp\/v2\/pages\/2716"}],"wp:attachment":[{"href":"https:\/\/wp.unil.ch\/ateliercritique\/wp-json\/wp\/v2\/media?parent=16083"}],"curies":[{"name":"wp","href":"https:\/\/api.w.org\/{rel}","templated":true}]}}

<h4 class="wp-block-heading"> Les critiques d&rsquo;Isabelle Fasnacht : </h4>



<div class="wp-block-query is-layout-flow wp-block-query-is-layout-flow"><ul class="wp-block-post-template is-layout-flow wp-block-post-template-is-layout-flow"><li class="wp-block-post post-16560 post type-post status-publish format-standard has-post-thumbnail category-critique category-expired category-la-grange category-spectacle tag-isabelle-fasnacht">
<h6 class="liensouligne wp-block-post-title"><a href="https://wp.unil.ch/ateliercritique/2022/12/kick-ball-change/" target="_self" >Kick Ball Change</a></h6>

<div class="wp-block-post-excerpt"><p class="wp-block-post-excerpt__excerpt">Conçu, chorégraphié et interprété par Kiyan Khoshoie et Charlotte Dumartheray / La Grange – Centre / Arts et Science / UNIL / Coproduction Le Grütli / du 7 au 12 décembre 2022 / critique par Isabelle Fasnacht . </p></div>


<div style="height:1px" aria-hidden="true" class="wp-block-spacer"></div>

</li><li class="wp-block-post post-16451 post type-post status-publish format-standard has-post-thumbnail category-critique category-expired category-theatre-de-larsenic category-spectacle tag-isabelle-fasnacht tag-julie-fievez">
<h6 class="liensouligne wp-block-post-title"><a href="https://wp.unil.ch/ateliercritique/2022/10/my-epifunny/" target="_self" >My Epifunny</a></h6>

<div class="wp-block-post-excerpt"><p class="wp-block-post-excerpt__excerpt">De Marco Berrettini / L&rsquo; Arsenic Lausanne / du 11 au 16 octobre 2022 [du 26 au 29 janvier 2023 à la Comédie de Genève] / critiques par Isabelle Fasnacht et Julie Fievez . </p></div>


<div style="height:1px" aria-hidden="true" class="wp-block-spacer"></div>

</li><li class="wp-block-post post-16434 post type-post status-publish format-standard has-post-thumbnail category-critique category-expired category-spectacle category-theatre-des-marionnettes tag-isabelle-fasnacht">
<h6 class="liensouligne wp-block-post-title"><a href="https://wp.unil.ch/ateliercritique/2022/10/im-wald/" target="_self" >Im Wald</a></h6>

<div class="wp-block-post-excerpt"><p class="wp-block-post-excerpt__excerpt">Compagnie Chamar bell clochette : de et avec Chine Curchod et Roland Bucher / Théâtre des Marionnettes de Genève / du 29 septembre au 6 octobre 2022 / Critique par Isabelle Fasnacht . </p></div>


<div style="height:1px" aria-hidden="true" class="wp-block-spacer"></div>

</li><li class="wp-block-post post-16274 post type-post status-publish format-standard has-post-thumbnail category-critique category-expired category-le-pommier category-spectacle tag-isabelle-fasnacht tag-noemie-jeannet">
<h6 class="liensouligne wp-block-post-title"><a href="https://wp.unil.ch/ateliercritique/2022/05/munich-athenes/" target="_self" >Munich-Athènes</a></h6>

<div class="wp-block-post-excerpt"><p class="wp-block-post-excerpt__excerpt">D’après Lars Norén / Mise en scène de Nastassja Tanner et Grégoire Strecker, Cie NT / Le Pommier, Neuchâtel / du 27 au 30 avril 2022 / Critiques par Isabelle Fasnacht et Noémie Jeannet . </p></div>


<div style="height:1px" aria-hidden="true" class="wp-block-spacer"></div>

</li><li class="wp-block-post post-16201 post type-post status-publish format-standard has-post-thumbnail category-critique category-expired category-l-abri category-spectacle tag-isabelle-fasnacht tag-stella-wohlers">
<h6 class="liensouligne wp-block-post-title"><a href="https://wp.unil.ch/ateliercritique/2022/04/crudo-y-pesado/" target="_self" >Crudo y pesado</a></h6>

<div class="wp-block-post-excerpt"><p class="wp-block-post-excerpt__excerpt">Conception et mise en scène par Pierre-Angelo Zavaglia / L’Abri (Genève) à La Madeleine / du 5 au 7 avril 2022 / Critiques par Stella Wohlers et Isabelle Fasnacht . </p></div>


<div style="height:1px" aria-hidden="true" class="wp-block-spacer"></div>

</li><li class="wp-block-post post-16165 post type-post status-publish format-standard has-post-thumbnail category-critique category-expired category-spectacle category-theatre-les-halles tag-isabelle-fasnacht">
<h6 class="liensouligne wp-block-post-title"><a href="https://wp.unil.ch/ateliercritique/2022/04/ainsi-va-la-vie/" target="_self" >Ainsi va la vie</a></h6>

<div class="wp-block-post-excerpt"><p class="wp-block-post-excerpt__excerpt">Texte et mise en scène Samuel Perthuis / Théâtres Les Halles Sierre Hors-les-murs / du 22 mars au 2 avril 2022 / critique par Isabelle Fasnacht . </p></div>


<div style="height:1px" aria-hidden="true" class="wp-block-spacer"></div>

</li><li class="wp-block-post post-16079 post type-post status-publish format-standard has-post-thumbnail category-critique category-expired category-spectacle category-theatre-de-vidy tag-antoine-klotz tag-isabelle-fasnacht">
<h6 class="liensouligne wp-block-post-title"><a href="https://wp.unil.ch/ateliercritique/2022/03/arborescence-programmee/" target="_self" >Arborescence programmée</a></h6>

<div class="wp-block-post-excerpt"><p class="wp-block-post-excerpt__excerpt">Mise en scène Muriel Imbach / Théâtre de Vidy Hors-les-murs / La Grange-UNIL (Vortex) / du 16 au 20 mars 2022 / critiques par Antoine Klotz et Isabelle Fasnacht . </p></div>


<div style="height:1px" aria-hidden="true" class="wp-block-spacer"></div>

</li></ul></div>
