{"id":16058,"date":"2022-03-18T17:32:01","date_gmt":"2022-03-18T16:32:01","guid":{"rendered":"https:\/\/wp.unil.ch\/ateliercritique\/?page_id=16058"},"modified":"2025-02-06T17:15:09","modified_gmt":"2025-02-06T16:15:09","slug":"clementine-glardon","status":"publish","type":"page","link":"https:\/\/wp.unil.ch\/ateliercritique\/lequipe\/clementine-glardon\/","title":{"rendered":"Cl\u00e9mentine Glardon"},"content":{"rendered":"\n<h4 class=\"wp-block-heading\">Les critiques de Cl\u00e9mentine Glardon : <\/h4>\n\n\n\n<div class=\"wp-block-query is-layout-flow wp-block-query-is-layout-flow\"><ul class=\"wp-block-post-template is-layout-flow wp-block-post-template-is-layout-flow\"><li class=\"wp-block-post post-16591 post type-post status-publish format-standard has-post-thumbnail category-critique category-expired category-spectacle category-teatre-du-grutli tag-clementine-glardon\">\n<h6 class=\"liensouligne wp-block-post-title\"><a href=\"https:\/\/wp.unil.ch\/ateliercritique\/2022\/12\/mer-plastique\/\" target=\"_self\" >Mer plastique<\/a><\/h6>\n\n<div class=\"wp-block-post-excerpt\"><p class=\"wp-block-post-excerpt__excerpt\">Direction artistique et chor\u00e9graphie Tidiani N\u2019Diaye \/ Th\u00e9\u00e2tre du Gr\u00fctli \/ du 10 au 21 d\u00e9cembre 2022 \/ critique par Cl\u00e9mentine Glardon . <\/p><\/div>\n\n\n<div style=\"height:1px\" aria-hidden=\"true\" class=\"wp-block-spacer\"><\/div>\n\n<\/li><li class=\"wp-block-post post-16417 post type-post status-publish format-standard has-post-thumbnail category-critique category-expired category-la-grange category-spectacle tag-clementine-glardon\">\n<h6 class=\"liensouligne wp-block-post-title\"><a href=\"https:\/\/wp.unil.ch\/ateliercritique\/2022\/10\/aveugles-ou-comment-se-donner-du-courage-pour-agir-ensemble\/\" target=\"_self\" >Aveugles ou comment se donner du courage pour agir ensemble<\/a><\/h6>\n\n<div class=\"wp-block-post-excerpt\"><p class=\"wp-block-post-excerpt__excerpt\">\u00c9criture et jeu Le joli collectif (Marie-Lis Cabri\u00e8res, Vincent Collet, Fanny Fezans, Vincent Voisin) \/ mise en sc\u00e8ne de Vincent Collet, avec la collaboration de Pierre D\u00e9aux \/ La Grange \u2013 Centre \/ Arts et Science \/ UNIL \/ du\u2026 <\/p><\/div>\n\n\n<div style=\"height:1px\" aria-hidden=\"true\" class=\"wp-block-spacer\"><\/div>\n\n<\/li><li class=\"wp-block-post post-16319 post type-post status-publish format-standard has-post-thumbnail category-critique category-expired category-spectacle category-theatre-2-21-lausanne tag-clementine-glardon tag-manon-lelievre\">\n<h6 class=\"liensouligne wp-block-post-title\"><a href=\"https:\/\/wp.unil.ch\/ateliercritique\/2022\/05\/dix-petites-anarchistes\/\" target=\"_self\" >Dix petites anarchistes<\/a><\/h6>\n\n<div class=\"wp-block-post-excerpt\"><p class=\"wp-block-post-excerpt__excerpt\">Adaptation du roman de Daniel de Roulet par Marie Perny \/ Mise en sc\u00e8ne de Julie Burnier \/ 2.21 Lausanne \/ du 03 au 08 mai 2022 \/ Critiques par Manon Leli\u00e8vre et Cl\u00e9mentine Glardon . <\/p><\/div>\n\n\n<div style=\"height:1px\" aria-hidden=\"true\" class=\"wp-block-spacer\"><\/div>\n\n<\/li><li class=\"wp-block-post post-16208 post type-post status-publish format-standard has-post-thumbnail category-critique category-expired category-theatre-des-osses category-spectacle tag-clementine-glardon tag-noemie-jeannet\">\n<h6 class=\"liensouligne wp-block-post-title\"><a href=\"https:\/\/wp.unil.ch\/ateliercritique\/2022\/04\/oncle-vania\/\" target=\"_self\" >Oncle Vania<\/a><\/h6>\n\n<div class=\"wp-block-post-excerpt\"><p class=\"wp-block-post-excerpt__excerpt\">Production Cie OC &amp; CO \/ Coproduction Th\u00e9\u00e2tre Actuel et Public de Strasbourg (TAPS) \/ d\u2019apr\u00e8s Anton Tchekhov \/ Adaptation et mise en sc\u00e8ne par Olivier Chapelet \/ Th\u00e9\u00e2tre des Osses, Fribourg \/ du 1er au 10 avril 2022 \/\u2026 <\/p><\/div>\n\n\n<div style=\"height:1px\" aria-hidden=\"true\" class=\"wp-block-spacer\"><\/div>\n\n<\/li><li class=\"wp-block-post post-16176 post type-post status-publish format-standard has-post-thumbnail category-critique category-expired category-la-grange category-spectacle tag-clementine-glardon tag-manon-lelievre\">\n<h6 class=\"liensouligne wp-block-post-title\"><a href=\"https:\/\/wp.unil.ch\/ateliercritique\/2022\/04\/g5\/\" target=\"_self\" >G5<\/a><\/h6>\n\n<div class=\"wp-block-post-excerpt\"><p class=\"wp-block-post-excerpt__excerpt\">Texte et mise en sc\u00e8ne Rocio Berenguer \/ La Grange \u2013 Centre \/ Arts et Science \/ UNIL \/ du 24 au 27 mars 2022 \/ critiques par Cl\u00e9mentine Glardon et Manon Leli\u00e8vre . <\/p><\/div>\n\n\n<div style=\"height:1px\" aria-hidden=\"true\" class=\"wp-block-spacer\"><\/div>\n\n<\/li><li class=\"wp-block-post post-16137 post type-post status-publish format-standard has-post-thumbnail category-critique category-expired category-maison-saint-gervais category-spectacle category-theatre-de-vidy tag-clementine-glardon tag-melanie-carrel-2\">\n<h6 class=\"liensouligne wp-block-post-title\"><a href=\"https:\/\/wp.unil.ch\/ateliercritique\/2022\/03\/desordre-du-discours\/\" target=\"_self\" >D\u00e9sordre du discours<\/a><\/h6>\n\n<div class=\"wp-block-post-excerpt\"><p class=\"wp-block-post-excerpt__excerpt\">D\u2019apr\u00e8s Michel Foucault \/ Conception Fanny de Chaill\u00e9 \/ Avec Guillaume Bailliart \/ Th\u00e9\u00e2tre Saint-Gervais (hors les murs UNIGE) et Th\u00e9\u00e2tre de Vidy (hors les murs UNIL) \/ du 22 au 27 mars 2022 \/ critiques par Cl\u00e9mentine Glardon et\u2026 <\/p><\/div>\n\n\n<div style=\"height:1px\" aria-hidden=\"true\" class=\"wp-block-spacer\"><\/div>\n\n<\/li><li class=\"wp-block-post post-16129 post type-post status-publish format-standard has-post-thumbnail category-critique category-expired category-spectacle category-theatre-de-vidy tag-antoine-klotz tag-celine-bignotti tag-claire-cornaz tag-clementine-glardon tag-melanie-carrel-2\">\n<h6 class=\"liensouligne wp-block-post-title\"><a href=\"https:\/\/wp.unil.ch\/ateliercritique\/2022\/03\/tartuffe-dapres-tartuffe-dapres-tartuffe-dapres-moliere\/\" target=\"_self\" >Tartuffe d\u2019apr\u00e8s Tartuffe d\u2019apr\u00e8s Tartuffe d\u2019apr\u00e8s Moli\u00e8re<\/a><\/h6>\n\n<div class=\"wp-block-post-excerpt\"><p class=\"wp-block-post-excerpt__excerpt\">D\u2019apr\u00e8s la pi\u00e8ce de Moli\u00e8re \/ Conception Guillaume Bailliart (Groupe Fant\u00f4mas) \/ Th\u00e9\u00e2tre de Vidy \/ du 2 au 12 mars 2022 \/\u00a0critiques par Antoine Klotz, M\u00e9lanie Carrel, C\u00e9line Bignotti, Claire Cornaz et Cl\u00e9mentine Glardon . <\/p><\/div>\n\n\n<div style=\"height:1px\" aria-hidden=\"true\" class=\"wp-block-spacer\"><\/div>\n\n<\/li><li class=\"wp-block-post post-16051 post type-post status-publish format-standard has-post-thumbnail category-centre-pluriculturel-et-social-douchy category-critique category-expired category-spectacle tag-brian-aubert tag-clementine-glardon\">\n<h6 class=\"liensouligne wp-block-post-title\"><a href=\"https:\/\/wp.unil.ch\/ateliercritique\/2022\/03\/mercury\/\" target=\"_self\" >Mercury<\/a><\/h6>\n\n<div class=\"wp-block-post-excerpt\"><p class=\"wp-block-post-excerpt__excerpt\">Mise en sc\u00e8ne de Sophie Pasquet-Racine \/ Texte de Yvan Richardet \/ CPO-Ouchy \/ du 9 au 11 mars 2022 \/ critiques par Brian Aubert et Cl\u00e9mentine Glardon . <\/p><\/div>\n\n\n<div style=\"height:1px\" aria-hidden=\"true\" class=\"wp-block-spacer\"><\/div>\n\n<\/li><\/ul><\/div>\n\n\n\n<p><\/p>\n","protected":false},"excerpt":{"rendered":"<p>Les critiques de Cl\u00e9mentine Glardon :<\/p>\n","protected":false},"author":1002282,"featured_media":0,"parent":2716,"menu_order":0,"comment_status":"closed","ping_status":"closed","template":"","meta":{"_seopress_robots_primary_cat":"","_seopress_titles_title":"","_seopress_titles_desc":"","_seopress_robots_index":"","footnotes":""},"class_list":["post-16058","page","type-page","status-publish"],"_links":{"self":[{"href":"https:\/\/wp.unil.ch\/ateliercritique\/wp-json\/wp\/v2\/pages\/16058","targetHints":{"allow":["GET"]}}],"collection":[{"href":"https:\/\/wp.unil.ch\/ateliercritique\/wp-json\/wp\/v2\/pages"}],"about":[{"href":"https:\/\/wp.unil.ch\/ateliercritique\/wp-json\/wp\/v2\/types\/page"}],"author":[{"embeddable":true,"href":"https:\/\/wp.unil.ch\/ateliercritique\/wp-json\/wp\/v2\/users\/1002282"}],"replies":[{"embeddable":true,"href":"https:\/\/wp.unil.ch\/ateliercritique\/wp-json\/wp\/v2\/comments?post=16058"}],"version-history":[{"count":1,"href":"https:\/\/wp.unil.ch\/ateliercritique\/wp-json\/wp\/v2\/pages\/16058\/revisions"}],"predecessor-version":[{"id":22289,"href":"https:\/\/wp.unil.ch\/ateliercritique\/wp-json\/wp\/v2\/pages\/16058\/revisions\/22289"}],"up":[{"embeddable":true,"href":"https:\/\/wp.unil.ch\/ateliercritique\/wp-json\/wp\/v2\/pages\/2716"}],"wp:attachment":[{"href":"https:\/\/wp.unil.ch\/ateliercritique\/wp-json\/wp\/v2\/media?parent=16058"}],"curies":[{"name":"wp","href":"https:\/\/api.w.org\/{rel}","templated":true}]}}