{"id":15518,"date":"2021-10-12T16:11:25","date_gmt":"2021-10-12T14:11:25","guid":{"rendered":"https:\/\/wp.unil.ch\/ateliercritique\/?page_id=15518"},"modified":"2025-02-06T17:32:30","modified_gmt":"2025-02-06T16:32:30","slug":"noemie-jeannet","status":"publish","type":"page","link":"https:\/\/wp.unil.ch\/ateliercritique\/lequipe\/noemie-jeannet\/","title":{"rendered":"No\u00e9mie Jeannet"},"content":{"rendered":"\n<h4 class=\"wp-block-heading\">Les critiques de No\u00e9mie Jeannet : <\/h4>\n\n\n\n<div class=\"wp-block-query is-layout-flow wp-block-query-is-layout-flow\"><ul class=\"wp-block-post-template is-layout-flow wp-block-post-template-is-layout-flow\"><li class=\"wp-block-post post-16296 post type-post status-publish format-standard has-post-thumbnail category-critique category-equilibre-nuithonie category-expired category-spectacle tag-noemie-jeannet\">\n<h6 class=\"liensouligne wp-block-post-title\"><a href=\"https:\/\/wp.unil.ch\/ateliercritique\/2022\/05\/le-traitement\/\" target=\"_self\" >Le Traitement<\/a><\/h6>\n\n<div class=\"wp-block-post-excerpt\"><p class=\"wp-block-post-excerpt__excerpt\">D\u2019apr\u00e8s Martin Crimp\/ Mise en sc\u00e8ne Julien Schmutz \/ Th\u00e9\u00e2tre Equilibre-Nuithonie, Fribourg \/ du 4 au 8 mai 2022 \/ Critique par No\u00e9mie Jeannet . <\/p><\/div>\n\n\n<div style=\"height:1px\" aria-hidden=\"true\" class=\"wp-block-spacer\"><\/div>\n\n<\/li><li class=\"wp-block-post post-16274 post type-post status-publish format-standard has-post-thumbnail category-critique category-expired category-le-pommier category-spectacle tag-isabelle-fasnacht tag-noemie-jeannet\">\n<h6 class=\"liensouligne wp-block-post-title\"><a href=\"https:\/\/wp.unil.ch\/ateliercritique\/2022\/05\/munich-athenes\/\" target=\"_self\" >Munich-Ath\u00e8nes<\/a><\/h6>\n\n<div class=\"wp-block-post-excerpt\"><p class=\"wp-block-post-excerpt__excerpt\">D\u2019apr\u00e8s Lars Nor\u00e9n \/ Mise en sc\u00e8ne de Nastassja Tanner et Gr\u00e9goire Strecker, Cie NT \/ Le Pommier, Neuch\u00e2tel \/ du 27 au 30\u00a0avril 2022 \/ Critiques par Isabelle Fasnacht et No\u00e9mie Jeannet . <\/p><\/div>\n\n\n<div style=\"height:1px\" aria-hidden=\"true\" class=\"wp-block-spacer\"><\/div>\n\n<\/li><li class=\"wp-block-post post-16246 post type-post status-publish format-standard has-post-thumbnail category-critique category-expired category-theatre-de-larsenic category-spectacle tag-antoine-klotz tag-noemie-jeannet\">\n<h6 class=\"liensouligne wp-block-post-title\"><a href=\"https:\/\/wp.unil.ch\/ateliercritique\/2022\/04\/les-univers\/\" target=\"_self\" >Les Univers<\/a><\/h6>\n\n<div class=\"wp-block-post-excerpt\"><p class=\"wp-block-post-excerpt__excerpt\">Mise en sc\u00e8ne par Jo\u00ebl Maillard \/ Conception et \u00e9criture Tiphanie Bovay-Klameth, Jo\u00eblle Fontannaz, Nicole Genovese, Jo\u00ebl Maillard, Alexis Rime \/ Compagnie SNAUT \/ Tutu Production \/ L&rsquo; Arsenic Lausanne \/ du 5 au 10 avril 2022 \/ Critiques par\u2026 <\/p><\/div>\n\n\n<div style=\"height:1px\" aria-hidden=\"true\" class=\"wp-block-spacer\"><\/div>\n\n<\/li><li class=\"wp-block-post post-16208 post type-post status-publish format-standard has-post-thumbnail category-critique category-expired category-theatre-des-osses category-spectacle tag-clementine-glardon tag-noemie-jeannet\">\n<h6 class=\"liensouligne wp-block-post-title\"><a href=\"https:\/\/wp.unil.ch\/ateliercritique\/2022\/04\/oncle-vania\/\" target=\"_self\" >Oncle Vania<\/a><\/h6>\n\n<div class=\"wp-block-post-excerpt\"><p class=\"wp-block-post-excerpt__excerpt\">Production Cie OC &amp; CO \/ Coproduction Th\u00e9\u00e2tre Actuel et Public de Strasbourg (TAPS) \/ d\u2019apr\u00e8s Anton Tchekhov \/ Adaptation et mise en sc\u00e8ne par Olivier Chapelet \/ Th\u00e9\u00e2tre des Osses, Fribourg \/ du 1er au 10 avril 2022 \/\u2026 <\/p><\/div>\n\n\n<div style=\"height:1px\" aria-hidden=\"true\" class=\"wp-block-spacer\"><\/div>\n\n<\/li><li class=\"wp-block-post post-15837 post type-post status-publish format-standard has-post-thumbnail category-critique category-equilibre-nuithonie category-expired category-spectacle tag-nathan-maggetti tag-noemie-jeannet\">\n<h6 class=\"liensouligne wp-block-post-title\"><a href=\"https:\/\/wp.unil.ch\/ateliercritique\/2021\/12\/je-suis-devenue-ma-verite\/\" target=\"_self\" >Je suis devenue ma v\u00e9rit\u00e9<\/a><\/h6>\n\n<div class=\"wp-block-post-excerpt\"><p class=\"wp-block-post-excerpt__excerpt\">D\u2019apr\u00e8s la pi\u00e8ce Introspection de Peter Handke \/ Mise en sc\u00e8ne par Sarah Eltschinger \/ \u00c9quilibre Nuithonie \/ du 08 au 12 d\u00e9cembre \/ Critiques par Nathan Maggetti et No\u00e9mie Jeannet . <\/p><\/div>\n\n\n<div style=\"height:1px\" aria-hidden=\"true\" class=\"wp-block-spacer\"><\/div>\n\n<\/li><li class=\"wp-block-post post-15747 post type-post status-publish format-standard has-post-thumbnail category-centre-pluriculturel-et-social-douchy category-critique category-expired category-spectacle tag-celine-bignotti tag-noemie-jeannet\">\n<h6 class=\"liensouligne wp-block-post-title\"><a href=\"https:\/\/wp.unil.ch\/ateliercritique\/2021\/11\/parfois-je-parle-toute-seule\/\" target=\"_self\" >Parfois je parle toute seule<\/a><\/h6>\n\n<div class=\"wp-block-post-excerpt\"><p class=\"wp-block-post-excerpt__excerpt\">Texte Antoine Jaccoud \/ Mise en sc\u00e8ne Matthias Urban \/ \u00a0CPO Ouchy \/ du 16 au 21 novembre 2021 \/ Critiques par No\u00e9mie Jeannet et C\u00e9line Bignotti . <\/p><\/div>\n\n\n<div style=\"height:1px\" aria-hidden=\"true\" class=\"wp-block-spacer\"><\/div>\n\n<\/li><li class=\"wp-block-post post-15619 post type-post status-publish format-standard has-post-thumbnail category-critique category-expired category-le-pommier category-spectacle tag-hugo-merzeau tag-noemie-jeannet\">\n<h6 class=\"liensouligne wp-block-post-title\"><a href=\"https:\/\/wp.unil.ch\/ateliercritique\/2021\/10\/nous-traversons-une-legere-perturbation\/\" target=\"_self\" >Nous traversons une l\u00e9g\u00e8re perturbation<\/a><\/h6>\n\n<div class=\"wp-block-post-excerpt\"><p class=\"wp-block-post-excerpt__excerpt\">Mise en sc\u00e8ne par Loredana von Allmen \/ Th\u00e9\u00e2tre du Pommier \u2013 Neuch\u00e2tel \/ du 22 au 24 octobre 2021 \/ Critiques par Hugo Merzeau et No\u00e9mie Jeanneret .&nbsp;Plus d\u2019infos. &hellip; <\/p><\/div>\n\n\n<div style=\"height:1px\" aria-hidden=\"true\" class=\"wp-block-spacer\"><\/div>\n\n<\/li><\/ul><\/div>\n","protected":false},"excerpt":{"rendered":"<p>Les critiques de No\u00e9mie Jeannet :<\/p>\n","protected":false},"author":1002282,"featured_media":0,"parent":2716,"menu_order":0,"comment_status":"closed","ping_status":"closed","template":"","meta":{"_seopress_robots_primary_cat":"","_seopress_titles_title":"","_seopress_titles_desc":"","_seopress_robots_index":"","footnotes":""},"class_list":["post-15518","page","type-page","status-publish"],"_links":{"self":[{"href":"https:\/\/wp.unil.ch\/ateliercritique\/wp-json\/wp\/v2\/pages\/15518","targetHints":{"allow":["GET"]}}],"collection":[{"href":"https:\/\/wp.unil.ch\/ateliercritique\/wp-json\/wp\/v2\/pages"}],"about":[{"href":"https:\/\/wp.unil.ch\/ateliercritique\/wp-json\/wp\/v2\/types\/page"}],"author":[{"embeddable":true,"href":"https:\/\/wp.unil.ch\/ateliercritique\/wp-json\/wp\/v2\/users\/1002282"}],"replies":[{"embeddable":true,"href":"https:\/\/wp.unil.ch\/ateliercritique\/wp-json\/wp\/v2\/comments?post=15518"}],"version-history":[{"count":3,"href":"https:\/\/wp.unil.ch\/ateliercritique\/wp-json\/wp\/v2\/pages\/15518\/revisions"}],"predecessor-version":[{"id":22304,"href":"https:\/\/wp.unil.ch\/ateliercritique\/wp-json\/wp\/v2\/pages\/15518\/revisions\/22304"}],"up":[{"embeddable":true,"href":"https:\/\/wp.unil.ch\/ateliercritique\/wp-json\/wp\/v2\/pages\/2716"}],"wp:attachment":[{"href":"https:\/\/wp.unil.ch\/ateliercritique\/wp-json\/wp\/v2\/media?parent=15518"}],"curies":[{"name":"wp","href":"https:\/\/api.w.org\/{rel}","templated":true}]}}