{"id":14692,"date":"2020-09-26T21:34:59","date_gmt":"2020-09-26T19:34:59","guid":{"rendered":"https:\/\/wp.unil.ch\/ateliercritique\/?page_id=14692"},"modified":"2025-02-06T16:49:48","modified_gmt":"2025-02-06T15:49:48","slug":"valentine-bovey","status":"publish","type":"page","link":"https:\/\/wp.unil.ch\/ateliercritique\/lequipe\/valentine-bovey\/","title":{"rendered":"Valentine Bovey"},"content":{"rendered":"<h4>Les critiques de Valentine Bovey :<\/h4>\n\n\n<div class=\"wp-block-query is-layout-flow wp-block-query-is-layout-flow\"><ul class=\"wp-block-post-template is-layout-flow wp-block-post-template-is-layout-flow\"><li class=\"wp-block-post post-15828 post type-post status-publish format-standard has-post-thumbnail category-critique category-expired category-spectacle category-theatre-de-vidy tag-valentine-bovey\">\n<h6 class=\"liensouligne wp-block-post-title\"><a href=\"https:\/\/wp.unil.ch\/ateliercritique\/2021\/12\/aucune-idee\/\" target=\"_self\" >Aucune id\u00e9e<\/a><\/h6>\n\n<div class=\"wp-block-post-excerpt\"><p class=\"wp-block-post-excerpt__excerpt\">Mise en sc\u00e8ne par Christoph Marthaler \/ Th\u00e9\u00e2tre de Vidy \/ du 5 au 14 d\u00e9cembre 2021 \/ Critique par Valentine Bovey . <\/p><\/div>\n\n\n<div style=\"height:1px\" aria-hidden=\"true\" class=\"wp-block-spacer\"><\/div>\n\n<\/li><li class=\"wp-block-post post-15761 post type-post status-publish format-standard has-post-thumbnail category-critique category-expired category-theatre-de-larsenic category-spectacle tag-antoine-klotz tag-valentine-bovey\">\n<h6 class=\"liensouligne wp-block-post-title\"><a href=\"https:\/\/wp.unil.ch\/ateliercritique\/2021\/11\/farwest\/\" target=\"_self\" >Farwest<\/a><\/h6>\n\n<div class=\"wp-block-post-excerpt\"><p class=\"wp-block-post-excerpt__excerpt\">Librement inspir\u00e9 de Farwest de Peter Eliott et Kitty Crowther \/ Mise en sc\u00e8ne Aur\u00e9lien Patouillard \/ Arsenic \/ du 23 au 28 novembre 2021 \/ Critiques par Antoine Klotz et Valentine Bovey . <\/p><\/div>\n\n\n<div style=\"height:1px\" aria-hidden=\"true\" class=\"wp-block-spacer\"><\/div>\n\n<\/li><li class=\"wp-block-post post-15686 post type-post status-publish format-standard has-post-thumbnail category-critique category-expired category-spectacle category-theatre-de-vidy tag-frederique-sautin tag-valentine-bovey\">\n<h6 class=\"liensouligne wp-block-post-title\"><a href=\"https:\/\/wp.unil.ch\/ateliercritique\/2021\/11\/sous-influence\/\" target=\"_self\" >Sous influence<\/a><\/h6>\n\n<div class=\"wp-block-post-excerpt\"><p class=\"wp-block-post-excerpt__excerpt\">D\u2019apr\u00e8s le film\u00a0Une femme sous influence\u00a0de John Cassavetes \/ Mise en sc\u00e8ne par Nina Negri \/ Th\u00e9\u00e2tre de Vidy \/ du 3 au 13 novembre 2021 \/ Critiques par Valentine Bovey et Fr\u00e9d\u00e9rique Sautin . <\/p><\/div>\n\n\n<div style=\"height:1px\" aria-hidden=\"true\" class=\"wp-block-spacer\"><\/div>\n\n<\/li><li class=\"wp-block-post post-15548 post type-post status-publish format-standard has-post-thumbnail category-critique category-expired category-spectacle category-theatre-de-vidy tag-brian-aubert tag-celine-bignotti tag-elisa-andrade tag-frederique-sautin tag-hugo-merzeau tag-maelle-aeby-2 tag-michael-rolli tag-nathan-maggetti tag-sarah-neu tag-stella-wohlers tag-valentine-bovey\">\n<h6 class=\"liensouligne wp-block-post-title\"><a href=\"https:\/\/wp.unil.ch\/ateliercritique\/2021\/10\/piece-pour-les-vivant%c2%b7e%c2%b7x%c2%b7s-en-temps-dextinction\/\" target=\"_self\" >Pi\u00e8ce pour les vivant\u00b7e\u00b7x\u00b7s en temps d\u2019extinction<\/a><\/h6>\n\n<div class=\"wp-block-post-excerpt\"><p class=\"wp-block-post-excerpt__excerpt\">Texte de Miranda Rose Hall \/ Mise en sc\u00e8ne par Katie Mitchell \/ Th\u00e9\u00e2tre de Vidy \u2013 Lausanne \/ du 25 septembre au 3 octobre 2021 \/ Critiques par Valentine Bovey, Sarah Neu, Fr\u00e9d\u00e9rique Sautin, Micha\u00ebl Rolli, Stella Wohlers, Nathan\u2026 <\/p><\/div>\n\n\n<div style=\"height:1px\" aria-hidden=\"true\" class=\"wp-block-spacer\"><\/div>\n\n<\/li><li class=\"wp-block-post post-15488 post type-post status-publish format-standard has-post-thumbnail category-critique category-expired category-theatre-comedie category-spectacle tag-sarah-neu tag-valentine-bovey\">\n<h6 class=\"liensouligne wp-block-post-title\"><a href=\"https:\/\/wp.unil.ch\/ateliercritique\/2021\/10\/entre-chien-et-loup\/\" target=\"_self\" >Entre chien et loup<\/a><\/h6>\n\n<div class=\"wp-block-post-excerpt\"><p class=\"wp-block-post-excerpt__excerpt\">D\u2019apr\u00e8s le film\u00a0Dogville\u00a0de Lars von Trier \/ Mise en sc\u00e8ne par Christiane Jatahy \/ Com\u00e9die de Gen\u00e8ve \/ du 1er\u00a0au 13 octobre 2021 \/ Critiques par Valentine Bovey et Sarah Neu . <\/p><\/div>\n\n\n<div style=\"height:1px\" aria-hidden=\"true\" class=\"wp-block-spacer\"><\/div>\n\n<\/li><li class=\"wp-block-post post-15209 post type-post status-publish format-standard has-post-thumbnail category-critique category-expired category-theatre-de-larsenic category-spectacle tag-valentine-bovey\">\n<h6 class=\"liensouligne wp-block-post-title\"><a href=\"https:\/\/wp.unil.ch\/ateliercritique\/2021\/06\/makers\/\" target=\"_self\" >Makers<\/a><\/h6>\n\n<div class=\"wp-block-post-excerpt\"><p class=\"wp-block-post-excerpt__excerpt\">Textes d\u2019Augustin Fernandez Mallo, Rodrigo Garc\u00eca et Oscar G\u00f2mez Mata \/ Mise en sc\u00e8ne par Oscar G\u00f2mez Mata \/ Jeu Juan Lorente et Oscar G\u00f2mez Mata \/ L\u2019Arsenic \u2013 Lausanne \/ du 26 au 30 mai 2021 \/ Critique par\u2026 <\/p><\/div>\n\n\n<div style=\"height:1px\" aria-hidden=\"true\" class=\"wp-block-spacer\"><\/div>\n\n<\/li><li class=\"wp-block-post post-15144 post type-post status-publish format-standard has-post-thumbnail category-critique category-expired category-maison-saint-gervais category-spectacle tag-darya-feral tag-valentine-bovey\">\n<h6 class=\"liensouligne wp-block-post-title\"><a href=\"https:\/\/wp.unil.ch\/ateliercritique\/2021\/05\/les-bonimenteurs\/\" target=\"_self\" >Les Bonimenteurs<\/a><\/h6>\n\n<div class=\"wp-block-post-excerpt\"><p class=\"wp-block-post-excerpt__excerpt\">\u00c0 partir du film\u00a0Suspiria de Dario Argento \/ Cr\u00e9ation en collaboration et interpr\u00e9tation par Jonathan Capdevielle, Arthur B. Gillette et Jennifer Eliz Hutt \/ Th\u00e9\u00e2tre Saint-Gervais \u2013 Gen\u00e8ve \/ du 6 au 9 mai 2021 \/ Critiques par Valentine Bovey\u2026 <\/p><\/div>\n\n\n<div style=\"height:1px\" aria-hidden=\"true\" class=\"wp-block-spacer\"><\/div>\n\n<\/li><li class=\"wp-block-post post-15069 post type-post status-publish format-standard has-post-thumbnail category-critique category-expired category-la-grange category-spectacle tag-cloe-bensai tag-darya-feral tag-frederique-sautin tag-johanna-codourey tag-maelle-aeby-2 tag-michael-rolli tag-sarah-neu tag-valentine-bovey\">\n<h6 class=\"liensouligne wp-block-post-title\"><a href=\"https:\/\/wp.unil.ch\/ateliercritique\/2021\/04\/danse-delhi\/\" target=\"_self\" >Danse \u00ab Delhi \u00bb<\/a><\/h6>\n\n<div class=\"wp-block-post-excerpt\"><p class=\"wp-block-post-excerpt__excerpt\">Texte d\u2019Ivan Viripaev \/ Mise en sc\u00e8ne par C\u00e9dric Dorier (Les C\u00e9l\u00e9brants) \/ Initialement programm\u00e9 \u00e0 La Grange de Dorigny en avril 2021 \/ Captation vid\u00e9o du 28 octobre 2020 au Th\u00e9\u00e2tre Oriental-Vevey \/ Critique par Sarah Neu, Micha\u00ebl Rolli,\u2026 <\/p><\/div>\n\n\n<div style=\"height:1px\" aria-hidden=\"true\" class=\"wp-block-spacer\"><\/div>\n\n<\/li><li class=\"wp-block-post post-15054 post type-post status-publish format-standard has-post-thumbnail category-critique category-expired category-la-grange category-spectacle tag-johanna-codourey tag-valentine-bovey\">\n<h6 class=\"liensouligne wp-block-post-title\"><a href=\"https:\/\/wp.unil.ch\/ateliercritique\/2021\/04\/la-grace\/\" target=\"_self\" >La Gr\u00e2ce<\/a><\/h6>\n\n<div class=\"wp-block-post-excerpt\"><p class=\"wp-block-post-excerpt__excerpt\">Mise en sc\u00e8ne et cr\u00e9ation par Gustavo Giacosa \/ La Grange de Dorigny \/ le vendredi 26 mars 2021 (pour un public professionnel) \/ Critiques par Johanna Codourey et Valentine Bovey . <\/p><\/div>\n\n\n<div style=\"height:1px\" aria-hidden=\"true\" class=\"wp-block-spacer\"><\/div>\n\n<\/li><li class=\"wp-block-post post-14997 post type-post status-publish format-standard has-post-thumbnail category-critique category-expired category-la-grange category-spectacle tag-valentine-bovey\">\n<h6 class=\"liensouligne wp-block-post-title\"><a href=\"https:\/\/wp.unil.ch\/ateliercritique\/2021\/03\/marie-stuart\/\" target=\"_self\" >Marie Stuart<\/a><\/h6>\n\n<div class=\"wp-block-post-excerpt\"><p class=\"wp-block-post-excerpt__excerpt\">D\u2019apr\u00e8s l\u2019oeuvre de Fr\u00e9d\u00e9ric Schiller \/ Par la Cie Les D\u00e9biteurs \/ Mise en sc\u00e8ne par J\u00e9r\u00f4me Junod \/ La Grange de Dorigny \/ Mars 2021 \/ Critique par Valentine Bovey . <\/p><\/div>\n\n\n<div style=\"height:1px\" aria-hidden=\"true\" class=\"wp-block-spacer\"><\/div>\n\n<\/li><li class=\"wp-block-post post-14923 post type-post status-publish format-standard has-post-thumbnail category-critique category-expired category-spectacle tag-valentine-bovey\">\n<h6 class=\"liensouligne wp-block-post-title\"><a href=\"https:\/\/wp.unil.ch\/ateliercritique\/2021\/01\/ecritures-dramatiques-contemporaines-partenariat-avec-le-courrier-4\/\" target=\"_self\" >In\u00e9dits th\u00e9\u00e2tres \/ Partenariat avec Le Courrier et la Soci\u00e9t\u00e9 suisse du th\u00e9\u00e2tre<\/a><\/h6>\n\n<div class=\"wp-block-post-excerpt\"><p class=\"wp-block-post-excerpt__excerpt\">Pi\u00e8ce de Nalini Menamkat \/ Compte-rendu par Valentine Bovey . <\/p><\/div>\n\n\n<div style=\"height:1px\" aria-hidden=\"true\" class=\"wp-block-spacer\"><\/div>\n\n<\/li><li class=\"wp-block-post post-14891 post type-post status-publish format-standard has-post-thumbnail category-entretien tag-valentine-bovey\">\n<h6 class=\"liensouligne wp-block-post-title\"><a href=\"https:\/\/wp.unil.ch\/ateliercritique\/2021\/01\/entretien-avec-nalini-menamkat\/\" target=\"_self\" >Entretien avec Nalini Menamkat<\/a><\/h6>\n\n<div class=\"wp-block-post-excerpt\"><p class=\"wp-block-post-excerpt__excerpt\">Par Valentine Bovey. <\/p><\/div>\n\n\n<div style=\"height:1px\" aria-hidden=\"true\" class=\"wp-block-spacer\"><\/div>\n\n<\/li><li class=\"wp-block-post post-14818 post type-post status-publish format-standard has-post-thumbnail category-critique category-expired category-spectacle category-theatre-des-marionnettes tag-alicia-carron tag-amilou-parsons tag-charlyne-genoud tag-cloe-bensai tag-darya-feral tag-katharine-simblet tag-sarah-neu tag-simon-henein tag-stella-wohlers tag-valentine-bovey\">\n<h6 class=\"liensouligne wp-block-post-title\"><a href=\"https:\/\/wp.unil.ch\/ateliercritique\/2020\/11\/le-malade-imaginaire\/\" target=\"_self\" >Le Malade Imaginaire<\/a><\/h6>\n\n<div class=\"wp-block-post-excerpt\"><p class=\"wp-block-post-excerpt__excerpt\">De Moli\u00e8re \/ Mise en sc\u00e8ne par Cyril Kaiser (compagnie Le Saule Rieur) \/ Th\u00e9\u00e2tre des marionnettes de Gen\u00e8ve \/ Spectacle programm\u00e9 en novembre 2020 annul\u00e9 apr\u00e8s une repr\u00e9sentation en raison des conditions sanitaires \/ Captation vid\u00e9o r\u00e9alis\u00e9e au Th\u00e9\u00e2tre\u2026 <\/p><\/div>\n\n\n<div style=\"height:1px\" aria-hidden=\"true\" class=\"wp-block-spacer\"><\/div>\n\n<\/li><\/ul><\/div>\n","protected":false},"excerpt":{"rendered":"<p>Les critiques de Valentine Bovey :<\/p>\n","protected":false},"author":1001835,"featured_media":0,"parent":2716,"menu_order":0,"comment_status":"closed","ping_status":"closed","template":"","meta":{"_seopress_robots_primary_cat":"","_seopress_titles_title":"","_seopress_titles_desc":"","_seopress_robots_index":"","footnotes":""},"class_list":["post-14692","page","type-page","status-publish"],"_links":{"self":[{"href":"https:\/\/wp.unil.ch\/ateliercritique\/wp-json\/wp\/v2\/pages\/14692","targetHints":{"allow":["GET"]}}],"collection":[{"href":"https:\/\/wp.unil.ch\/ateliercritique\/wp-json\/wp\/v2\/pages"}],"about":[{"href":"https:\/\/wp.unil.ch\/ateliercritique\/wp-json\/wp\/v2\/types\/page"}],"author":[{"embeddable":true,"href":"https:\/\/wp.unil.ch\/ateliercritique\/wp-json\/wp\/v2\/users\/1001835"}],"replies":[{"embeddable":true,"href":"https:\/\/wp.unil.ch\/ateliercritique\/wp-json\/wp\/v2\/comments?post=14692"}],"version-history":[{"count":1,"href":"https:\/\/wp.unil.ch\/ateliercritique\/wp-json\/wp\/v2\/pages\/14692\/revisions"}],"predecessor-version":[{"id":22253,"href":"https:\/\/wp.unil.ch\/ateliercritique\/wp-json\/wp\/v2\/pages\/14692\/revisions\/22253"}],"up":[{"embeddable":true,"href":"https:\/\/wp.unil.ch\/ateliercritique\/wp-json\/wp\/v2\/pages\/2716"}],"wp:attachment":[{"href":"https:\/\/wp.unil.ch\/ateliercritique\/wp-json\/wp\/v2\/media?parent=14692"}],"curies":[{"name":"wp","href":"https:\/\/api.w.org\/{rel}","templated":true}]}}

<h4>Les critiques de Valentine Bovey :</h4>


<div class="wp-block-query is-layout-flow wp-block-query-is-layout-flow"><ul class="wp-block-post-template is-layout-flow wp-block-post-template-is-layout-flow"><li class="wp-block-post post-15828 post type-post status-publish format-standard has-post-thumbnail category-critique category-expired category-spectacle category-theatre-de-vidy tag-valentine-bovey">
<h6 class="liensouligne wp-block-post-title"><a href="https://wp.unil.ch/ateliercritique/2021/12/aucune-idee/" target="_self" >Aucune idée</a></h6>

<div class="wp-block-post-excerpt"><p class="wp-block-post-excerpt__excerpt">Mise en scène par Christoph Marthaler / Théâtre de Vidy / du 5 au 14 décembre 2021 / Critique par Valentine Bovey . </p></div>


<div style="height:1px" aria-hidden="true" class="wp-block-spacer"></div>

</li><li class="wp-block-post post-15761 post type-post status-publish format-standard has-post-thumbnail category-critique category-expired category-theatre-de-larsenic category-spectacle tag-antoine-klotz tag-valentine-bovey">
<h6 class="liensouligne wp-block-post-title"><a href="https://wp.unil.ch/ateliercritique/2021/11/farwest/" target="_self" >Farwest</a></h6>

<div class="wp-block-post-excerpt"><p class="wp-block-post-excerpt__excerpt">Librement inspiré de Farwest de Peter Eliott et Kitty Crowther / Mise en scène Aurélien Patouillard / Arsenic / du 23 au 28 novembre 2021 / Critiques par Antoine Klotz et Valentine Bovey . </p></div>


<div style="height:1px" aria-hidden="true" class="wp-block-spacer"></div>

</li><li class="wp-block-post post-15686 post type-post status-publish format-standard has-post-thumbnail category-critique category-expired category-spectacle category-theatre-de-vidy tag-frederique-sautin tag-valentine-bovey">
<h6 class="liensouligne wp-block-post-title"><a href="https://wp.unil.ch/ateliercritique/2021/11/sous-influence/" target="_self" >Sous influence</a></h6>

<div class="wp-block-post-excerpt"><p class="wp-block-post-excerpt__excerpt">D’après le film Une femme sous influence de John Cassavetes / Mise en scène par Nina Negri / Théâtre de Vidy / du 3 au 13 novembre 2021 / Critiques par Valentine Bovey et Frédérique Sautin . </p></div>


<div style="height:1px" aria-hidden="true" class="wp-block-spacer"></div>

</li><li class="wp-block-post post-15548 post type-post status-publish format-standard has-post-thumbnail category-critique category-expired category-spectacle category-theatre-de-vidy tag-brian-aubert tag-celine-bignotti tag-elisa-andrade tag-frederique-sautin tag-hugo-merzeau tag-maelle-aeby-2 tag-michael-rolli tag-nathan-maggetti tag-sarah-neu tag-stella-wohlers tag-valentine-bovey">
<h6 class="liensouligne wp-block-post-title"><a href="https://wp.unil.ch/ateliercritique/2021/10/piece-pour-les-vivant%c2%b7e%c2%b7x%c2%b7s-en-temps-dextinction/" target="_self" >Pièce pour les vivant·e·x·s en temps d’extinction</a></h6>

<div class="wp-block-post-excerpt"><p class="wp-block-post-excerpt__excerpt">Texte de Miranda Rose Hall / Mise en scène par Katie Mitchell / Théâtre de Vidy – Lausanne / du 25 septembre au 3 octobre 2021 / Critiques par Valentine Bovey, Sarah Neu, Frédérique Sautin, Michaël Rolli, Stella Wohlers, Nathan… </p></div>


<div style="height:1px" aria-hidden="true" class="wp-block-spacer"></div>

</li><li class="wp-block-post post-15488 post type-post status-publish format-standard has-post-thumbnail category-critique category-expired category-theatre-comedie category-spectacle tag-sarah-neu tag-valentine-bovey">
<h6 class="liensouligne wp-block-post-title"><a href="https://wp.unil.ch/ateliercritique/2021/10/entre-chien-et-loup/" target="_self" >Entre chien et loup</a></h6>

<div class="wp-block-post-excerpt"><p class="wp-block-post-excerpt__excerpt">D’après le film Dogville de Lars von Trier / Mise en scène par Christiane Jatahy / Comédie de Genève / du 1er au 13 octobre 2021 / Critiques par Valentine Bovey et Sarah Neu . </p></div>


<div style="height:1px" aria-hidden="true" class="wp-block-spacer"></div>

</li><li class="wp-block-post post-15209 post type-post status-publish format-standard has-post-thumbnail category-critique category-expired category-theatre-de-larsenic category-spectacle tag-valentine-bovey">
<h6 class="liensouligne wp-block-post-title"><a href="https://wp.unil.ch/ateliercritique/2021/06/makers/" target="_self" >Makers</a></h6>

<div class="wp-block-post-excerpt"><p class="wp-block-post-excerpt__excerpt">Textes d’Augustin Fernandez Mallo, Rodrigo Garcìa et Oscar Gòmez Mata / Mise en scène par Oscar Gòmez Mata / Jeu Juan Lorente et Oscar Gòmez Mata / L’Arsenic – Lausanne / du 26 au 30 mai 2021 / Critique par… </p></div>


<div style="height:1px" aria-hidden="true" class="wp-block-spacer"></div>

</li><li class="wp-block-post post-15144 post type-post status-publish format-standard has-post-thumbnail category-critique category-expired category-maison-saint-gervais category-spectacle tag-darya-feral tag-valentine-bovey">
<h6 class="liensouligne wp-block-post-title"><a href="https://wp.unil.ch/ateliercritique/2021/05/les-bonimenteurs/" target="_self" >Les Bonimenteurs</a></h6>

<div class="wp-block-post-excerpt"><p class="wp-block-post-excerpt__excerpt">À partir du film Suspiria de Dario Argento / Création en collaboration et interprétation par Jonathan Capdevielle, Arthur B. Gillette et Jennifer Eliz Hutt / Théâtre Saint-Gervais – Genève / du 6 au 9 mai 2021 / Critiques par Valentine Bovey… </p></div>


<div style="height:1px" aria-hidden="true" class="wp-block-spacer"></div>

</li><li class="wp-block-post post-15069 post type-post status-publish format-standard has-post-thumbnail category-critique category-expired category-la-grange category-spectacle tag-cloe-bensai tag-darya-feral tag-frederique-sautin tag-johanna-codourey tag-maelle-aeby-2 tag-michael-rolli tag-sarah-neu tag-valentine-bovey">
<h6 class="liensouligne wp-block-post-title"><a href="https://wp.unil.ch/ateliercritique/2021/04/danse-delhi/" target="_self" >Danse « Delhi »</a></h6>

<div class="wp-block-post-excerpt"><p class="wp-block-post-excerpt__excerpt">Texte d’Ivan Viripaev / Mise en scène par Cédric Dorier (Les Célébrants) / Initialement programmé à La Grange de Dorigny en avril 2021 / Captation vidéo du 28 octobre 2020 au Théâtre Oriental-Vevey / Critique par Sarah Neu, Michaël Rolli,… </p></div>


<div style="height:1px" aria-hidden="true" class="wp-block-spacer"></div>

</li><li class="wp-block-post post-15054 post type-post status-publish format-standard has-post-thumbnail category-critique category-expired category-la-grange category-spectacle tag-johanna-codourey tag-valentine-bovey">
<h6 class="liensouligne wp-block-post-title"><a href="https://wp.unil.ch/ateliercritique/2021/04/la-grace/" target="_self" >La Grâce</a></h6>

<div class="wp-block-post-excerpt"><p class="wp-block-post-excerpt__excerpt">Mise en scène et création par Gustavo Giacosa / La Grange de Dorigny / le vendredi 26 mars 2021 (pour un public professionnel) / Critiques par Johanna Codourey et Valentine Bovey . </p></div>


<div style="height:1px" aria-hidden="true" class="wp-block-spacer"></div>

</li><li class="wp-block-post post-14997 post type-post status-publish format-standard has-post-thumbnail category-critique category-expired category-la-grange category-spectacle tag-valentine-bovey">
<h6 class="liensouligne wp-block-post-title"><a href="https://wp.unil.ch/ateliercritique/2021/03/marie-stuart/" target="_self" >Marie Stuart</a></h6>

<div class="wp-block-post-excerpt"><p class="wp-block-post-excerpt__excerpt">D’après l’oeuvre de Frédéric Schiller / Par la Cie Les Débiteurs / Mise en scène par Jérôme Junod / La Grange de Dorigny / Mars 2021 / Critique par Valentine Bovey . </p></div>


<div style="height:1px" aria-hidden="true" class="wp-block-spacer"></div>

</li><li class="wp-block-post post-14923 post type-post status-publish format-standard has-post-thumbnail category-critique category-expired category-spectacle tag-valentine-bovey">
<h6 class="liensouligne wp-block-post-title"><a href="https://wp.unil.ch/ateliercritique/2021/01/ecritures-dramatiques-contemporaines-partenariat-avec-le-courrier-4/" target="_self" >Inédits théâtres / Partenariat avec Le Courrier et la Société suisse du théâtre</a></h6>

<div class="wp-block-post-excerpt"><p class="wp-block-post-excerpt__excerpt">Pièce de Nalini Menamkat / Compte-rendu par Valentine Bovey . </p></div>


<div style="height:1px" aria-hidden="true" class="wp-block-spacer"></div>

</li><li class="wp-block-post post-14891 post type-post status-publish format-standard has-post-thumbnail category-entretien tag-valentine-bovey">
<h6 class="liensouligne wp-block-post-title"><a href="https://wp.unil.ch/ateliercritique/2021/01/entretien-avec-nalini-menamkat/" target="_self" >Entretien avec Nalini Menamkat</a></h6>

<div class="wp-block-post-excerpt"><p class="wp-block-post-excerpt__excerpt">Par Valentine Bovey. </p></div>


<div style="height:1px" aria-hidden="true" class="wp-block-spacer"></div>

</li><li class="wp-block-post post-14818 post type-post status-publish format-standard has-post-thumbnail category-critique category-expired category-spectacle category-theatre-des-marionnettes tag-alicia-carron tag-amilou-parsons tag-charlyne-genoud tag-cloe-bensai tag-darya-feral tag-katharine-simblet tag-sarah-neu tag-simon-henein tag-stella-wohlers tag-valentine-bovey">
<h6 class="liensouligne wp-block-post-title"><a href="https://wp.unil.ch/ateliercritique/2020/11/le-malade-imaginaire/" target="_self" >Le Malade Imaginaire</a></h6>

<div class="wp-block-post-excerpt"><p class="wp-block-post-excerpt__excerpt">De Molière / Mise en scène par Cyril Kaiser (compagnie Le Saule Rieur) / Théâtre des marionnettes de Genève / Spectacle programmé en novembre 2020 annulé après une représentation en raison des conditions sanitaires / Captation vidéo réalisée au Théâtre… </p></div>


<div style="height:1px" aria-hidden="true" class="wp-block-spacer"></div>

</li></ul></div>
