{"id":14686,"date":"2020-09-26T21:30:09","date_gmt":"2020-09-26T19:30:09","guid":{"rendered":"https:\/\/wp.unil.ch\/ateliercritique\/?page_id=14686"},"modified":"2025-02-06T17:08:01","modified_gmt":"2025-02-06T16:08:01","slug":"darya-feral","status":"publish","type":"page","link":"https:\/\/wp.unil.ch\/ateliercritique\/lequipe\/darya-feral\/","title":{"rendered":"Darya Feral"},"content":{"rendered":"<h4>Les critiques de Darya Feral :<\/h4>\n\n\n<div class=\"wp-block-query is-layout-flow wp-block-query-is-layout-flow\"><ul class=\"wp-block-post-template is-layout-flow wp-block-post-template-is-layout-flow\"><li class=\"wp-block-post post-15174 post type-post status-publish format-standard has-post-thumbnail category-biennale-out-of-the-box category-critique category-expired category-spectacle tag-darya-feral\">\n<h6 class=\"liensouligne wp-block-post-title\"><a href=\"https:\/\/wp.unil.ch\/ateliercritique\/2021\/05\/noces-de-vers\/\" target=\"_self\" >Noces de vers<\/a><\/h6>\n\n<div class=\"wp-block-post-excerpt\"><p class=\"wp-block-post-excerpt__excerpt\">Cr\u00e9ation et mise en sc\u00e8ne par Yann Marussich et Kamil Guenatri \/ En coproduction avec l\u2019ADC \u2013 l\u2019Association pour la danse contemporaine \/ Biennale \u00ab Out of the Box \u00bb \/ du 14 au 16 mai 2021 \/ Critique par\u2026 <\/p><\/div>\n\n\n<div style=\"height:1px\" aria-hidden=\"true\" class=\"wp-block-spacer\"><\/div>\n\n<\/li><li class=\"wp-block-post post-15144 post type-post status-publish format-standard has-post-thumbnail category-critique category-expired category-maison-saint-gervais category-spectacle tag-darya-feral tag-valentine-bovey\">\n<h6 class=\"liensouligne wp-block-post-title\"><a href=\"https:\/\/wp.unil.ch\/ateliercritique\/2021\/05\/les-bonimenteurs\/\" target=\"_self\" >Les Bonimenteurs<\/a><\/h6>\n\n<div class=\"wp-block-post-excerpt\"><p class=\"wp-block-post-excerpt__excerpt\">\u00c0 partir du film\u00a0Suspiria de Dario Argento \/ Cr\u00e9ation en collaboration et interpr\u00e9tation par Jonathan Capdevielle, Arthur B. Gillette et Jennifer Eliz Hutt \/ Th\u00e9\u00e2tre Saint-Gervais \u2013 Gen\u00e8ve \/ du 6 au 9 mai 2021 \/ Critiques par Valentine Bovey\u2026 <\/p><\/div>\n\n\n<div style=\"height:1px\" aria-hidden=\"true\" class=\"wp-block-spacer\"><\/div>\n\n<\/li><li class=\"wp-block-post post-15069 post type-post status-publish format-standard has-post-thumbnail category-critique category-expired category-la-grange category-spectacle tag-cloe-bensai tag-darya-feral tag-frederique-sautin tag-johanna-codourey tag-maelle-aeby-2 tag-michael-rolli tag-sarah-neu tag-valentine-bovey\">\n<h6 class=\"liensouligne wp-block-post-title\"><a href=\"https:\/\/wp.unil.ch\/ateliercritique\/2021\/04\/danse-delhi\/\" target=\"_self\" >Danse \u00ab Delhi \u00bb<\/a><\/h6>\n\n<div class=\"wp-block-post-excerpt\"><p class=\"wp-block-post-excerpt__excerpt\">Texte d\u2019Ivan Viripaev \/ Mise en sc\u00e8ne par C\u00e9dric Dorier (Les C\u00e9l\u00e9brants) \/ Initialement programm\u00e9 \u00e0 La Grange de Dorigny en avril 2021 \/ Captation vid\u00e9o du 28 octobre 2020 au Th\u00e9\u00e2tre Oriental-Vevey \/ Critique par Sarah Neu, Micha\u00ebl Rolli,\u2026 <\/p><\/div>\n\n\n<div style=\"height:1px\" aria-hidden=\"true\" class=\"wp-block-spacer\"><\/div>\n\n<\/li><li class=\"wp-block-post post-14973 post type-post status-publish format-standard has-post-thumbnail category-critique category-expired category-spectacle category-teatre-du-grutli tag-darya-feral\">\n<h6 class=\"liensouligne wp-block-post-title\"><a href=\"https:\/\/wp.unil.ch\/ateliercritique\/2021\/03\/please-continue-hamlet\/\" target=\"_self\" >Please, continue (Hamlet)<\/a><\/h6>\n\n<div class=\"wp-block-post-excerpt\"><p class=\"wp-block-post-excerpt__excerpt\">Conception Roger Bernat et Yan Duyvendak \/ Cr\u00e9ation Gr\u00fctli (Gen\u00e8ve), 2011 \/ Tourn\u00e9e 2011-2021 \/ Captation Tribunal de commerce de Marseille 2012 \/ Critique par Darya Feral . <\/p><\/div>\n\n\n<div style=\"height:1px\" aria-hidden=\"true\" class=\"wp-block-spacer\"><\/div>\n\n<\/li><li class=\"wp-block-post post-14879 post type-post status-publish format-standard has-post-thumbnail category-critique category-expired category-spectacle category-theatre-de-vidy tag-darya-feral tag-maelle-aeby-2\">\n<h6 class=\"liensouligne wp-block-post-title\"><a href=\"https:\/\/wp.unil.ch\/ateliercritique\/2021\/01\/boite-noire\/\" target=\"_self\" >Bo\u00eete noire<\/a><\/h6>\n\n<div class=\"wp-block-post-excerpt\"><p class=\"wp-block-post-excerpt__excerpt\">Cr\u00e9ation et mise en sc\u00e8ne par Stefan Kaegi (Rimini Protokoll) \/ Th\u00e9\u00e2tre de Vidy \/ Juin \u2013 Juillet 2020 \/ Captation disponible en ligne sur Vidygital \/ Critiques par Darya Feral et Ma\u00eblle Aeby. <\/p><\/div>\n\n\n<div style=\"height:1px\" aria-hidden=\"true\" class=\"wp-block-spacer\"><\/div>\n\n<\/li><li class=\"wp-block-post post-14818 post type-post status-publish format-standard has-post-thumbnail category-critique category-expired category-spectacle category-theatre-des-marionnettes tag-alicia-carron tag-amilou-parsons tag-charlyne-genoud tag-cloe-bensai tag-darya-feral tag-katharine-simblet tag-sarah-neu tag-simon-henein tag-stella-wohlers tag-valentine-bovey\">\n<h6 class=\"liensouligne wp-block-post-title\"><a href=\"https:\/\/wp.unil.ch\/ateliercritique\/2020\/11\/le-malade-imaginaire\/\" target=\"_self\" >Le Malade Imaginaire<\/a><\/h6>\n\n<div class=\"wp-block-post-excerpt\"><p class=\"wp-block-post-excerpt__excerpt\">De Moli\u00e8re \/ Mise en sc\u00e8ne par Cyril Kaiser (compagnie Le Saule Rieur) \/ Th\u00e9\u00e2tre des marionnettes de Gen\u00e8ve \/ Spectacle programm\u00e9 en novembre 2020 annul\u00e9 apr\u00e8s une repr\u00e9sentation en raison des conditions sanitaires \/ Captation vid\u00e9o r\u00e9alis\u00e9e au Th\u00e9\u00e2tre\u2026 <\/p><\/div>\n\n\n<div style=\"height:1px\" aria-hidden=\"true\" class=\"wp-block-spacer\"><\/div>\n\n<\/li><\/ul><\/div>\n","protected":false},"excerpt":{"rendered":"<p>Les critiques de Darya Feral :<\/p>\n","protected":false},"author":1001835,"featured_media":0,"parent":2716,"menu_order":0,"comment_status":"closed","ping_status":"closed","template":"","meta":{"_seopress_robots_primary_cat":"","_seopress_titles_title":"","_seopress_titles_desc":"","_seopress_robots_index":"","footnotes":""},"class_list":["post-14686","page","type-page","status-publish"],"_links":{"self":[{"href":"https:\/\/wp.unil.ch\/ateliercritique\/wp-json\/wp\/v2\/pages\/14686","targetHints":{"allow":["GET"]}}],"collection":[{"href":"https:\/\/wp.unil.ch\/ateliercritique\/wp-json\/wp\/v2\/pages"}],"about":[{"href":"https:\/\/wp.unil.ch\/ateliercritique\/wp-json\/wp\/v2\/types\/page"}],"author":[{"embeddable":true,"href":"https:\/\/wp.unil.ch\/ateliercritique\/wp-json\/wp\/v2\/users\/1001835"}],"replies":[{"embeddable":true,"href":"https:\/\/wp.unil.ch\/ateliercritique\/wp-json\/wp\/v2\/comments?post=14686"}],"version-history":[{"count":1,"href":"https:\/\/wp.unil.ch\/ateliercritique\/wp-json\/wp\/v2\/pages\/14686\/revisions"}],"predecessor-version":[{"id":22279,"href":"https:\/\/wp.unil.ch\/ateliercritique\/wp-json\/wp\/v2\/pages\/14686\/revisions\/22279"}],"up":[{"embeddable":true,"href":"https:\/\/wp.unil.ch\/ateliercritique\/wp-json\/wp\/v2\/pages\/2716"}],"wp:attachment":[{"href":"https:\/\/wp.unil.ch\/ateliercritique\/wp-json\/wp\/v2\/media?parent=14686"}],"curies":[{"name":"wp","href":"https:\/\/api.w.org\/{rel}","templated":true}]}}

<h4>Les critiques de Darya Feral :</h4>


<div class="wp-block-query is-layout-flow wp-block-query-is-layout-flow"><ul class="wp-block-post-template is-layout-flow wp-block-post-template-is-layout-flow"><li class="wp-block-post post-15174 post type-post status-publish format-standard has-post-thumbnail category-biennale-out-of-the-box category-critique category-expired category-spectacle tag-darya-feral">
<h6 class="liensouligne wp-block-post-title"><a href="https://wp.unil.ch/ateliercritique/2021/05/noces-de-vers/" target="_self" >Noces de vers</a></h6>

<div class="wp-block-post-excerpt"><p class="wp-block-post-excerpt__excerpt">Création et mise en scène par Yann Marussich et Kamil Guenatri / En coproduction avec l’ADC – l’Association pour la danse contemporaine / Biennale « Out of the Box » / du 14 au 16 mai 2021 / Critique par… </p></div>


<div style="height:1px" aria-hidden="true" class="wp-block-spacer"></div>

</li><li class="wp-block-post post-15144 post type-post status-publish format-standard has-post-thumbnail category-critique category-expired category-maison-saint-gervais category-spectacle tag-darya-feral tag-valentine-bovey">
<h6 class="liensouligne wp-block-post-title"><a href="https://wp.unil.ch/ateliercritique/2021/05/les-bonimenteurs/" target="_self" >Les Bonimenteurs</a></h6>

<div class="wp-block-post-excerpt"><p class="wp-block-post-excerpt__excerpt">À partir du film Suspiria de Dario Argento / Création en collaboration et interprétation par Jonathan Capdevielle, Arthur B. Gillette et Jennifer Eliz Hutt / Théâtre Saint-Gervais – Genève / du 6 au 9 mai 2021 / Critiques par Valentine Bovey… </p></div>


<div style="height:1px" aria-hidden="true" class="wp-block-spacer"></div>

</li><li class="wp-block-post post-15069 post type-post status-publish format-standard has-post-thumbnail category-critique category-expired category-la-grange category-spectacle tag-cloe-bensai tag-darya-feral tag-frederique-sautin tag-johanna-codourey tag-maelle-aeby-2 tag-michael-rolli tag-sarah-neu tag-valentine-bovey">
<h6 class="liensouligne wp-block-post-title"><a href="https://wp.unil.ch/ateliercritique/2021/04/danse-delhi/" target="_self" >Danse « Delhi »</a></h6>

<div class="wp-block-post-excerpt"><p class="wp-block-post-excerpt__excerpt">Texte d’Ivan Viripaev / Mise en scène par Cédric Dorier (Les Célébrants) / Initialement programmé à La Grange de Dorigny en avril 2021 / Captation vidéo du 28 octobre 2020 au Théâtre Oriental-Vevey / Critique par Sarah Neu, Michaël Rolli,… </p></div>


<div style="height:1px" aria-hidden="true" class="wp-block-spacer"></div>

</li><li class="wp-block-post post-14973 post type-post status-publish format-standard has-post-thumbnail category-critique category-expired category-spectacle category-teatre-du-grutli tag-darya-feral">
<h6 class="liensouligne wp-block-post-title"><a href="https://wp.unil.ch/ateliercritique/2021/03/please-continue-hamlet/" target="_self" >Please, continue (Hamlet)</a></h6>

<div class="wp-block-post-excerpt"><p class="wp-block-post-excerpt__excerpt">Conception Roger Bernat et Yan Duyvendak / Création Grütli (Genève), 2011 / Tournée 2011-2021 / Captation Tribunal de commerce de Marseille 2012 / Critique par Darya Feral . </p></div>


<div style="height:1px" aria-hidden="true" class="wp-block-spacer"></div>

</li><li class="wp-block-post post-14879 post type-post status-publish format-standard has-post-thumbnail category-critique category-expired category-spectacle category-theatre-de-vidy tag-darya-feral tag-maelle-aeby-2">
<h6 class="liensouligne wp-block-post-title"><a href="https://wp.unil.ch/ateliercritique/2021/01/boite-noire/" target="_self" >Boîte noire</a></h6>

<div class="wp-block-post-excerpt"><p class="wp-block-post-excerpt__excerpt">Création et mise en scène par Stefan Kaegi (Rimini Protokoll) / Théâtre de Vidy / Juin – Juillet 2020 / Captation disponible en ligne sur Vidygital / Critiques par Darya Feral et Maëlle Aeby. </p></div>


<div style="height:1px" aria-hidden="true" class="wp-block-spacer"></div>

</li><li class="wp-block-post post-14818 post type-post status-publish format-standard has-post-thumbnail category-critique category-expired category-spectacle category-theatre-des-marionnettes tag-alicia-carron tag-amilou-parsons tag-charlyne-genoud tag-cloe-bensai tag-darya-feral tag-katharine-simblet tag-sarah-neu tag-simon-henein tag-stella-wohlers tag-valentine-bovey">
<h6 class="liensouligne wp-block-post-title"><a href="https://wp.unil.ch/ateliercritique/2020/11/le-malade-imaginaire/" target="_self" >Le Malade Imaginaire</a></h6>

<div class="wp-block-post-excerpt"><p class="wp-block-post-excerpt__excerpt">De Molière / Mise en scène par Cyril Kaiser (compagnie Le Saule Rieur) / Théâtre des marionnettes de Genève / Spectacle programmé en novembre 2020 annulé après une représentation en raison des conditions sanitaires / Captation vidéo réalisée au Théâtre… </p></div>


<div style="height:1px" aria-hidden="true" class="wp-block-spacer"></div>

</li></ul></div>
