{"id":14675,"date":"2020-09-26T21:09:07","date_gmt":"2020-09-26T19:09:07","guid":{"rendered":"https:\/\/wp.unil.ch\/ateliercritique\/?page_id=14675"},"modified":"2025-02-06T17:44:45","modified_gmt":"2025-02-06T16:44:45","slug":"sarah-neu","status":"publish","type":"page","link":"https:\/\/wp.unil.ch\/ateliercritique\/lequipe\/sarah-neu\/","title":{"rendered":"Sarah Neu"},"content":{"rendered":"<div class=\"wp-block-image\">\n<figure class=\"alignright size-large is-resized\"><img alt=\"\" loading=\"lazy\" decoding=\"async\" width=\"801\" height=\"802\" src=\"https:\/\/wp.unil.ch\/ateliercritique\/files\/2021\/10\/DSC_3906-edited.jpg\" alt=\"\" class=\"wp-image-15533\" style=\"width:300px\" srcset=\"https:\/\/wp.unil.ch\/ateliercritique\/files\/2021\/10\/DSC_3906-edited.jpg 801w, https:\/\/wp.unil.ch\/ateliercritique\/files\/2021\/10\/DSC_3906-edited-200x200.jpg 200w, https:\/\/wp.unil.ch\/ateliercritique\/files\/2021\/10\/DSC_3906-edited-170x170.jpg 170w, https:\/\/wp.unil.ch\/ateliercritique\/files\/2021\/10\/DSC_3906-edited-768x769.jpg 768w\" sizes=\"auto, (max-width: 801px) 100vw, 801px\" \/><\/figure>\n<\/div>\n\n\n<p>\u00c9tudiante en Master d\u2019Histoire avec une sp\u00e9cialisation en&nbsp;\u00c9tudes th\u00e9\u00e2trales, je cherche \u00e0 explorer la richesse de discours et d\u2019exp\u00e9riences que peuvent contenir ou provoquer les cr\u00e9ations dramaturgiques. Je suis fascin\u00e9e par le potentiel de transmission des arts vivants, qui conservent un lien, physique et \u00e9motionnel entre les individus, essentiel pour penser et repenser notre monde. J\u2019aime \u00eatre surprise par la po\u00e9sie, l\u2019ing\u00e9niosit\u00e9, le jeu et l\u2019infinit\u00e9 de ressources que le th\u00e9\u00e2tre contient dans sa grande diversit\u00e9. Je m\u2019int\u00e9resse aux choix op\u00e9r\u00e9s par les metteurs et metteuses en sc\u00e8ne pour rester coh\u00e9rents avec leurs intentions, dans le cas de la r\u00e9actualisation d\u2019un classique culturel, par exemple. Je m\u2019interroge \u00e9galement sur les formes engag\u00e9es et envisageables que peuvent prendre le th\u00e9\u00e2tre de l\u2019avenir, afin de garantir un milieu d\u2019interactions et d\u2019inclusivit\u00e9 vivant et d\u00e9croissant.<\/p>\n\n\n\n<h4 class=\"wp-block-heading\">Les critiques de Sarah Neu : <\/h4>\n\n\n\n<div class=\"wp-block-query is-layout-flow wp-block-query-is-layout-flow\"><ul class=\"wp-block-post-template is-layout-flow wp-block-post-template-is-layout-flow\"><li class=\"wp-block-post post-16311 post type-post status-publish format-standard has-post-thumbnail category-critique category-expired category-spectacle category-tkm-theatre-kleber-meleau tag-sarah-neu tag-stella-wohlers\">\n<h6 class=\"liensouligne wp-block-post-title\"><a href=\"https:\/\/wp.unil.ch\/ateliercritique\/2022\/05\/un-fil-a-la-patte\/\" target=\"_self\" >Un Fil \u00e0 la patte<\/a><\/h6>\n\n<div class=\"wp-block-post-excerpt\"><p class=\"wp-block-post-excerpt__excerpt\">Texte de Georges Feydeau \/ Mise en sc\u00e8ne de Julien George \/ Th\u00e9\u00e2tre Kl\u00e9ber-M\u00e9leau \/ du 3 au 15 mai 2022 \/ Critiques par Stella Wohlers et Sarah Neu . <\/p><\/div>\n\n\n<div style=\"height:1px\" aria-hidden=\"true\" class=\"wp-block-spacer\"><\/div>\n\n<\/li><li class=\"wp-block-post post-16097 post type-post status-publish format-standard has-post-thumbnail category-critique category-expired category-spectacle category-teatre-du-grutli tag-sarah-neu tag-stella-wohlers\">\n<h6 class=\"liensouligne wp-block-post-title\"><a href=\"https:\/\/wp.unil.ch\/ateliercritique\/2022\/03\/hammamturgia\/\" target=\"_self\" >Hammamturgia<\/a><\/h6>\n\n<div class=\"wp-block-post-excerpt\"><p class=\"wp-block-post-excerpt__excerpt\">Dramaturgie et mise en sc\u00e8ne par Sof\u00eda Asencio et Tom\u00e0s Aragay \/ Th\u00e9\u00e2tre du Gr\u00fctli \/ du 16 au 20 mars 2022 \/ critiques par Stella Wohlers et Sarah Neu . <\/p><\/div>\n\n\n<div style=\"height:1px\" aria-hidden=\"true\" class=\"wp-block-spacer\"><\/div>\n\n<\/li><li class=\"wp-block-post post-15939 post type-post status-publish format-standard has-post-thumbnail category-critique category-expired category-theatre-comedie category-spectacle tag-hugo-merzeau tag-sarah-neu\">\n<h6 class=\"liensouligne wp-block-post-title\"><a href=\"https:\/\/wp.unil.ch\/ateliercritique\/2022\/01\/le-dragon-dor\/\" target=\"_self\" >Le Dragon d&rsquo;or<\/a><\/h6>\n\n<div class=\"wp-block-post-excerpt\"><p class=\"wp-block-post-excerpt__excerpt\">Compos\u00e9 par Peter E\u00f6tv\u00f6s \/ Livret de Roland Schimmelpfennig \/ Mise en sc\u00e8ne par Julien Chavaz \/ Direction Musicale Gabriella Teychenn\u00e9 \/ Com\u00e9die de Gen\u00e8ve \/ du 20 au 23 &hellip; <\/p><\/div>\n\n\n<div style=\"height:1px\" aria-hidden=\"true\" class=\"wp-block-spacer\"><\/div>\n\n<\/li><li class=\"wp-block-post post-15920 post type-post status-publish format-standard has-post-thumbnail category-entretien tag-sarah-neu\">\n<h6 class=\"liensouligne wp-block-post-title\"><a href=\"https:\/\/wp.unil.ch\/ateliercritique\/2022\/01\/entretien-avec-valentine-sergo\/\" target=\"_self\" >Entretien avec Valentine Sergo<\/a><\/h6>\n\n<div class=\"wp-block-post-excerpt\"><p class=\"wp-block-post-excerpt__excerpt\">Par Sarah Neu. <\/p><\/div>\n\n\n<div style=\"height:1px\" aria-hidden=\"true\" class=\"wp-block-spacer\"><\/div>\n\n<\/li><li class=\"wp-block-post post-15916 post type-post status-publish format-standard has-post-thumbnail category-critique category-expired category-spectacle tag-sarah-neu\">\n<h6 class=\"liensouligne wp-block-post-title\"><a href=\"https:\/\/wp.unil.ch\/ateliercritique\/2022\/01\/fragments-dune-vie\/\" target=\"_self\" >Chaos<\/a><\/h6>\n\n<div class=\"wp-block-post-excerpt\"><p class=\"wp-block-post-excerpt__excerpt\">de Valentine Sergo \/ Critique par Sarah Neu. <\/p><\/div>\n\n\n<div style=\"height:1px\" aria-hidden=\"true\" class=\"wp-block-spacer\"><\/div>\n\n<\/li><li class=\"wp-block-post post-15853 post type-post status-publish format-standard has-post-thumbnail category-critique category-expired category-theatre-de-larsenic category-la-grange category-spectacle tag-sarah-neu\">\n<h6 class=\"liensouligne wp-block-post-title\"><a href=\"https:\/\/wp.unil.ch\/ateliercritique\/2021\/12\/chambre-avec-vieux\/\" target=\"_self\" >Chambre avec vieux<\/a><\/h6>\n\n<div class=\"wp-block-post-excerpt\"><p class=\"wp-block-post-excerpt__excerpt\">Chambre avec vieux \/ Mise en sc\u00e8ne par Fabrice Gorgerat \/ La Grange de Dorigny hors les murs \/ du 14 au 19 d\u00e9cembre \/ Critique par Sarah Neu . <\/p><\/div>\n\n\n<div style=\"height:1px\" aria-hidden=\"true\" class=\"wp-block-spacer\"><\/div>\n\n<\/li><li class=\"wp-block-post post-15728 post type-post status-publish format-standard has-post-thumbnail category-critique category-expired category-spectacle category-theatre-de-vidy tag-elisa-andrade tag-sarah-neu\">\n<h6 class=\"liensouligne wp-block-post-title\"><a href=\"https:\/\/wp.unil.ch\/ateliercritique\/2021\/11\/la-visite-de-la-vieille-dame-2\/\" target=\"_self\" >La Visite de la vieille dame<\/a><\/h6>\n\n<div class=\"wp-block-post-excerpt\"><p class=\"wp-block-post-excerpt__excerpt\">D\u2019apr\u00e8s Friedrich D\u00fcrrenmatt \/ Mise en sc\u00e8ne par Nicolas Stemann \/ Th\u00e9\u00e2tre de Vidy \/ du 16 au 18 novembre \/ Critiques par Sarah Neu et Elisa Andrade . <\/p><\/div>\n\n\n<div style=\"height:1px\" aria-hidden=\"true\" class=\"wp-block-spacer\"><\/div>\n\n<\/li><li class=\"wp-block-post post-15719 post type-post status-publish format-standard has-post-thumbnail category-critique category-equilibre-nuithonie category-expired category-spectacle tag-celine-bignotti tag-sarah-neu\">\n<h6 class=\"liensouligne wp-block-post-title\"><a href=\"https:\/\/wp.unil.ch\/ateliercritique\/2021\/11\/qui-a-peur-de-virginia-woolf\/\" target=\"_self\" >Qui a peur de Virginia Woolf ?<\/a><\/h6>\n\n<div class=\"wp-block-post-excerpt\"><p class=\"wp-block-post-excerpt__excerpt\">Texte d\u2019Edward Albee \/ Mise en sc\u00e8ne par Julien Schmutz (Le Magnifique Th\u00e9\u00e2tre) \/\u00a0\u00c9quilibre Nuithonie \/ du 03 au 14 novembre \/\u00a0Critiques par C\u00e9line Bignotti et Sarah Neu . <\/p><\/div>\n\n\n<div style=\"height:1px\" aria-hidden=\"true\" class=\"wp-block-spacer\"><\/div>\n\n<\/li><li class=\"wp-block-post post-15548 post type-post status-publish format-standard has-post-thumbnail category-critique category-expired category-spectacle category-theatre-de-vidy tag-brian-aubert tag-celine-bignotti tag-elisa-andrade tag-frederique-sautin tag-hugo-merzeau tag-maelle-aeby-2 tag-michael-rolli tag-nathan-maggetti tag-sarah-neu tag-stella-wohlers tag-valentine-bovey\">\n<h6 class=\"liensouligne wp-block-post-title\"><a href=\"https:\/\/wp.unil.ch\/ateliercritique\/2021\/10\/piece-pour-les-vivant%c2%b7e%c2%b7x%c2%b7s-en-temps-dextinction\/\" target=\"_self\" >Pi\u00e8ce pour les vivant\u00b7e\u00b7x\u00b7s en temps d\u2019extinction<\/a><\/h6>\n\n<div class=\"wp-block-post-excerpt\"><p class=\"wp-block-post-excerpt__excerpt\">Texte de Miranda Rose Hall \/ Mise en sc\u00e8ne par Katie Mitchell \/ Th\u00e9\u00e2tre de Vidy \u2013 Lausanne \/ du 25 septembre au 3 octobre 2021 \/ Critiques par Valentine Bovey, Sarah Neu, Fr\u00e9d\u00e9rique Sautin, Micha\u00ebl Rolli, Stella Wohlers, Nathan\u2026 <\/p><\/div>\n\n\n<div style=\"height:1px\" aria-hidden=\"true\" class=\"wp-block-spacer\"><\/div>\n\n<\/li><li class=\"wp-block-post post-15488 post type-post status-publish format-standard has-post-thumbnail category-critique category-expired category-theatre-comedie category-spectacle tag-sarah-neu tag-valentine-bovey\">\n<h6 class=\"liensouligne wp-block-post-title\"><a href=\"https:\/\/wp.unil.ch\/ateliercritique\/2021\/10\/entre-chien-et-loup\/\" target=\"_self\" >Entre chien et loup<\/a><\/h6>\n\n<div class=\"wp-block-post-excerpt\"><p class=\"wp-block-post-excerpt__excerpt\">D\u2019apr\u00e8s le film\u00a0Dogville\u00a0de Lars von Trier \/ Mise en sc\u00e8ne par Christiane Jatahy \/ Com\u00e9die de Gen\u00e8ve \/ du 1er\u00a0au 13 octobre 2021 \/ Critiques par Valentine Bovey et Sarah Neu . <\/p><\/div>\n\n\n<div style=\"height:1px\" aria-hidden=\"true\" class=\"wp-block-spacer\"><\/div>\n\n<\/li><li class=\"wp-block-post post-15125 post type-post status-publish format-standard has-post-thumbnail category-critique category-expired category-spectacle category-theatre-2-21-lausanne tag-johanna-codourey tag-sarah-neu\">\n<h6 class=\"liensouligne wp-block-post-title\"><a href=\"https:\/\/wp.unil.ch\/ateliercritique\/2021\/05\/objectif-projet\/\" target=\"_self\" >OBJECTIF PROJET<\/a><\/h6>\n\n<div class=\"wp-block-post-excerpt\"><p class=\"wp-block-post-excerpt__excerpt\">Conception et mise en sc\u00e8ne par le collectif moiti\u00e9 moiti\u00e9 moiti\u00e9 \/ Th\u00e9\u00e2tre 2.21 \u2013 Lausanne \/ du 4 au 9 mai 2021 \/ Critiques par Sarah Neu et Johanna Codourey . <\/p><\/div>\n\n\n<div style=\"height:1px\" aria-hidden=\"true\" class=\"wp-block-spacer\"><\/div>\n\n<\/li><li class=\"wp-block-post post-15069 post type-post status-publish format-standard has-post-thumbnail category-critique category-expired category-la-grange category-spectacle tag-cloe-bensai tag-darya-feral tag-frederique-sautin tag-johanna-codourey tag-maelle-aeby-2 tag-michael-rolli tag-sarah-neu tag-valentine-bovey\">\n<h6 class=\"liensouligne wp-block-post-title\"><a href=\"https:\/\/wp.unil.ch\/ateliercritique\/2021\/04\/danse-delhi\/\" target=\"_self\" >Danse \u00ab Delhi \u00bb<\/a><\/h6>\n\n<div class=\"wp-block-post-excerpt\"><p class=\"wp-block-post-excerpt__excerpt\">Texte d\u2019Ivan Viripaev \/ Mise en sc\u00e8ne par C\u00e9dric Dorier (Les C\u00e9l\u00e9brants) \/ Initialement programm\u00e9 \u00e0 La Grange de Dorigny en avril 2021 \/ Captation vid\u00e9o du 28 octobre 2020 au Th\u00e9\u00e2tre Oriental-Vevey \/ Critique par Sarah Neu, Micha\u00ebl Rolli,\u2026 <\/p><\/div>\n\n\n<div style=\"height:1px\" aria-hidden=\"true\" class=\"wp-block-spacer\"><\/div>\n\n<\/li><li class=\"wp-block-post post-15003 post type-post status-publish format-standard has-post-thumbnail category-critique category-expired category-spectacle category-theatre-de-vidy tag-sarah-neu\">\n<h6 class=\"liensouligne wp-block-post-title\"><a href=\"https:\/\/wp.unil.ch\/ateliercritique\/2021\/03\/doreen\/\" target=\"_self\" >Doreen<\/a><\/h6>\n\n<div class=\"wp-block-post-excerpt\"><p class=\"wp-block-post-excerpt__excerpt\">D\u2019apr\u00e8s Lettre \u00e0 D. Histoire d\u2019amour d\u2019Andr\u00e9 Gorz \/ Mise en sc\u00e8ne par David Geselson \/ Captation du 4 novembre 2016 au Th\u00e9\u00e2tre de Vanves, mise en ligne du 15 au 19 mars 2020 sur Vidygital \/ Critique par Sarah\u2026 <\/p><\/div>\n\n\n<div style=\"height:1px\" aria-hidden=\"true\" class=\"wp-block-spacer\"><\/div>\n\n<\/li><li class=\"wp-block-post post-14818 post type-post status-publish format-standard has-post-thumbnail category-critique category-expired category-spectacle category-theatre-des-marionnettes tag-alicia-carron tag-amilou-parsons tag-charlyne-genoud tag-cloe-bensai tag-darya-feral tag-katharine-simblet tag-sarah-neu tag-simon-henein tag-stella-wohlers tag-valentine-bovey\">\n<h6 class=\"liensouligne wp-block-post-title\"><a href=\"https:\/\/wp.unil.ch\/ateliercritique\/2020\/11\/le-malade-imaginaire\/\" target=\"_self\" >Le Malade Imaginaire<\/a><\/h6>\n\n<div class=\"wp-block-post-excerpt\"><p class=\"wp-block-post-excerpt__excerpt\">De Moli\u00e8re \/ Mise en sc\u00e8ne par Cyril Kaiser (compagnie Le Saule Rieur) \/ Th\u00e9\u00e2tre des marionnettes de Gen\u00e8ve \/ Spectacle programm\u00e9 en novembre 2020 annul\u00e9 apr\u00e8s une repr\u00e9sentation en raison des conditions sanitaires \/ Captation vid\u00e9o r\u00e9alis\u00e9e au Th\u00e9\u00e2tre\u2026 <\/p><\/div>\n\n\n<div style=\"height:1px\" aria-hidden=\"true\" class=\"wp-block-spacer\"><\/div>\n\n<\/li><li class=\"wp-block-post post-14749 post type-post status-publish format-standard has-post-thumbnail category-critique category-expired category-spectacle category-theatre-de-vidy tag-amilou-parsons tag-sarah-neu\">\n<h6 class=\"liensouligne wp-block-post-title\"><a href=\"https:\/\/wp.unil.ch\/ateliercritique\/2020\/10\/latlas-de-lanthropocene\/\" target=\"_self\" >L\u2019Atlas de l\u2019anthropoc\u00e8ne<\/a><\/h6>\n\n<div class=\"wp-block-post-excerpt\"><p class=\"wp-block-post-excerpt__excerpt\">Cycle de conf\u00e9rences et de performances de Fr\u00e9d\u00e9ric Ferrer \/ Th\u00e9\u00e2tre de Vidy (hors les murs : UNIL) \/ du 26 octobre au 9 d\u00e9cembre 2020 \/ Critiques par Sarah Neu et Ami Lou Parsons. <\/p><\/div>\n\n\n<div style=\"height:1px\" aria-hidden=\"true\" class=\"wp-block-spacer\"><\/div>\n\n<\/li><\/ul><\/div>\n","protected":false},"excerpt":{"rendered":"<p>\u00c9tudiante en Master d\u2019Histoire avec une sp\u00e9cialisation en&nbsp;\u00c9tudes th\u00e9\u00e2trales, je cherche \u00e0 explorer la richesse de discours et d\u2019exp\u00e9riences que peuvent contenir ou provoquer les cr\u00e9ations dramaturgiques. Je suis fascin\u00e9e &hellip; <\/p>\n","protected":false},"author":1001835,"featured_media":0,"parent":2716,"menu_order":0,"comment_status":"closed","ping_status":"closed","template":"","meta":{"_seopress_robots_primary_cat":"","_seopress_titles_title":"","_seopress_titles_desc":"","_seopress_robots_index":"","footnotes":""},"class_list":["post-14675","page","type-page","status-publish"],"_links":{"self":[{"href":"https:\/\/wp.unil.ch\/ateliercritique\/wp-json\/wp\/v2\/pages\/14675","targetHints":{"allow":["GET"]}}],"collection":[{"href":"https:\/\/wp.unil.ch\/ateliercritique\/wp-json\/wp\/v2\/pages"}],"about":[{"href":"https:\/\/wp.unil.ch\/ateliercritique\/wp-json\/wp\/v2\/types\/page"}],"author":[{"embeddable":true,"href":"https:\/\/wp.unil.ch\/ateliercritique\/wp-json\/wp\/v2\/users\/1001835"}],"replies":[{"embeddable":true,"href":"https:\/\/wp.unil.ch\/ateliercritique\/wp-json\/wp\/v2\/comments?post=14675"}],"version-history":[{"count":1,"href":"https:\/\/wp.unil.ch\/ateliercritique\/wp-json\/wp\/v2\/pages\/14675\/revisions"}],"predecessor-version":[{"id":22325,"href":"https:\/\/wp.unil.ch\/ateliercritique\/wp-json\/wp\/v2\/pages\/14675\/revisions\/22325"}],"up":[{"embeddable":true,"href":"https:\/\/wp.unil.ch\/ateliercritique\/wp-json\/wp\/v2\/pages\/2716"}],"wp:attachment":[{"href":"https:\/\/wp.unil.ch\/ateliercritique\/wp-json\/wp\/v2\/media?parent=14675"}],"curies":[{"name":"wp","href":"https:\/\/api.w.org\/{rel}","templated":true}]}}