{"id":11842,"date":"2017-09-26T10:29:27","date_gmt":"2017-09-26T08:29:27","guid":{"rendered":"http:\/\/wp.unil.ch\/ateliercritique\/?page_id=11842"},"modified":"2025-02-06T17:40:37","modified_gmt":"2025-02-06T16:40:37","slug":"aurelien-maignant","status":"publish","type":"page","link":"https:\/\/wp.unil.ch\/ateliercritique\/lequipe\/aurelien-maignant\/","title":{"rendered":"Aur\u00e9lien Maignant"},"content":{"rendered":"<p><img alt=\"\" loading=\"lazy\" decoding=\"async\" class=\"alignright wp-image-11860\" src=\"https:\/\/wp.unil.ch\/ateliercritique\/files\/2017\/09\/Aur\u00e9lienM-233x200.png\" alt=\"\" width=\"200\" height=\"172\" srcset=\"https:\/\/wp.unil.ch\/ateliercritique\/files\/2017\/09\/Aur\u00e9lienM-233x200.png 233w, https:\/\/wp.unil.ch\/ateliercritique\/files\/2017\/09\/Aur\u00e9lienM-198x170.png 198w, https:\/\/wp.unil.ch\/ateliercritique\/files\/2017\/09\/Aur\u00e9lienM.png 354w\" sizes=\"auto, (max-width: 200px) 100vw, 200px\" \/><\/p>\n<p>Puisque le monde entier est un th\u00e9\u00e2tre et qu\u2019il nous faut bien critiquer le monde pour survivre, pourquoi pas, logiquement, essayer de critiquer le th\u00e9\u00e2tre\u00a0? C\u2019est en tout cas le d\u00e9fi que lance l\u2019Atelier Critique et que j\u2019essaierai de relever \u00e0 partir de maintenant, cultivant ce qu\u2019il a de subjectif, mais aussi de profond\u00e9ment collectif.<\/p>\n<p>Actuellement \u00e9tudiant en Master Europ\u00e9en, sp\u00e9cialis\u00e9 en litt\u00e9rature moderne, je n\u2019ai d\u00e9couvert le th\u00e9\u00e2tre que tardivement, il y a \u00e0 peine quelques ann\u00e9es, mais je ne l\u2019ai pas l\u00e2ch\u00e9 depuis, intimement convaincu que les arts de la sc\u00e8ne, avec leurs mots et leurs corps, ont beaucoup \u00e0 nous apprendre, qu\u2019ils sont peut-\u00eatre m\u00eame l\u2019une des cl\u00e9s de notre modernit\u00e9 artistique.<\/p>\n<h4>Les critiques de Aur\u00e9lien Maignant :<\/h4>\n\n\n<div class=\"wp-block-query is-layout-flow wp-block-query-is-layout-flow\"><ul class=\"wp-block-post-template is-layout-flow wp-block-post-template-is-layout-flow\"><li class=\"wp-block-post post-12725 post type-post status-publish format-standard has-post-thumbnail category-critique category-expired category-spectacle category-teatre-du-grutli tag-aurelien-maignant\">\n<h6 class=\"liensouligne wp-block-post-title\"><a href=\"https:\/\/wp.unil.ch\/ateliercritique\/2018\/06\/romeo-et-juliette-2\/\" target=\"_self\" >Rom\u00e9o et Juliette<\/a><\/h6>\n\n<div class=\"wp-block-post-excerpt\"><p class=\"wp-block-post-excerpt__excerpt\">De William Shakespeare \/ Mis en sc\u00e8ne par Camille Giacobino \/ Th\u00e9\u00e2tre du Gr\u00fctli \/ du 29 mai au 17 juin 2018 \/ Critique par Aur\u00e9lien Maignant. <\/p><\/div>\n\n\n<div style=\"height:1px\" aria-hidden=\"true\" class=\"wp-block-spacer\"><\/div>\n\n<\/li><li class=\"wp-block-post post-12686 post type-post status-publish format-standard has-post-thumbnail category-critique category-expired category-maison-saint-gervais category-spectacle tag-amalia-devaud tag-aurelien-maignant\">\n<h6 class=\"liensouligne wp-block-post-title\"><a href=\"https:\/\/wp.unil.ch\/ateliercritique\/2018\/05\/la-danse-des-affranchies\/\" target=\"_self\" >La danse des affranchies<\/a><\/h6>\n\n<div class=\"wp-block-post-excerpt\"><p class=\"wp-block-post-excerpt__excerpt\">De Latifa Djerbi \/ Mise en sc\u00e8ne de Julien Mages \/ Th\u00e9\u00e2tre Saint-Gervais \/ du 8 au 19 mai 2018 \/ Critiques par Aur\u00e9lien Maignant et Amalia D\u00e9vaud. <\/p><\/div>\n\n\n<div style=\"height:1px\" aria-hidden=\"true\" class=\"wp-block-spacer\"><\/div>\n\n<\/li><li class=\"wp-block-post post-12513 post type-post status-publish format-standard has-post-thumbnail category-critique category-expired category-spectacle category-theatre-de-vidy tag-aurelien-maignant\">\n<h6 class=\"liensouligne wp-block-post-title\"><a href=\"https:\/\/wp.unil.ch\/ateliercritique\/2018\/03\/tiefer-schweb\/\" target=\"_self\" >Tiefer Schweb<\/a><\/h6>\n\n<div class=\"wp-block-post-excerpt\"><p class=\"wp-block-post-excerpt__excerpt\">\u00c9crit et mis en sc\u00e8ne par Christoph Marthaler \/ En allemand surtitr\u00e9 en fran\u00e7ais \/ Th\u00e9\u00e2tre de Vidy \/ du 23 au 24 mars 2018 \/ Critique par Aur\u00e9lien Maignant. <\/p><\/div>\n\n\n<div style=\"height:1px\" aria-hidden=\"true\" class=\"wp-block-spacer\"><\/div>\n\n<\/li><li class=\"wp-block-post post-12380 post type-post status-publish format-standard has-post-thumbnail category-critique category-expired category-la-grange category-spectacle tag-aurelien-maignant tag-joanne-vaudroz\">\n<h6 class=\"liensouligne wp-block-post-title\"><a href=\"https:\/\/wp.unil.ch\/ateliercritique\/2018\/01\/la-ferme-des-animaux\/\" target=\"_self\" >La ferme des animaux<\/a><\/h6>\n\n<div class=\"wp-block-post-excerpt\"><p class=\"wp-block-post-excerpt__excerpt\">D\u2019apr\u00e8s\u00a0le roman de George Orwell \/ Adaptation et mise en sc\u00e8ne de Christian Denisart \/ Compagnie Les Voyages Extraordinaires \/ Th\u00e9\u00e2tre de la Grange de Dorigny \/ du 18 au 28 janvier \/ Critiques par Aur\u00e9lien Maignant et Joanne Vaudroz. <\/p><\/div>\n\n\n<div style=\"height:1px\" aria-hidden=\"true\" class=\"wp-block-spacer\"><\/div>\n\n<\/li><li class=\"wp-block-post post-12370 post type-post status-publish format-standard has-post-thumbnail category-critique category-expired category-le-reflet category-spectacle tag-aurelien-maignant\">\n<h6 class=\"liensouligne wp-block-post-title\"><a href=\"https:\/\/wp.unil.ch\/ateliercritique\/2018\/01\/monsieur-de-pourceaugnac\/\" target=\"_self\" >Monsieur de Pourceaugnac<\/a><\/h6>\n\n<div class=\"wp-block-post-excerpt\"><p class=\"wp-block-post-excerpt__excerpt\">D\u2019apr\u00e8s Moli\u00e8re (texte) et Lully (musique) \/ Mise en sc\u00e8ne de\u00a0Cl\u00e9ment Hervieu-L\u00e9ger \/ Conception musicale de William Christie \/ Th\u00e9\u00e2tre du Reflet \/ le 16 janvier 2018 \/ Critique par Aur\u00e9lien Maignant. <\/p><\/div>\n\n\n<div style=\"height:1px\" aria-hidden=\"true\" class=\"wp-block-spacer\"><\/div>\n\n<\/li><li class=\"wp-block-post post-12207 post type-post status-publish format-standard has-post-thumbnail category-entretien tag-aurelien-maignant\">\n<h6 class=\"liensouligne wp-block-post-title\"><a href=\"https:\/\/wp.unil.ch\/ateliercritique\/2018\/01\/entretien-avec-jose-lillo\/\" target=\"_self\" >Entretien avec Jos\u00e9 Lillo<\/a><\/h6>\n\n<div class=\"wp-block-post-excerpt\"><p class=\"wp-block-post-excerpt__excerpt\">Par Aur\u00e9lien Maignant . <\/p><\/div>\n\n\n<div style=\"height:1px\" aria-hidden=\"true\" class=\"wp-block-spacer\"><\/div>\n\n<\/li><li class=\"wp-block-post post-12203 post type-post status-publish format-standard has-post-thumbnail category-critique category-expired category-spectacle tag-aurelien-maignant\">\n<h6 class=\"liensouligne wp-block-post-title\"><a href=\"https:\/\/wp.unil.ch\/ateliercritique\/2018\/01\/nauseabond-edelweiss\/\" target=\"_self\" >Naus\u00e9abond Edelweiss<\/a><\/h6>\n\n<div class=\"wp-block-post-excerpt\"><p class=\"wp-block-post-excerpt__excerpt\">Pi\u00e8ce de Jos\u00e9 Lillo \/ Compte-rendu par Aur\u00e9lien Maignant . <\/p><\/div>\n\n\n<div style=\"height:1px\" aria-hidden=\"true\" class=\"wp-block-spacer\"><\/div>\n\n<\/li><li class=\"wp-block-post post-12051 post type-post status-publish format-standard has-post-thumbnail category-critique category-expired category-spectacle category-theatre-de-vidy tag-aurelien-maignant tag-roberta-alberico\">\n<h6 class=\"liensouligne wp-block-post-title\"><a href=\"https:\/\/wp.unil.ch\/ateliercritique\/2017\/11\/le-direktor\/\" target=\"_self\" >Le Direkt\u00f8r<\/a><\/h6>\n\n<div class=\"wp-block-post-excerpt\"><p class=\"wp-block-post-excerpt__excerpt\">D\u2019apr\u00e8s Lars von Trier (film) \/ Mise en sc\u00e8ne d\u2019Oscar G\u00f3mez Mata \/ Th\u00e9\u00e2tre de Vidy \/ du 8 au 11 novembre 2017 \/ Critiques par Aur\u00e9lien Maignant et Roberta Alberico.\u00a0 <\/p><\/div>\n\n\n<div style=\"height:1px\" aria-hidden=\"true\" class=\"wp-block-spacer\"><\/div>\n\n<\/li><li class=\"wp-block-post post-11923 post type-post status-publish format-standard has-post-thumbnail category-critique category-expired category-spectacle category-tkm-theatre-kleber-meleau tag-aurelien-maignant tag-coralie-gil tag-julia-cela tag-laure-salathe tag-lucien-zuchuat tag-pierre-paul-bianchi tag-roberta-alberico tag-thomas-flahaut\">\n<h6 class=\"liensouligne wp-block-post-title\"><a href=\"https:\/\/wp.unil.ch\/ateliercritique\/2017\/10\/romeo-et-juliette\/\" target=\"_self\" >Rom\u00e9o et Juliette<\/a><\/h6>\n\n<div class=\"wp-block-post-excerpt\"><p class=\"wp-block-post-excerpt__excerpt\">Rom\u00e9o et Juliette \/ De William Shakespeare \/ Mise en sc\u00e8ne d\u2019Omar Porras \/ TKM \/ du 19 septembre au 8 octobre 2017 \/ Critiques par Aur\u00e9lien Maignant, Coralie Gil, Thomas Flahaut, Laure Salath\u00e9, Lucien Zuchuat, Pierre-Paul Bianchi, Julia Cela\u2026 <\/p><\/div>\n\n\n<div style=\"height:1px\" aria-hidden=\"true\" class=\"wp-block-spacer\"><\/div>\n\n<\/li><\/ul><\/div>\n","protected":false},"excerpt":{"rendered":"<p>Puisque le monde entier est un th\u00e9\u00e2tre et qu\u2019il nous faut bien critiquer le monde pour survivre, pourquoi pas, logiquement, essayer de critiquer le th\u00e9\u00e2tre\u00a0? C\u2019est en tout cas le &hellip; <\/p>\n","protected":false},"author":1001607,"featured_media":0,"parent":2716,"menu_order":0,"comment_status":"closed","ping_status":"closed","template":"","meta":{"_seopress_robots_primary_cat":"","_seopress_titles_title":"","_seopress_titles_desc":"","_seopress_robots_index":"","footnotes":""},"class_list":["post-11842","page","type-page","status-publish"],"_links":{"self":[{"href":"https:\/\/wp.unil.ch\/ateliercritique\/wp-json\/wp\/v2\/pages\/11842","targetHints":{"allow":["GET"]}}],"collection":[{"href":"https:\/\/wp.unil.ch\/ateliercritique\/wp-json\/wp\/v2\/pages"}],"about":[{"href":"https:\/\/wp.unil.ch\/ateliercritique\/wp-json\/wp\/v2\/types\/page"}],"author":[{"embeddable":true,"href":"https:\/\/wp.unil.ch\/ateliercritique\/wp-json\/wp\/v2\/users\/1001607"}],"replies":[{"embeddable":true,"href":"https:\/\/wp.unil.ch\/ateliercritique\/wp-json\/wp\/v2\/comments?post=11842"}],"version-history":[{"count":1,"href":"https:\/\/wp.unil.ch\/ateliercritique\/wp-json\/wp\/v2\/pages\/11842\/revisions"}],"predecessor-version":[{"id":22318,"href":"https:\/\/wp.unil.ch\/ateliercritique\/wp-json\/wp\/v2\/pages\/11842\/revisions\/22318"}],"up":[{"embeddable":true,"href":"https:\/\/wp.unil.ch\/ateliercritique\/wp-json\/wp\/v2\/pages\/2716"}],"wp:attachment":[{"href":"https:\/\/wp.unil.ch\/ateliercritique\/wp-json\/wp\/v2\/media?parent=11842"}],"curies":[{"name":"wp","href":"https:\/\/api.w.org\/{rel}","templated":true}]}}

Aurélien Maignant

<p><img alt="" loading="lazy" decoding="async" class="alignright wp-image-11860" src="https://wp.unil.ch/ateliercritique/files/2017/09/AurélienM-233x200.png" alt="" width="200" height="172" srcset="https://wp.unil.ch/ateliercritique/files/2017/09/AurélienM-233x200.png 233w, https://wp.unil.ch/ateliercritique/files/2017/09/AurélienM-198x170.png 198w, https://wp.unil.ch/ateliercritique/files/2017/09/AurélienM.png 354w" sizes="auto, (max-width: 200px) 100vw, 200px" /></p>
<p>Puisque le monde entier est un théâtre et qu’il nous faut bien critiquer le monde pour survivre, pourquoi pas, logiquement, essayer de critiquer le théâtre ? C’est en tout cas le défi que lance l’Atelier Critique et que j’essaierai de relever à partir de maintenant, cultivant ce qu’il a de subjectif, mais aussi de profondément collectif.</p>
<p>Actuellement étudiant en Master Européen, spécialisé en littérature moderne, je n’ai découvert le théâtre que tardivement, il y a à peine quelques années, mais je ne l’ai pas lâché depuis, intimement convaincu que les arts de la scène, avec leurs mots et leurs corps, ont beaucoup à nous apprendre, qu’ils sont peut-être même l’une des clés de notre modernité artistique.</p>
<h4>Les critiques de Aurélien Maignant :</h4>


<div class="wp-block-query is-layout-flow wp-block-query-is-layout-flow"><ul class="wp-block-post-template is-layout-flow wp-block-post-template-is-layout-flow"><li class="wp-block-post post-12725 post type-post status-publish format-standard has-post-thumbnail category-critique category-expired category-spectacle category-teatre-du-grutli tag-aurelien-maignant">
<h6 class="liensouligne wp-block-post-title"><a href="https://wp.unil.ch/ateliercritique/2018/06/romeo-et-juliette-2/" target="_self" >Roméo et Juliette</a></h6>

<div class="wp-block-post-excerpt"><p class="wp-block-post-excerpt__excerpt">De William Shakespeare / Mis en scène par Camille Giacobino / Théâtre du Grütli / du 29 mai au 17 juin 2018 / Critique par Aurélien Maignant. </p></div>


<div style="height:1px" aria-hidden="true" class="wp-block-spacer"></div>

</li><li class="wp-block-post post-12686 post type-post status-publish format-standard has-post-thumbnail category-critique category-expired category-maison-saint-gervais category-spectacle tag-amalia-devaud tag-aurelien-maignant">
<h6 class="liensouligne wp-block-post-title"><a href="https://wp.unil.ch/ateliercritique/2018/05/la-danse-des-affranchies/" target="_self" >La danse des affranchies</a></h6>

<div class="wp-block-post-excerpt"><p class="wp-block-post-excerpt__excerpt">De Latifa Djerbi / Mise en scène de Julien Mages / Théâtre Saint-Gervais / du 8 au 19 mai 2018 / Critiques par Aurélien Maignant et Amalia Dévaud. </p></div>


<div style="height:1px" aria-hidden="true" class="wp-block-spacer"></div>

</li><li class="wp-block-post post-12513 post type-post status-publish format-standard has-post-thumbnail category-critique category-expired category-spectacle category-theatre-de-vidy tag-aurelien-maignant">
<h6 class="liensouligne wp-block-post-title"><a href="https://wp.unil.ch/ateliercritique/2018/03/tiefer-schweb/" target="_self" >Tiefer Schweb</a></h6>

<div class="wp-block-post-excerpt"><p class="wp-block-post-excerpt__excerpt">Écrit et mis en scène par Christoph Marthaler / En allemand surtitré en français / Théâtre de Vidy / du 23 au 24 mars 2018 / Critique par Aurélien Maignant. </p></div>


<div style="height:1px" aria-hidden="true" class="wp-block-spacer"></div>

</li><li class="wp-block-post post-12380 post type-post status-publish format-standard has-post-thumbnail category-critique category-expired category-la-grange category-spectacle tag-aurelien-maignant tag-joanne-vaudroz">
<h6 class="liensouligne wp-block-post-title"><a href="https://wp.unil.ch/ateliercritique/2018/01/la-ferme-des-animaux/" target="_self" >La ferme des animaux</a></h6>

<div class="wp-block-post-excerpt"><p class="wp-block-post-excerpt__excerpt">D’après le roman de George Orwell / Adaptation et mise en scène de Christian Denisart / Compagnie Les Voyages Extraordinaires / Théâtre de la Grange de Dorigny / du 18 au 28 janvier / Critiques par Aurélien Maignant et Joanne Vaudroz. </p></div>


<div style="height:1px" aria-hidden="true" class="wp-block-spacer"></div>

</li><li class="wp-block-post post-12370 post type-post status-publish format-standard has-post-thumbnail category-critique category-expired category-le-reflet category-spectacle tag-aurelien-maignant">
<h6 class="liensouligne wp-block-post-title"><a href="https://wp.unil.ch/ateliercritique/2018/01/monsieur-de-pourceaugnac/" target="_self" >Monsieur de Pourceaugnac</a></h6>

<div class="wp-block-post-excerpt"><p class="wp-block-post-excerpt__excerpt">D’après Molière (texte) et Lully (musique) / Mise en scène de Clément Hervieu-Léger / Conception musicale de William Christie / Théâtre du Reflet / le 16 janvier 2018 / Critique par Aurélien Maignant. </p></div>


<div style="height:1px" aria-hidden="true" class="wp-block-spacer"></div>

</li><li class="wp-block-post post-12207 post type-post status-publish format-standard has-post-thumbnail category-entretien tag-aurelien-maignant">
<h6 class="liensouligne wp-block-post-title"><a href="https://wp.unil.ch/ateliercritique/2018/01/entretien-avec-jose-lillo/" target="_self" >Entretien avec José Lillo</a></h6>

<div class="wp-block-post-excerpt"><p class="wp-block-post-excerpt__excerpt">Par Aurélien Maignant . </p></div>


<div style="height:1px" aria-hidden="true" class="wp-block-spacer"></div>

</li><li class="wp-block-post post-12203 post type-post status-publish format-standard has-post-thumbnail category-critique category-expired category-spectacle tag-aurelien-maignant">
<h6 class="liensouligne wp-block-post-title"><a href="https://wp.unil.ch/ateliercritique/2018/01/nauseabond-edelweiss/" target="_self" >Nauséabond Edelweiss</a></h6>

<div class="wp-block-post-excerpt"><p class="wp-block-post-excerpt__excerpt">Pièce de José Lillo / Compte-rendu par Aurélien Maignant . </p></div>


<div style="height:1px" aria-hidden="true" class="wp-block-spacer"></div>

</li><li class="wp-block-post post-12051 post type-post status-publish format-standard has-post-thumbnail category-critique category-expired category-spectacle category-theatre-de-vidy tag-aurelien-maignant tag-roberta-alberico">
<h6 class="liensouligne wp-block-post-title"><a href="https://wp.unil.ch/ateliercritique/2017/11/le-direktor/" target="_self" >Le Direktør</a></h6>

<div class="wp-block-post-excerpt"><p class="wp-block-post-excerpt__excerpt">D’après Lars von Trier (film) / Mise en scène d’Oscar Gómez Mata / Théâtre de Vidy / du 8 au 11 novembre 2017 / Critiques par Aurélien Maignant et Roberta Alberico.  </p></div>


<div style="height:1px" aria-hidden="true" class="wp-block-spacer"></div>

</li><li class="wp-block-post post-11923 post type-post status-publish format-standard has-post-thumbnail category-critique category-expired category-spectacle category-tkm-theatre-kleber-meleau tag-aurelien-maignant tag-coralie-gil tag-julia-cela tag-laure-salathe tag-lucien-zuchuat tag-pierre-paul-bianchi tag-roberta-alberico tag-thomas-flahaut">
<h6 class="liensouligne wp-block-post-title"><a href="https://wp.unil.ch/ateliercritique/2017/10/romeo-et-juliette/" target="_self" >Roméo et Juliette</a></h6>

<div class="wp-block-post-excerpt"><p class="wp-block-post-excerpt__excerpt">Roméo et Juliette / De William Shakespeare / Mise en scène d’Omar Porras / TKM / du 19 septembre au 8 octobre 2017 / Critiques par Aurélien Maignant, Coralie Gil, Thomas Flahaut, Laure Salathé, Lucien Zuchuat, Pierre-Paul Bianchi, Julia Cela… </p></div>


<div style="height:1px" aria-hidden="true" class="wp-block-spacer"></div>

</li></ul></div>

<p>Puisque le monde entier est un théâtre et qu’il nous faut bien critiquer le monde pour survivre, pourquoi pas, logiquement, essayer de critiquer le théâtre ? C’est en tout cas le &hellip; </p>
