{"id":11832,"date":"2017-09-26T10:09:28","date_gmt":"2017-09-26T08:09:28","guid":{"rendered":"http:\/\/wp.unil.ch\/ateliercritique\/?page_id=11832"},"modified":"2025-02-06T16:34:20","modified_gmt":"2025-02-06T15:34:20","slug":"roberta-alberico","status":"publish","type":"page","link":"https:\/\/wp.unil.ch\/ateliercritique\/lequipe\/roberta-alberico\/","title":{"rendered":"Roberta Alberico"},"content":{"rendered":"<h4>Les critiques de Roberta Alberico :<\/h4>\n\n\n<div class=\"wp-block-query is-layout-flow wp-block-query-is-layout-flow\"><ul class=\"wp-block-post-template is-layout-flow wp-block-post-template-is-layout-flow\"><li class=\"wp-block-post post-12662 post type-post status-publish format-standard has-post-thumbnail category-critique category-expired category-spectacle category-teatre-du-grutli tag-pierre-paul-bianchi tag-roberta-alberico\">\n<h6 class=\"liensouligne wp-block-post-title\"><a href=\"https:\/\/wp.unil.ch\/ateliercritique\/2018\/05\/lisbeths\/\" target=\"_self\" >Lisbeths<\/a><\/h6>\n\n<div class=\"wp-block-post-excerpt\"><p class=\"wp-block-post-excerpt__excerpt\">De Fabrice Melquiot \/ Concept et adaptation de Valentin Rossier \/ Th\u00e9\u00e2tre du Gr\u00fctli \/ du 1er au 20 mai 2018\u00a0\/ Critiques par Pierre-Paul Bianchi et Roberta Alberico. <\/p><\/div>\n\n\n<div style=\"height:1px\" aria-hidden=\"true\" class=\"wp-block-spacer\"><\/div>\n\n<\/li><li class=\"wp-block-post post-12621 post type-post status-publish format-standard has-post-thumbnail category-critique category-expired category-spectacle category-tpr-la-chaux-de-fonds tag-louis-vodoz tag-roberta-alberico\">\n<h6 class=\"liensouligne wp-block-post-title\"><a href=\"https:\/\/wp.unil.ch\/ateliercritique\/2018\/04\/nous-les-heros\/\" target=\"_self\" >Nous, les h\u00e9ros<\/a><\/h6>\n\n<div class=\"wp-block-post-excerpt\"><p class=\"wp-block-post-excerpt__excerpt\">De Jean-Luc Lagarce \/\u00a0Mise en sc\u00e8ne de Robert Sandoz \/ TPR (La Chaux-de-Fonds) \/ du 18 au 20 avril 2018 \/ Critiques par Louis Vodoz et Roberta Alberico. <\/p><\/div>\n\n\n<div style=\"height:1px\" aria-hidden=\"true\" class=\"wp-block-spacer\"><\/div>\n\n<\/li><li class=\"wp-block-post post-12525 post type-post status-publish format-standard has-post-thumbnail category-critique category-expired category-spectacle category-theatre-les-halles tag-roberta-alberico\">\n<h6 class=\"liensouligne wp-block-post-title\"><a href=\"https:\/\/wp.unil.ch\/ateliercritique\/2018\/03\/le-cromlech\/\" target=\"_self\" >Le Cromlech<\/a><\/h6>\n\n<div class=\"wp-block-post-excerpt\"><p class=\"wp-block-post-excerpt__excerpt\">Mise en sc\u00e8ne d\u2019Oscar G\u00f3mez Mata \/ TLH-Sierre \/ 25 mars 2017 \/ Critique par Roberta Alberico. <\/p><\/div>\n\n\n<div style=\"height:1px\" aria-hidden=\"true\" class=\"wp-block-spacer\"><\/div>\n\n<\/li><li class=\"wp-block-post post-12162 post type-post status-publish format-standard has-post-thumbnail category-critique category-expired category-spectacle category-theatre-de-carouge tag-roberta-alberico\">\n<h6 class=\"liensouligne wp-block-post-title\"><a href=\"https:\/\/wp.unil.ch\/ateliercritique\/2018\/01\/cold-blood\/\" target=\"_self\" >Cold Blood<\/a><\/h6>\n\n<div class=\"wp-block-post-excerpt\"><p class=\"wp-block-post-excerpt__excerpt\">Cold Blood \/ Cin\u00e9matographie de Jaco Von Dormael \/ Chor\u00e9graphie de Michelle Anne De Mey \/ Texte de Thomas Gunzig \/ du 9 janvier au 3 f\u00e9vrier 2018 \/ Th\u00e9\u00e2tre de Carouge \/ Critique par Roberta Alberico.\u00a0 Cold Blood \/\u2026 <\/p><\/div>\n\n\n<div style=\"height:1px\" aria-hidden=\"true\" class=\"wp-block-spacer\"><\/div>\n\n<\/li><li class=\"wp-block-post post-12091 post type-post status-publish format-standard has-post-thumbnail category-critique category-expired category-la-grange category-spectacle tag-roberta-alberico\">\n<h6 class=\"liensouligne wp-block-post-title\"><a href=\"https:\/\/wp.unil.ch\/ateliercritique\/2017\/11\/bienvenue\/\" target=\"_self\" >Bienvenue<\/a><\/h6>\n\n<div class=\"wp-block-post-excerpt\"><p class=\"wp-block-post-excerpt__excerpt\">Cr\u00e9ation, chor\u00e9graphie et interpr\u00e9tation d\u2019Eug\u00e9nie Rebetez \/ Mise en sc\u00e8ne de Martin Zimmerman \/ Th\u00e9\u00e2tre La Grange de Dorigny \/ du 17 au 25 novembre 2017 \/ Critique par Roberta Alberico. <\/p><\/div>\n\n\n<div style=\"height:1px\" aria-hidden=\"true\" class=\"wp-block-spacer\"><\/div>\n\n<\/li><li class=\"wp-block-post post-12051 post type-post status-publish format-standard has-post-thumbnail category-critique category-expired category-spectacle category-theatre-de-vidy tag-aurelien-maignant tag-roberta-alberico\">\n<h6 class=\"liensouligne wp-block-post-title\"><a href=\"https:\/\/wp.unil.ch\/ateliercritique\/2017\/11\/le-direktor\/\" target=\"_self\" >Le Direkt\u00f8r<\/a><\/h6>\n\n<div class=\"wp-block-post-excerpt\"><p class=\"wp-block-post-excerpt__excerpt\">D\u2019apr\u00e8s Lars von Trier (film) \/ Mise en sc\u00e8ne d\u2019Oscar G\u00f3mez Mata \/ Th\u00e9\u00e2tre de Vidy \/ du 8 au 11 novembre 2017 \/ Critiques par Aur\u00e9lien Maignant et Roberta Alberico.\u00a0 <\/p><\/div>\n\n\n<div style=\"height:1px\" aria-hidden=\"true\" class=\"wp-block-spacer\"><\/div>\n\n<\/li><li class=\"wp-block-post post-11923 post type-post status-publish format-standard has-post-thumbnail category-critique category-expired category-spectacle category-tkm-theatre-kleber-meleau tag-aurelien-maignant tag-coralie-gil tag-julia-cela tag-laure-salathe tag-lucien-zuchuat tag-pierre-paul-bianchi tag-roberta-alberico tag-thomas-flahaut\">\n<h6 class=\"liensouligne wp-block-post-title\"><a href=\"https:\/\/wp.unil.ch\/ateliercritique\/2017\/10\/romeo-et-juliette\/\" target=\"_self\" >Rom\u00e9o et Juliette<\/a><\/h6>\n\n<div class=\"wp-block-post-excerpt\"><p class=\"wp-block-post-excerpt__excerpt\">Rom\u00e9o et Juliette \/ De William Shakespeare \/ Mise en sc\u00e8ne d\u2019Omar Porras \/ TKM \/ du 19 septembre au 8 octobre 2017 \/ Critiques par Aur\u00e9lien Maignant, Coralie Gil, Thomas Flahaut, Laure Salath\u00e9, Lucien Zuchuat, Pierre-Paul Bianchi, Julia Cela\u2026 <\/p><\/div>\n\n\n<div style=\"height:1px\" aria-hidden=\"true\" class=\"wp-block-spacer\"><\/div>\n\n<\/li><\/ul><\/div>\n","protected":false},"excerpt":{"rendered":"<p>Les critiques de Roberta Alberico :<\/p>\n","protected":false},"author":1001607,"featured_media":0,"parent":2716,"menu_order":0,"comment_status":"closed","ping_status":"closed","template":"","meta":{"_seopress_robots_primary_cat":"","_seopress_titles_title":"","_seopress_titles_desc":"","_seopress_robots_index":"","footnotes":""},"class_list":["post-11832","page","type-page","status-publish"],"_links":{"self":[{"href":"https:\/\/wp.unil.ch\/ateliercritique\/wp-json\/wp\/v2\/pages\/11832","targetHints":{"allow":["GET"]}}],"collection":[{"href":"https:\/\/wp.unil.ch\/ateliercritique\/wp-json\/wp\/v2\/pages"}],"about":[{"href":"https:\/\/wp.unil.ch\/ateliercritique\/wp-json\/wp\/v2\/types\/page"}],"author":[{"embeddable":true,"href":"https:\/\/wp.unil.ch\/ateliercritique\/wp-json\/wp\/v2\/users\/1001607"}],"replies":[{"embeddable":true,"href":"https:\/\/wp.unil.ch\/ateliercritique\/wp-json\/wp\/v2\/comments?post=11832"}],"version-history":[{"count":1,"href":"https:\/\/wp.unil.ch\/ateliercritique\/wp-json\/wp\/v2\/pages\/11832\/revisions"}],"predecessor-version":[{"id":22232,"href":"https:\/\/wp.unil.ch\/ateliercritique\/wp-json\/wp\/v2\/pages\/11832\/revisions\/22232"}],"up":[{"embeddable":true,"href":"https:\/\/wp.unil.ch\/ateliercritique\/wp-json\/wp\/v2\/pages\/2716"}],"wp:attachment":[{"href":"https:\/\/wp.unil.ch\/ateliercritique\/wp-json\/wp\/v2\/media?parent=11832"}],"curies":[{"name":"wp","href":"https:\/\/api.w.org\/{rel}","templated":true}]}}

<h4>Les critiques de Roberta Alberico :</h4>


<div class="wp-block-query is-layout-flow wp-block-query-is-layout-flow"><ul class="wp-block-post-template is-layout-flow wp-block-post-template-is-layout-flow"><li class="wp-block-post post-12662 post type-post status-publish format-standard has-post-thumbnail category-critique category-expired category-spectacle category-teatre-du-grutli tag-pierre-paul-bianchi tag-roberta-alberico">
<h6 class="liensouligne wp-block-post-title"><a href="https://wp.unil.ch/ateliercritique/2018/05/lisbeths/" target="_self" >Lisbeths</a></h6>

<div class="wp-block-post-excerpt"><p class="wp-block-post-excerpt__excerpt">De Fabrice Melquiot / Concept et adaptation de Valentin Rossier / Théâtre du Grütli / du 1er au 20 mai 2018 / Critiques par Pierre-Paul Bianchi et Roberta Alberico. </p></div>


<div style="height:1px" aria-hidden="true" class="wp-block-spacer"></div>

</li><li class="wp-block-post post-12621 post type-post status-publish format-standard has-post-thumbnail category-critique category-expired category-spectacle category-tpr-la-chaux-de-fonds tag-louis-vodoz tag-roberta-alberico">
<h6 class="liensouligne wp-block-post-title"><a href="https://wp.unil.ch/ateliercritique/2018/04/nous-les-heros/" target="_self" >Nous, les héros</a></h6>

<div class="wp-block-post-excerpt"><p class="wp-block-post-excerpt__excerpt">De Jean-Luc Lagarce / Mise en scène de Robert Sandoz / TPR (La Chaux-de-Fonds) / du 18 au 20 avril 2018 / Critiques par Louis Vodoz et Roberta Alberico. </p></div>


<div style="height:1px" aria-hidden="true" class="wp-block-spacer"></div>

</li><li class="wp-block-post post-12525 post type-post status-publish format-standard has-post-thumbnail category-critique category-expired category-spectacle category-theatre-les-halles tag-roberta-alberico">
<h6 class="liensouligne wp-block-post-title"><a href="https://wp.unil.ch/ateliercritique/2018/03/le-cromlech/" target="_self" >Le Cromlech</a></h6>

<div class="wp-block-post-excerpt"><p class="wp-block-post-excerpt__excerpt">Mise en scène d’Oscar Gómez Mata / TLH-Sierre / 25 mars 2017 / Critique par Roberta Alberico. </p></div>


<div style="height:1px" aria-hidden="true" class="wp-block-spacer"></div>

</li><li class="wp-block-post post-12162 post type-post status-publish format-standard has-post-thumbnail category-critique category-expired category-spectacle category-theatre-de-carouge tag-roberta-alberico">
<h6 class="liensouligne wp-block-post-title"><a href="https://wp.unil.ch/ateliercritique/2018/01/cold-blood/" target="_self" >Cold Blood</a></h6>

<div class="wp-block-post-excerpt"><p class="wp-block-post-excerpt__excerpt">Cold Blood / Cinématographie de Jaco Von Dormael / Chorégraphie de Michelle Anne De Mey / Texte de Thomas Gunzig / du 9 janvier au 3 février 2018 / Théâtre de Carouge / Critique par Roberta Alberico.  Cold Blood /… </p></div>


<div style="height:1px" aria-hidden="true" class="wp-block-spacer"></div>

</li><li class="wp-block-post post-12091 post type-post status-publish format-standard has-post-thumbnail category-critique category-expired category-la-grange category-spectacle tag-roberta-alberico">
<h6 class="liensouligne wp-block-post-title"><a href="https://wp.unil.ch/ateliercritique/2017/11/bienvenue/" target="_self" >Bienvenue</a></h6>

<div class="wp-block-post-excerpt"><p class="wp-block-post-excerpt__excerpt">Création, chorégraphie et interprétation d’Eugénie Rebetez / Mise en scène de Martin Zimmerman / Théâtre La Grange de Dorigny / du 17 au 25 novembre 2017 / Critique par Roberta Alberico. </p></div>


<div style="height:1px" aria-hidden="true" class="wp-block-spacer"></div>

</li><li class="wp-block-post post-12051 post type-post status-publish format-standard has-post-thumbnail category-critique category-expired category-spectacle category-theatre-de-vidy tag-aurelien-maignant tag-roberta-alberico">
<h6 class="liensouligne wp-block-post-title"><a href="https://wp.unil.ch/ateliercritique/2017/11/le-direktor/" target="_self" >Le Direktør</a></h6>

<div class="wp-block-post-excerpt"><p class="wp-block-post-excerpt__excerpt">D’après Lars von Trier (film) / Mise en scène d’Oscar Gómez Mata / Théâtre de Vidy / du 8 au 11 novembre 2017 / Critiques par Aurélien Maignant et Roberta Alberico.  </p></div>


<div style="height:1px" aria-hidden="true" class="wp-block-spacer"></div>

</li><li class="wp-block-post post-11923 post type-post status-publish format-standard has-post-thumbnail category-critique category-expired category-spectacle category-tkm-theatre-kleber-meleau tag-aurelien-maignant tag-coralie-gil tag-julia-cela tag-laure-salathe tag-lucien-zuchuat tag-pierre-paul-bianchi tag-roberta-alberico tag-thomas-flahaut">
<h6 class="liensouligne wp-block-post-title"><a href="https://wp.unil.ch/ateliercritique/2017/10/romeo-et-juliette/" target="_self" >Roméo et Juliette</a></h6>

<div class="wp-block-post-excerpt"><p class="wp-block-post-excerpt__excerpt">Roméo et Juliette / De William Shakespeare / Mise en scène d’Omar Porras / TKM / du 19 septembre au 8 octobre 2017 / Critiques par Aurélien Maignant, Coralie Gil, Thomas Flahaut, Laure Salathé, Lucien Zuchuat, Pierre-Paul Bianchi, Julia Cela… </p></div>


<div style="height:1px" aria-hidden="true" class="wp-block-spacer"></div>

</li></ul></div>
