{"id":11112,"date":"2017-03-07T00:27:13","date_gmt":"2017-03-06T23:27:13","guid":{"rendered":"http:\/\/wp.unil.ch\/ateliercritique\/?page_id=11112"},"modified":"2025-02-06T16:57:02","modified_gmt":"2025-02-06T15:57:02","slug":"marek-chojecki","status":"publish","type":"page","link":"https:\/\/wp.unil.ch\/ateliercritique\/lequipe\/marek-chojecki\/","title":{"rendered":"Marek Chojecki"},"content":{"rendered":"<h4>Les critiques de Marek Chojecki :<\/h4>\n\n\n<div class=\"wp-block-query is-layout-flow wp-block-query-is-layout-flow\"><ul class=\"wp-block-post-template is-layout-flow wp-block-post-template-is-layout-flow\"><li class=\"wp-block-post post-12350 post type-post status-publish format-standard has-post-thumbnail category-critique category-expired category-theatre-des-osses category-spectacle tag-josefa-terribilini tag-marek-chojecki\">\n<h6 class=\"liensouligne wp-block-post-title\"><a href=\"https:\/\/wp.unil.ch\/ateliercritique\/2018\/01\/le-loup-des-sables\/\" target=\"_self\" >Le Loup des sables<\/a><\/h6>\n\n<div class=\"wp-block-post-excerpt\"><p class=\"wp-block-post-excerpt__excerpt\">D\u2019apr\u00e8s le roman de \u00c5sa Lind \/ Adaptation et mise en sc\u00e8ne de Genevi\u00e8ve Pasquier et Nicolas Rossier \/ Th\u00e9\u00e2tre des Osses \/ du 12 au 27 janvier 2018 \/ Critiques par Josefa Terriblini et Marek Chojecki. <\/p><\/div>\n\n\n<div style=\"height:1px\" aria-hidden=\"true\" class=\"wp-block-spacer\"><\/div>\n\n<\/li><li class=\"wp-block-post post-12113 post type-post status-publish format-standard has-post-thumbnail category-critique category-expired category-le-petit-theatre category-spectacle tag-marek-chojecki\">\n<h6 class=\"liensouligne wp-block-post-title\"><a href=\"https:\/\/wp.unil.ch\/ateliercritique\/2017\/12\/la-farce-de-maitre-pathelin\/\" target=\"_self\" >La Farce de Ma\u00eetre Pathelin<\/a><\/h6>\n\n<div class=\"wp-block-post-excerpt\"><p class=\"wp-block-post-excerpt__excerpt\">Texte de Jos\u00e9 Pliya \/ D\u2019apr\u00e8s une farce m\u00e9di\u00e9vale anonyme \/ Cr\u00e9ation-coproduction : Le Petit Th\u00e9\u00e2tre de Lausanne, L\u2019Ask\u00e9n\u00e9 (Suisse), Cie For (France), L\u2019Atelier Nomade (B\u00e9nin) \/ Le Petit Th\u00e9\u00e2tre \/ du 6 au 31 d\u00e9cembre 2017 \/ Critique par\u2026 <\/p><\/div>\n\n\n<div style=\"height:1px\" aria-hidden=\"true\" class=\"wp-block-spacer\"><\/div>\n\n<\/li><li class=\"wp-block-post post-11716 post type-post status-publish format-standard has-post-thumbnail category-critique category-expired category-theatre-de-larsenic category-spectacle tag-josefa-terribilini tag-marek-chojecki\">\n<h6 class=\"liensouligne wp-block-post-title\"><a href=\"https:\/\/wp.unil.ch\/ateliercritique\/2017\/06\/quitter-la-terre\/\" target=\"_self\" >Quitter la terre<\/a><\/h6>\n\n<div class=\"wp-block-post-excerpt\"><p class=\"wp-block-post-excerpt__excerpt\">Par la compagnie SNAUT \/ Texte et mise en sc\u00e8ne Jo\u00ebl Maillard \/ Arsenic \/ Du 6 au 11 juin 2017 \/ Critiques par Marek Chojecki et Josefa Terribilini.\u00a0 <\/p><\/div>\n\n\n<div style=\"height:1px\" aria-hidden=\"true\" class=\"wp-block-spacer\"><\/div>\n\n<\/li><li class=\"wp-block-post post-11614 post type-post status-publish format-standard has-post-thumbnail category-critique category-expired category-spectacle category-theatre-de-vidy tag-laure-elie-hoegen tag-marek-chojecki\">\n<h6 class=\"liensouligne wp-block-post-title\"><a href=\"https:\/\/wp.unil.ch\/ateliercritique\/2017\/05\/chekhovs-first-play\/\" target=\"_self\" >Chekhov\u2019s First Play<\/a><\/h6>\n\n<div class=\"wp-block-post-excerpt\"><p class=\"wp-block-post-excerpt__excerpt\">D\u2019apr\u00e8s\u00a0Platonov d\u2019Anton Tchekhov \/ Par la compagnie Dead Centre \/ Th\u00e9\u00e2tre de Vidy \/ Du 17 au 20 mai 2017 \/ Critiques par Marek Chojecki et Laure-Elie Hoegen. <\/p><\/div>\n\n\n<div style=\"height:1px\" aria-hidden=\"true\" class=\"wp-block-spacer\"><\/div>\n\n<\/li><li class=\"wp-block-post post-11517 post type-post status-publish format-standard has-post-thumbnail category-critique category-expired category-spectacle category-theatre-de-vidy tag-artemisia-romano tag-marek-chojecki\">\n<h6 class=\"liensouligne wp-block-post-title\"><a href=\"https:\/\/wp.unil.ch\/ateliercritique\/2017\/05\/mdlsx\/\" target=\"_self\" >MDLSX<\/a><\/h6>\n\n<div class=\"wp-block-post-excerpt\"><p class=\"wp-block-post-excerpt__excerpt\">Compagnie Motus \/ Avec Silvia Calderoni \/ Th\u00e9\u00e2tre de Vidy \/ du 9 mai au 13 mai 2017 \/ Critique par Artemisia Romano et Marek Chojecki.\u00a0 <\/p><\/div>\n\n\n<div style=\"height:1px\" aria-hidden=\"true\" class=\"wp-block-spacer\"><\/div>\n\n<\/li><li class=\"wp-block-post post-11411 post type-post status-publish format-standard has-post-thumbnail category-critique category-expired category-la-grange category-spectacle tag-ivan-garcia tag-marek-chojecki\">\n<h6 class=\"liensouligne wp-block-post-title\"><a href=\"https:\/\/wp.unil.ch\/ateliercritique\/2017\/04\/mouvements-2\/\" target=\"_self\" >Festival F\u00e9cule 2017<\/a><\/h6>\n\n<div class=\"wp-block-post-excerpt\"><p class=\"wp-block-post-excerpt__excerpt\">Festival F\u00e9cule 2017 \/ du 24 avril au 6 mai 2017 \/ Grange de Dorigny \/ Critiques par Ivan Garcia et marek Chojecki. <\/p><\/div>\n\n\n<div style=\"height:1px\" aria-hidden=\"true\" class=\"wp-block-spacer\"><\/div>\n\n<\/li><li class=\"wp-block-post post-11338 post type-post status-publish format-standard has-post-thumbnail category-critique category-expired category-theatre-comedie category-spectacle tag-marek-chojecki\">\n<h6 class=\"liensouligne wp-block-post-title\"><a href=\"https:\/\/wp.unil.ch\/ateliercritique\/2017\/04\/ou-en-est-la-nuit\/\" target=\"_self\" >O\u00f9 en est la nuit ?<\/a><\/h6>\n\n<div class=\"wp-block-post-excerpt\"><p class=\"wp-block-post-excerpt__excerpt\">Mise en sc\u00e8ne de Guillaume B\u00e9guin \/ Par la Compagnie de nuit comme de jour \/ La Com\u00e9die \/ du 4 avril au 9 avril 2017 \/ Critique par Marek Chojecki. <\/p><\/div>\n\n\n<div style=\"height:1px\" aria-hidden=\"true\" class=\"wp-block-spacer\"><\/div>\n\n<\/li><li class=\"wp-block-post post-11203 post type-post status-publish format-standard has-post-thumbnail category-critique category-expired category-spectacle category-tkm-theatre-kleber-meleau tag-marek-chojecki tag-margot-prodhom\">\n<h6 class=\"liensouligne wp-block-post-title\"><a href=\"https:\/\/wp.unil.ch\/ateliercritique\/2017\/03\/amour-et-psyche\/\" target=\"_self\" >Amour et Psych\u00e9<\/a><\/h6>\n\n<div class=\"wp-block-post-excerpt\"><p class=\"wp-block-post-excerpt__excerpt\">D\u2019apr\u00e8s Moli\u00e8re \/ Mise en sc\u00e8ne Omar Porras \/ Teatro Malandro \/ TKM &#8211; Th\u00e9\u00e2tre Kl\u00e9ber-M\u00e9leau \/ du 14 mars au 9 avril 2017 \/ Critiques par Margot Prod&rsquo;hom et Marek Chojecki. <\/p><\/div>\n\n\n<div style=\"height:1px\" aria-hidden=\"true\" class=\"wp-block-spacer\"><\/div>\n\n<\/li><li class=\"wp-block-post post-11149 post type-post status-publish format-standard has-post-thumbnail category-critique category-expired category-la-grange category-spectacle tag-marek-chojecki\">\n<h6 class=\"liensouligne wp-block-post-title\"><a href=\"https:\/\/wp.unil.ch\/ateliercritique\/2017\/03\/grange-25-art-unil\/\" target=\"_self\" >Grange 25 = Art + Unil<\/a><\/h6>\n\n<div class=\"wp-block-post-excerpt\"><p class=\"wp-block-post-excerpt__excerpt\">Mise en sc\u00e8ne g\u00e9n\u00e9rale Benjamin Knobil et Ludovic Chazaud \/ Projet et concept Ludovic Chazaud, Lise Michel, Marika Buffat, Dominique Hauser \/ Th\u00e9\u00e2tre La Grange de Dorigny \/ du 2 au 4 mars 2017 \/ Critique par Marek Chojecki. <\/p><\/div>\n\n\n<div style=\"height:1px\" aria-hidden=\"true\" class=\"wp-block-spacer\"><\/div>\n\n<\/li><\/ul><\/div>\n","protected":false},"excerpt":{"rendered":"<p>Les critiques de Marek Chojecki :<\/p>\n","protected":false},"author":784,"featured_media":0,"parent":2716,"menu_order":0,"comment_status":"closed","ping_status":"closed","template":"","meta":{"_seopress_robots_primary_cat":"","_seopress_titles_title":"","_seopress_titles_desc":"","_seopress_robots_index":"","footnotes":""},"class_list":["post-11112","page","type-page","status-publish"],"_links":{"self":[{"href":"https:\/\/wp.unil.ch\/ateliercritique\/wp-json\/wp\/v2\/pages\/11112","targetHints":{"allow":["GET"]}}],"collection":[{"href":"https:\/\/wp.unil.ch\/ateliercritique\/wp-json\/wp\/v2\/pages"}],"about":[{"href":"https:\/\/wp.unil.ch\/ateliercritique\/wp-json\/wp\/v2\/types\/page"}],"author":[{"embeddable":true,"href":"https:\/\/wp.unil.ch\/ateliercritique\/wp-json\/wp\/v2\/users\/784"}],"replies":[{"embeddable":true,"href":"https:\/\/wp.unil.ch\/ateliercritique\/wp-json\/wp\/v2\/comments?post=11112"}],"version-history":[{"count":1,"href":"https:\/\/wp.unil.ch\/ateliercritique\/wp-json\/wp\/v2\/pages\/11112\/revisions"}],"predecessor-version":[{"id":22262,"href":"https:\/\/wp.unil.ch\/ateliercritique\/wp-json\/wp\/v2\/pages\/11112\/revisions\/22262"}],"up":[{"embeddable":true,"href":"https:\/\/wp.unil.ch\/ateliercritique\/wp-json\/wp\/v2\/pages\/2716"}],"wp:attachment":[{"href":"https:\/\/wp.unil.ch\/ateliercritique\/wp-json\/wp\/v2\/media?parent=11112"}],"curies":[{"name":"wp","href":"https:\/\/api.w.org\/{rel}","templated":true}]}}