{"id":10256,"date":"2016-10-18T00:44:43","date_gmt":"2016-10-17T22:44:43","guid":{"rendered":"http:\/\/wp.unil.ch\/ateliercritique\/?page_id=10256"},"modified":"2025-02-06T16:58:37","modified_gmt":"2025-02-06T15:58:37","slug":"celine-conus","status":"publish","type":"page","link":"https:\/\/wp.unil.ch\/ateliercritique\/lequipe\/celine-conus\/","title":{"rendered":"C\u00e9line Conus"},"content":{"rendered":"<p>Chanteuse lyrique professionnelle, c\u2019est la sp\u00e9cialisation en dramaturgie et \u00e9tudes th\u00e9\u00e2trales qui m\u2019a rappel\u00e9e tout r\u00e9cemment sur les bancs de l\u2019universit\u00e9\u00a0! Apr\u00e8s un bachelor en fran\u00e7ais, musicologie et histoire de l\u2019art, ce master et l\u2019atelier critique en particulier me permettent d\u2019aiguiser mon regard de spectatrice en m\u2019essayant \u00e0 l\u2019exercice difficile mais captivant de la critique th\u00e9\u00e2trale. Ainsi, c\u2019est avec enthousiasme et passion que j\u2019aborde les arts de la sc\u00e8ne sous ce tout nouvel angle\u00a0! Convaincue depuis toujours de l\u2019importance du spectacle \u00ab\u00a0live\u00a0\u00bb dans ce monde de plus en plus virtuel, j\u2019esp\u00e8re, au travers de mes textes, donner envie aux lecteurs d\u2019aller au th\u00e9\u00e2tre pour se faire leur propre opinion\u00a0!<\/p>\n<h4>Les critiques de C\u00e9line Conus :<\/h4>\n\n\n<div class=\"wp-block-query is-layout-flow wp-block-query-is-layout-flow\"><ul class=\"wp-block-post-template is-layout-flow wp-block-post-template-is-layout-flow\"><li class=\"wp-block-post post-11449 post type-post status-publish format-standard has-post-thumbnail category-critique category-expired category-theatre-des-osses category-spectacle tag-celine-conus\">\n<h6 class=\"liensouligne wp-block-post-title\"><a href=\"https:\/\/wp.unil.ch\/ateliercritique\/2017\/05\/2h14\/\" target=\"_self\" >2h14<\/a><\/h6>\n\n<div class=\"wp-block-post-excerpt\"><p class=\"wp-block-post-excerpt__excerpt\">De David Paquet \/ Mise en sc\u00e8ne par Fran\u00e7ois Marin \/ Th\u00e9\u00e2tre des Osses, Fribourg \/ du 27 avril au 7 mai 2017 \/ Critique par C\u00e9line Conus. <\/p><\/div>\n\n\n<div style=\"height:1px\" aria-hidden=\"true\" class=\"wp-block-spacer\"><\/div>\n\n<\/li><li class=\"wp-block-post post-11445 post type-post status-publish format-standard category-critique tag-celine-conus\">\n<h6 class=\"liensouligne wp-block-post-title\"><a href=\"https:\/\/wp.unil.ch\/ateliercritique\/2017\/05\/si-javais-su\/\" target=\"_self\" >Si j\u2019avais su \u2026<\/a><\/h6>\n\n<div class=\"wp-block-post-excerpt\"><p class=\"wp-block-post-excerpt__excerpt\">Par C\u00e9line Conus 2h14 \/ \u00a0De David Paquet \/ Mise en sc\u00e8ne par Fran\u00e7ois Marin \/ Th\u00e9\u00e2tre des Osses, Fribourg \/ du 27 avril au 7 mai 2017 \/ Plus &hellip; <\/p><\/div>\n\n\n<div style=\"height:1px\" aria-hidden=\"true\" class=\"wp-block-spacer\"><\/div>\n\n<\/li><li class=\"wp-block-post post-11433 post type-post status-publish format-standard has-post-thumbnail category-critique category-expired category-le-petit-theatre category-spectacle tag-celine-conus tag-laura-weber\">\n<h6 class=\"liensouligne wp-block-post-title\"><a href=\"https:\/\/wp.unil.ch\/ateliercritique\/2017\/04\/mon-chien-dieu\/\" target=\"_self\" >Mon chien-dieu<\/a><\/h6>\n\n<div class=\"wp-block-post-excerpt\"><p class=\"wp-block-post-excerpt__excerpt\">Texte de Douna Loup \/ Mise en sc\u00e8ne de Joan Mompart \/ Co-production: Llum th\u00e9\u00e2tre, Le Petit th\u00e9\u00e2tre, L\u2019Arsenic et le Th\u00e9\u00e2tre Am Stram Gram \/\u00a0 Le Petit th\u00e9\u00e2tre \/ du 25 au 30 avril 2017 \/ Critiques par Laura\u2026 <\/p><\/div>\n\n\n<div style=\"height:1px\" aria-hidden=\"true\" class=\"wp-block-spacer\"><\/div>\n\n<\/li><li class=\"wp-block-post post-11224 post type-post status-publish format-standard has-post-thumbnail category-critique category-expired category-la-grange category-spectacle tag-alicia-cuche tag-celine-conus\">\n<h6 class=\"liensouligne wp-block-post-title\"><a href=\"https:\/\/wp.unil.ch\/ateliercritique\/2017\/03\/faust\/\" target=\"_self\" >Faust<\/a><\/h6>\n\n<div class=\"wp-block-post-excerpt\"><p class=\"wp-block-post-excerpt__excerpt\">De Johann Wolfgang von Goethe \/ Mise en sc\u00e8ne par Darius Peyamiras \/ La Grange de Dorigny \/ du 16 au 19 mars 2017 \/ Critiques par C\u00e9line Conus et Alicia Cuche. <\/p><\/div>\n\n\n<div style=\"height:1px\" aria-hidden=\"true\" class=\"wp-block-spacer\"><\/div>\n\n<\/li><li class=\"wp-block-post post-11116 post type-post status-publish format-standard has-post-thumbnail category-critique category-expired category-spectacle category-theatre-de-vidy tag-artemisia-romano tag-basile-seppey tag-celine-conus tag-ivan-garcia tag-jehanne-denogent tag-jeremy-berthoud tag-joanne-vaudroz tag-margot-prodhom tag-thomas-cordova\">\n<h6 class=\"liensouligne wp-block-post-title\"><a href=\"https:\/\/wp.unil.ch\/ateliercritique\/2017\/03\/reve-et-folie\/\" target=\"_self\" >R\u00eave et folie<\/a><\/h6>\n\n<div class=\"wp-block-post-excerpt\"><p class=\"wp-block-post-excerpt__excerpt\">De\u00a0Georg Trakl \/ Mise en sc\u00e8ne de Claude R\u00e9gy \/ Th\u00e9\u00e2tre de Vidy \/ du 28 f\u00e9vrier au 4 mars 2017 \/ Textes par J\u00e9r\u00e9my Berthoud, C\u00e9line Conus, Thomas Cordova, Jehanne Denogent, Ivan Garcia, Margot Prod\u2019hom, Artemisia Romano, Basile Seppey\u2026 <\/p><\/div>\n\n\n<div style=\"height:1px\" aria-hidden=\"true\" class=\"wp-block-spacer\"><\/div>\n\n<\/li><li class=\"wp-block-post post-10991 post type-post status-publish format-standard has-post-thumbnail category-critique category-expired category-spectacle category-theatre-de-vidy tag-alicia-cuche tag-celine-conus\">\n<h6 class=\"liensouligne wp-block-post-title\"><a href=\"https:\/\/wp.unil.ch\/ateliercritique\/2017\/01\/mesure-pour-mesure\/\" target=\"_self\" >Mesure pour mesure<\/a><\/h6>\n\n<div class=\"wp-block-post-excerpt\"><p class=\"wp-block-post-excerpt__excerpt\">de William Shakespeare \/ mise en sc\u00e8ne Karim Bel Kacem \/ Th\u00e9\u00e2tre de Vidy \/ du 18 au 26 janvier 2017 \/ Critiques par Alicia Cuche et C\u00e9line Conus. <\/p><\/div>\n\n\n<div style=\"height:1px\" aria-hidden=\"true\" class=\"wp-block-spacer\"><\/div>\n\n<\/li><li class=\"wp-block-post post-10818 post type-post status-publish format-standard has-post-thumbnail category-critique category-expired category-le-petit-theatre category-spectacle tag-alice-moraz tag-celine-conus\">\n<h6 class=\"liensouligne wp-block-post-title\"><a href=\"https:\/\/wp.unil.ch\/ateliercritique\/2016\/12\/miss-poppins\/\" target=\"_self\" >Miss Poppins<\/a><\/h6>\n\n<div class=\"wp-block-post-excerpt\"><p class=\"wp-block-post-excerpt__excerpt\">The Divine Company \/ adaptation et mise en sc\u00e8ne Stefania Pinnelli \/ Le Petit Th\u00e9\u00e2tre \/ du 7 au 31 d\u00e9cembre 2016 \/ Critiques par C\u00e9line Conus et Alice Moraz.\u00a0 <\/p><\/div>\n\n\n<div style=\"height:1px\" aria-hidden=\"true\" class=\"wp-block-spacer\"><\/div>\n\n<\/li><li class=\"wp-block-post post-10732 post type-post status-publish format-standard has-post-thumbnail category-critique category-expired category-spectacle category-tkm-theatre-kleber-meleau tag-alice-moraz tag-celine-conus\">\n<h6 class=\"liensouligne wp-block-post-title\"><a href=\"https:\/\/wp.unil.ch\/ateliercritique\/2016\/12\/la-comedie-des-erreurs\/\" target=\"_self\" >La Com\u00e9die des erreurs<\/a><\/h6>\n\n<div class=\"wp-block-post-excerpt\"><p class=\"wp-block-post-excerpt__excerpt\">William Shakespeare \/ mise en sc\u00e8ne de Matthias Urban \/ TKM- Th\u00e9\u00e2tre Kl\u00e9ber-M\u00e9leau, Lausanne \/ du 1 au 22 d\u00e9cembre 2016 \/ Critiques par C\u00e9line Conus et Alice Moraz.\u00a0 <\/p><\/div>\n\n\n<div style=\"height:1px\" aria-hidden=\"true\" class=\"wp-block-spacer\"><\/div>\n\n<\/li><li class=\"wp-block-post post-10610 post type-post status-publish format-standard has-post-thumbnail category-critique category-equilibre-nuithonie category-expired category-spectacle tag-alicia-cuche tag-celine-conus\">\n<h6 class=\"liensouligne wp-block-post-title\"><a href=\"https:\/\/wp.unil.ch\/ateliercritique\/2016\/11\/histoire-dun-merle-blanc\/\" target=\"_self\" >Histoire d&rsquo;un merle blanc<\/a><\/h6>\n\n<div class=\"wp-block-post-excerpt\"><p class=\"wp-block-post-excerpt__excerpt\">D&rsquo;Alfred de Musset \/ mise en sc\u00e8ne d\u2019Anne Bourgeois \/ Th\u00e9\u00e2tre Equilibre Nuithonie, Fribourg \/ du 16 au 19 novembre 2016 \/ Critiques par C\u00e9line Conus et Alicia Cuche. <\/p><\/div>\n\n\n<div style=\"height:1px\" aria-hidden=\"true\" class=\"wp-block-spacer\"><\/div>\n\n<\/li><\/ul><\/div>\n","protected":false},"excerpt":{"rendered":"<p>Chanteuse lyrique professionnelle, c\u2019est la sp\u00e9cialisation en dramaturgie et \u00e9tudes th\u00e9\u00e2trales qui m\u2019a rappel\u00e9e tout r\u00e9cemment sur les bancs de l\u2019universit\u00e9\u00a0! Apr\u00e8s un bachelor en fran\u00e7ais, musicologie et histoire de &hellip; <\/p>\n","protected":false},"author":784,"featured_media":0,"parent":2716,"menu_order":0,"comment_status":"closed","ping_status":"closed","template":"","meta":{"_seopress_robots_primary_cat":"","_seopress_titles_title":"","_seopress_titles_desc":"","_seopress_robots_index":"","footnotes":""},"class_list":["post-10256","page","type-page","status-publish"],"_links":{"self":[{"href":"https:\/\/wp.unil.ch\/ateliercritique\/wp-json\/wp\/v2\/pages\/10256","targetHints":{"allow":["GET"]}}],"collection":[{"href":"https:\/\/wp.unil.ch\/ateliercritique\/wp-json\/wp\/v2\/pages"}],"about":[{"href":"https:\/\/wp.unil.ch\/ateliercritique\/wp-json\/wp\/v2\/types\/page"}],"author":[{"embeddable":true,"href":"https:\/\/wp.unil.ch\/ateliercritique\/wp-json\/wp\/v2\/users\/784"}],"replies":[{"embeddable":true,"href":"https:\/\/wp.unil.ch\/ateliercritique\/wp-json\/wp\/v2\/comments?post=10256"}],"version-history":[{"count":1,"href":"https:\/\/wp.unil.ch\/ateliercritique\/wp-json\/wp\/v2\/pages\/10256\/revisions"}],"predecessor-version":[{"id":22264,"href":"https:\/\/wp.unil.ch\/ateliercritique\/wp-json\/wp\/v2\/pages\/10256\/revisions\/22264"}],"up":[{"embeddable":true,"href":"https:\/\/wp.unil.ch\/ateliercritique\/wp-json\/wp\/v2\/pages\/2716"}],"wp:attachment":[{"href":"https:\/\/wp.unil.ch\/ateliercritique\/wp-json\/wp\/v2\/media?parent=10256"}],"curies":[{"name":"wp","href":"https:\/\/api.w.org\/{rel}","templated":true}]}}

Céline Conus

<p>Chanteuse lyrique professionnelle, c’est la spécialisation en dramaturgie et études théâtrales qui m’a rappelée tout récemment sur les bancs de l’université ! Après un bachelor en français, musicologie et histoire de l’art, ce master et l’atelier critique en particulier me permettent d’aiguiser mon regard de spectatrice en m’essayant à l’exercice difficile mais captivant de la critique théâtrale. Ainsi, c’est avec enthousiasme et passion que j’aborde les arts de la scène sous ce tout nouvel angle ! Convaincue depuis toujours de l’importance du spectacle « live » dans ce monde de plus en plus virtuel, j’espère, au travers de mes textes, donner envie aux lecteurs d’aller au théâtre pour se faire leur propre opinion !</p>
<h4>Les critiques de Céline Conus :</h4>


<div class="wp-block-query is-layout-flow wp-block-query-is-layout-flow"><ul class="wp-block-post-template is-layout-flow wp-block-post-template-is-layout-flow"><li class="wp-block-post post-11449 post type-post status-publish format-standard has-post-thumbnail category-critique category-expired category-theatre-des-osses category-spectacle tag-celine-conus">
<h6 class="liensouligne wp-block-post-title"><a href="https://wp.unil.ch/ateliercritique/2017/05/2h14/" target="_self" >2h14</a></h6>

<div class="wp-block-post-excerpt"><p class="wp-block-post-excerpt__excerpt">De David Paquet / Mise en scène par François Marin / Théâtre des Osses, Fribourg / du 27 avril au 7 mai 2017 / Critique par Céline Conus. </p></div>


<div style="height:1px" aria-hidden="true" class="wp-block-spacer"></div>

</li><li class="wp-block-post post-11445 post type-post status-publish format-standard category-critique tag-celine-conus">
<h6 class="liensouligne wp-block-post-title"><a href="https://wp.unil.ch/ateliercritique/2017/05/si-javais-su/" target="_self" >Si j’avais su …</a></h6>

<div class="wp-block-post-excerpt"><p class="wp-block-post-excerpt__excerpt">Par Céline Conus 2h14 /  De David Paquet / Mise en scène par François Marin / Théâtre des Osses, Fribourg / du 27 avril au 7 mai 2017 / Plus &hellip; </p></div>


<div style="height:1px" aria-hidden="true" class="wp-block-spacer"></div>

</li><li class="wp-block-post post-11433 post type-post status-publish format-standard has-post-thumbnail category-critique category-expired category-le-petit-theatre category-spectacle tag-celine-conus tag-laura-weber">
<h6 class="liensouligne wp-block-post-title"><a href="https://wp.unil.ch/ateliercritique/2017/04/mon-chien-dieu/" target="_self" >Mon chien-dieu</a></h6>

<div class="wp-block-post-excerpt"><p class="wp-block-post-excerpt__excerpt">Texte de Douna Loup / Mise en scène de Joan Mompart / Co-production: Llum théâtre, Le Petit théâtre, L’Arsenic et le Théâtre Am Stram Gram /  Le Petit théâtre / du 25 au 30 avril 2017 / Critiques par Laura… </p></div>


<div style="height:1px" aria-hidden="true" class="wp-block-spacer"></div>

</li><li class="wp-block-post post-11224 post type-post status-publish format-standard has-post-thumbnail category-critique category-expired category-la-grange category-spectacle tag-alicia-cuche tag-celine-conus">
<h6 class="liensouligne wp-block-post-title"><a href="https://wp.unil.ch/ateliercritique/2017/03/faust/" target="_self" >Faust</a></h6>

<div class="wp-block-post-excerpt"><p class="wp-block-post-excerpt__excerpt">De Johann Wolfgang von Goethe / Mise en scène par Darius Peyamiras / La Grange de Dorigny / du 16 au 19 mars 2017 / Critiques par Céline Conus et Alicia Cuche. </p></div>


<div style="height:1px" aria-hidden="true" class="wp-block-spacer"></div>

</li><li class="wp-block-post post-11116 post type-post status-publish format-standard has-post-thumbnail category-critique category-expired category-spectacle category-theatre-de-vidy tag-artemisia-romano tag-basile-seppey tag-celine-conus tag-ivan-garcia tag-jehanne-denogent tag-jeremy-berthoud tag-joanne-vaudroz tag-margot-prodhom tag-thomas-cordova">
<h6 class="liensouligne wp-block-post-title"><a href="https://wp.unil.ch/ateliercritique/2017/03/reve-et-folie/" target="_self" >Rêve et folie</a></h6>

<div class="wp-block-post-excerpt"><p class="wp-block-post-excerpt__excerpt">De Georg Trakl / Mise en scène de Claude Régy / Théâtre de Vidy / du 28 février au 4 mars 2017 / Textes par Jérémy Berthoud, Céline Conus, Thomas Cordova, Jehanne Denogent, Ivan Garcia, Margot Prod’hom, Artemisia Romano, Basile Seppey… </p></div>


<div style="height:1px" aria-hidden="true" class="wp-block-spacer"></div>

</li><li class="wp-block-post post-10991 post type-post status-publish format-standard has-post-thumbnail category-critique category-expired category-spectacle category-theatre-de-vidy tag-alicia-cuche tag-celine-conus">
<h6 class="liensouligne wp-block-post-title"><a href="https://wp.unil.ch/ateliercritique/2017/01/mesure-pour-mesure/" target="_self" >Mesure pour mesure</a></h6>

<div class="wp-block-post-excerpt"><p class="wp-block-post-excerpt__excerpt">de William Shakespeare / mise en scène Karim Bel Kacem / Théâtre de Vidy / du 18 au 26 janvier 2017 / Critiques par Alicia Cuche et Céline Conus. </p></div>


<div style="height:1px" aria-hidden="true" class="wp-block-spacer"></div>

</li><li class="wp-block-post post-10818 post type-post status-publish format-standard has-post-thumbnail category-critique category-expired category-le-petit-theatre category-spectacle tag-alice-moraz tag-celine-conus">
<h6 class="liensouligne wp-block-post-title"><a href="https://wp.unil.ch/ateliercritique/2016/12/miss-poppins/" target="_self" >Miss Poppins</a></h6>

<div class="wp-block-post-excerpt"><p class="wp-block-post-excerpt__excerpt">The Divine Company / adaptation et mise en scène Stefania Pinnelli / Le Petit Théâtre / du 7 au 31 décembre 2016 / Critiques par Céline Conus et Alice Moraz.  </p></div>


<div style="height:1px" aria-hidden="true" class="wp-block-spacer"></div>

</li><li class="wp-block-post post-10732 post type-post status-publish format-standard has-post-thumbnail category-critique category-expired category-spectacle category-tkm-theatre-kleber-meleau tag-alice-moraz tag-celine-conus">
<h6 class="liensouligne wp-block-post-title"><a href="https://wp.unil.ch/ateliercritique/2016/12/la-comedie-des-erreurs/" target="_self" >La Comédie des erreurs</a></h6>

<div class="wp-block-post-excerpt"><p class="wp-block-post-excerpt__excerpt">William Shakespeare / mise en scène de Matthias Urban / TKM- Théâtre Kléber-Méleau, Lausanne / du 1 au 22 décembre 2016 / Critiques par Céline Conus et Alice Moraz.  </p></div>


<div style="height:1px" aria-hidden="true" class="wp-block-spacer"></div>

</li><li class="wp-block-post post-10610 post type-post status-publish format-standard has-post-thumbnail category-critique category-equilibre-nuithonie category-expired category-spectacle tag-alicia-cuche tag-celine-conus">
<h6 class="liensouligne wp-block-post-title"><a href="https://wp.unil.ch/ateliercritique/2016/11/histoire-dun-merle-blanc/" target="_self" >Histoire d&rsquo;un merle blanc</a></h6>

<div class="wp-block-post-excerpt"><p class="wp-block-post-excerpt__excerpt">D&rsquo;Alfred de Musset / mise en scène d’Anne Bourgeois / Théâtre Equilibre Nuithonie, Fribourg / du 16 au 19 novembre 2016 / Critiques par Céline Conus et Alicia Cuche. </p></div>


<div style="height:1px" aria-hidden="true" class="wp-block-spacer"></div>

</li></ul></div>

<p>Chanteuse lyrique professionnelle, c’est la spécialisation en dramaturgie et études théâtrales qui m’a rappelée tout récemment sur les bancs de l’université ! Après un bachelor en français, musicologie et histoire de &hellip; </p>
