{"id":16,"date":"2013-06-25T16:16:39","date_gmt":"2013-06-25T14:16:39","guid":{"rendered":"http:\/\/wp.unil.ch\/arretssurimages\/?page_id=16"},"modified":"2013-07-10T17:08:39","modified_gmt":"2013-07-10T15:08:39","slug":"contact","status":"publish","type":"page","link":"https:\/\/wp.unil.ch\/arretssurimages\/contact\/","title":{"rendered":"Contact"},"content":{"rendered":"<p><a href=\"mailto:olivier.pradervand@unil.ch\">Olivier Pradervand<\/a><br \/>\nAssistant dipl\u00f4m\u00e9<br \/>\nSection d&rsquo;histoire<br \/>\nQuartier UNIL-Dorigny<br \/>\nB\u00e2timent Internef<br \/>\nCH-1015 Lausanne<br \/>\nT\u00e9l. +41 21 692 38 70<br \/>\nBureau 276\/6<\/p>\n<p><a href=\"mailto:Francois.Vallotton@unil.ch\">Fran\u00e7ois Vallotton<\/a><br \/>\nProfesseur ordinaire<br \/>\nSection d&rsquo;histoire<br \/>\nQuartier UNIL-Dorigny<br \/>\nB\u00e2timent Anthropole<br \/>\nCH-1015 Lausanne<br \/>\nT\u00e9l\u00e9phone +41 21 692 29 42<br \/>\nSecr\u00e9tariat +41 21 692 28 92<br \/>\nFax +41 21 692 29 35<br \/>\nBureau 5188.1<\/p>\n","protected":false},"excerpt":{"rendered":"<p>Olivier Pradervand Assistant dipl\u00f4m\u00e9 Section d&rsquo;histoire Quartier UNIL-Dorigny B\u00e2timent Internef CH-1015 Lausanne T\u00e9l. +41 21 692 38 70 Bureau 276\/6 Fran\u00e7ois Vallotton Professeur ordinaire Section d&rsquo;histoire Quartier UNIL-Dorigny B\u00e2timent Anthropole CH-1015 Lausanne T\u00e9l\u00e9phone +41 21 692 29 42 Secr\u00e9tariat +41<\/p>\n","protected":false},"author":825,"featured_media":0,"parent":0,"menu_order":2,"comment_status":"closed","ping_status":"closed","template":"","meta":{"_seopress_robots_primary_cat":"","_seopress_titles_title":"","_seopress_titles_desc":"","_seopress_robots_index":"","ngg_post_thumbnail":0,"footnotes":""},"class_list":["post-16","page","type-page","status-publish"],"_links":{"self":[{"href":"https:\/\/wp.unil.ch\/arretssurimages\/wp-json\/wp\/v2\/pages\/16","targetHints":{"allow":["GET"]}}],"collection":[{"href":"https:\/\/wp.unil.ch\/arretssurimages\/wp-json\/wp\/v2\/pages"}],"about":[{"href":"https:\/\/wp.unil.ch\/arretssurimages\/wp-json\/wp\/v2\/types\/page"}],"author":[{"embeddable":true,"href":"https:\/\/wp.unil.ch\/arretssurimages\/wp-json\/wp\/v2\/users\/825"}],"replies":[{"embeddable":true,"href":"https:\/\/wp.unil.ch\/arretssurimages\/wp-json\/wp\/v2\/comments?post=16"}],"version-history":[{"count":0,"href":"https:\/\/wp.unil.ch\/arretssurimages\/wp-json\/wp\/v2\/pages\/16\/revisions"}],"wp:attachment":[{"href":"https:\/\/wp.unil.ch\/arretssurimages\/wp-json\/wp\/v2\/media?parent=16"}],"curies":[{"name":"wp","href":"https:\/\/api.w.org\/{rel}","templated":true}]}}