{"id":12,"date":"2013-06-25T16:14:40","date_gmt":"2013-06-25T14:14:40","guid":{"rendered":"http:\/\/wp.unil.ch\/arretssurimages\/?page_id=12"},"modified":"2017-12-01T09:05:51","modified_gmt":"2017-12-01T08:05:51","slug":"storia-et-memoria-racconto-corale","status":"publish","type":"page","link":"https:\/\/wp.unil.ch\/arretssurimages\/videos\/storia-et-memoria-racconto-corale\/","title":{"rendered":"Storia et Memoria : Racconto corale"},"content":{"rendered":"<div style=\"width: 640px;\" class=\"wp-video\"><video class=\"wp-video-shortcode\" id=\"video-12-1\" width=\"640\" height=\"480\" poster=\"https:\/\/av.unil.ch\/hva\/1194\/bassanesi-640-480-avec-rsi.png\" controls=\"controls\"><source type=\"video\/mp4\" src=\"https:\/\/av.unil.ch\/hva\/1194\/bassanesi-640-480-avec-rsi.mp4?_=1\" \/><source type=\"video\/webm\" src=\"https:\/\/av.unil.ch\/hva\/1194\/bassanesi-640-480-avec-rsi.webm?_=1\" \/><a href=\"https:\/\/av.unil.ch\/hva\/1194\/bassanesi-640-480-avec-rsi.mp4\">https:\/\/av.unil.ch\/hva\/1194\/bassanesi-640-480-avec-rsi.mp4<\/a><\/video><\/div>\n<p>En 2008, la <em>Televisione Svizzera di lingua Italiana<\/em> (aujourd\u2019hui <em>Radiotelevisione Svizzera di lingua Italiana<\/em>) \u00e9dite un cycle de documentaires du r\u00e9alisateur Werner Weick sous le titre <em>Storia e Memoria. Racconto corale<\/em>. Cette collection est compos\u00e9e de deux documentaires r\u00e9\u00e9dit\u00e9s (<em>Bassanesi e gli altri<\/em>, 1980, &amp; <em>La guerra mio malgrado<\/em>, 1985) et deux productions in\u00e9dites (<em>La stagione della speranza<\/em> &amp; <em>A cavallo della ramina<\/em>, 2008) qui abordent le th\u00e8me de l\u2019antifascisme et de la Seconde guerre mondiale selon une lecture r\u00e9gionale. A travers plusieurs extraits et arr\u00eats sur images, cette vid\u00e9o essaie de d\u00e9crypter le syst\u00e8me narratif qui lie ces quatre documentaires en analysant le proc\u00e9d\u00e9 du r\u00e9cit choral et en se demandant quelle id\u00e9e de l\u2019histoire anime Werner Weick.<\/p>\n","protected":false},"excerpt":{"rendered":"<p>En 2008, la Televisione Svizzera di lingua Italiana (aujourd\u2019hui Radiotelevisione Svizzera di lingua Italiana) \u00e9dite un cycle de documentaires du r\u00e9alisateur Werner Weick sous le titre Storia e Memoria. Racconto corale. Cette collection est compos\u00e9e de deux documentaires r\u00e9\u00e9dit\u00e9s (Bassanesi<\/p>\n","protected":false},"author":825,"featured_media":0,"parent":20,"menu_order":3,"comment_status":"closed","ping_status":"closed","template":"","meta":{"_seopress_robots_primary_cat":"","_seopress_titles_title":"","_seopress_titles_desc":"","_seopress_robots_index":"","ngg_post_thumbnail":0,"footnotes":""},"class_list":["post-12","page","type-page","status-publish"],"_links":{"self":[{"href":"https:\/\/wp.unil.ch\/arretssurimages\/wp-json\/wp\/v2\/pages\/12","targetHints":{"allow":["GET"]}}],"collection":[{"href":"https:\/\/wp.unil.ch\/arretssurimages\/wp-json\/wp\/v2\/pages"}],"about":[{"href":"https:\/\/wp.unil.ch\/arretssurimages\/wp-json\/wp\/v2\/types\/page"}],"author":[{"embeddable":true,"href":"https:\/\/wp.unil.ch\/arretssurimages\/wp-json\/wp\/v2\/users\/825"}],"replies":[{"embeddable":true,"href":"https:\/\/wp.unil.ch\/arretssurimages\/wp-json\/wp\/v2\/comments?post=12"}],"version-history":[{"count":0,"href":"https:\/\/wp.unil.ch\/arretssurimages\/wp-json\/wp\/v2\/pages\/12\/revisions"}],"up":[{"embeddable":true,"href":"https:\/\/wp.unil.ch\/arretssurimages\/wp-json\/wp\/v2\/pages\/20"}],"wp:attachment":[{"href":"https:\/\/wp.unil.ch\/arretssurimages\/wp-json\/wp\/v2\/media?parent=12"}],"curies":[{"name":"wp","href":"https:\/\/api.w.org\/{rel}","templated":true}]}}