{"id":10,"date":"2013-06-25T16:13:43","date_gmt":"2013-06-25T14:13:43","guid":{"rendered":"http:\/\/wp.unil.ch\/arretssurimages\/?page_id=10"},"modified":"2017-12-01T09:04:08","modified_gmt":"2017-12-01T08:04:08","slug":"en-direct-avec-james-schwarzenbach","status":"publish","type":"page","link":"https:\/\/wp.unil.ch\/arretssurimages\/videos\/en-direct-avec-james-schwarzenbach\/","title":{"rendered":"En direct avec&#8230; James Schwarzenbach"},"content":{"rendered":"<div style=\"width: 640px;\" class=\"wp-video\"><video class=\"wp-video-shortcode\" id=\"video-10-1\" width=\"640\" height=\"480\" poster=\"https:\/\/av.unil.ch\/hva\/1194\/schwarzenbach-640-480.png\" controls=\"controls\"><source type=\"video\/mp4\" src=\"https:\/\/av.unil.ch\/hva\/1194\/schwarzenbach-640-480.mp4?_=1\" \/><source type=\"video\/webm\" src=\"https:\/\/av.unil.ch\/hva\/1194\/schwarzenbach-640-480.webm?_=1\" \/><a href=\"https:\/\/av.unil.ch\/hva\/1194\/schwarzenbach-640-480.mp4\">https:\/\/av.unil.ch\/hva\/1194\/schwarzenbach-640-480.mp4<\/a><\/video><\/div>\n<p style=\"text-align: justify\">Le 1er octobre 1973, la T\u00e9l\u00e9vision suisse romande consacre l\u2019un des num\u00e9ros de l\u2019\u00e9mission \u00abEn direct avec&#8230;\u00bb \u00e0 James Schwarzenbach. Celui-ci est alors au fa\u00eete de sa popularit\u00e9 et s\u2019impose comme l\u2019une des figures marquantes du paysage politique suisse : apr\u00e8s le score tr\u00e8s important de son initiative populaire exigeant une limitation drastique de la population \u00e9trang\u00e8re (rejet\u00e9e par 54% des Suisses en juin 1970), il est le mieux \u00e9lu de la d\u00e9putation zurichoise au Conseil national en 1971. L\u2019analyse de l\u2019\u00e9mission t\u00e9moigne d\u2019une nouvelle forme de m\u00e9diatisation du d\u00e9bat politique. Plus globalement, elle pose la question du r\u00f4le de la t\u00e9l\u00e9vision dans l\u2019essor d\u2019une forme de populisme&#8230; une th\u00e9matique plus que jamais d\u2019actualit\u00e9.<\/p>\n<p style=\"text-align: justify\"><a href=\"https:\/\/www.rts.ch\/archives\/tv\/information\/en-direct-avec\/3476943-james-schwarzenbach.html\" target=\"_blank\">L&rsquo;int\u00e9grale de l&rsquo;\u00e9mission sur le site des Archives de la Radio T\u00e9l\u00e9vision Suisse.<\/a><\/p>\n","protected":false},"excerpt":{"rendered":"<p>Le 1er octobre 1973, la T\u00e9l\u00e9vision suisse romande consacre l\u2019un des num\u00e9ros de l\u2019\u00e9mission \u00abEn direct avec&#8230;\u00bb \u00e0 James Schwarzenbach. Celui-ci est alors au fa\u00eete de sa popularit\u00e9 et s\u2019impose comme l\u2019une des figures marquantes du paysage politique suisse :<\/p>\n","protected":false},"author":825,"featured_media":0,"parent":20,"menu_order":1,"comment_status":"closed","ping_status":"closed","template":"","meta":{"_seopress_robots_primary_cat":"","_seopress_titles_title":"","_seopress_titles_desc":"","_seopress_robots_index":"","ngg_post_thumbnail":0,"footnotes":""},"class_list":["post-10","page","type-page","status-publish"],"_links":{"self":[{"href":"https:\/\/wp.unil.ch\/arretssurimages\/wp-json\/wp\/v2\/pages\/10","targetHints":{"allow":["GET"]}}],"collection":[{"href":"https:\/\/wp.unil.ch\/arretssurimages\/wp-json\/wp\/v2\/pages"}],"about":[{"href":"https:\/\/wp.unil.ch\/arretssurimages\/wp-json\/wp\/v2\/types\/page"}],"author":[{"embeddable":true,"href":"https:\/\/wp.unil.ch\/arretssurimages\/wp-json\/wp\/v2\/users\/825"}],"replies":[{"embeddable":true,"href":"https:\/\/wp.unil.ch\/arretssurimages\/wp-json\/wp\/v2\/comments?post=10"}],"version-history":[{"count":0,"href":"https:\/\/wp.unil.ch\/arretssurimages\/wp-json\/wp\/v2\/pages\/10\/revisions"}],"up":[{"embeddable":true,"href":"https:\/\/wp.unil.ch\/arretssurimages\/wp-json\/wp\/v2\/pages\/20"}],"wp:attachment":[{"href":"https:\/\/wp.unil.ch\/arretssurimages\/wp-json\/wp\/v2\/media?parent=10"}],"curies":[{"name":"wp","href":"https:\/\/api.w.org\/{rel}","templated":true}]}}