{"id":976,"date":"2018-01-08T13:22:16","date_gmt":"2018-01-08T12:22:16","guid":{"rendered":"http:\/\/wp.unil.ch\/archipelessais\/?page_id=976"},"modified":"2019-02-26T21:42:39","modified_gmt":"2019-02-26T20:42:39","slug":"volume-24","status":"publish","type":"page","link":"https:\/\/wp.unil.ch\/archipelessais\/volume-24\/","title":{"rendered":"Volume 24"},"content":{"rendered":"<p><strong>Le polar hors-la-loi ?<br \/>\n<\/strong>Ren\u00e9 Belletto : le genre en question<\/p>\n<p><strong>Marion Glauser<br \/>\n<\/strong>Postface d&rsquo;Antonio Rodriguez,<br \/>\nEntretien avec Paul Otchakovsky-Laurens, 2017.<\/p>\n<p><img alt=\"\" loading=\"lazy\" decoding=\"async\" class=\"alignright size-medium wp-image-1020\" src=\"https:\/\/wp.unil.ch\/archipelessais\/files\/2018\/01\/1re_couv_vol_24-1-183x300.jpg\" alt=\"\" width=\"183\" height=\"300\" srcset=\"https:\/\/wp.unil.ch\/archipelessais\/files\/2018\/01\/1re_couv_vol_24-1-183x300.jpg 183w, https:\/\/wp.unil.ch\/archipelessais\/files\/2018\/01\/1re_couv_vol_24-1-91x150.jpg 91w, https:\/\/wp.unil.ch\/archipelessais\/files\/2018\/01\/1re_couv_vol_24-1-624x1024.jpg 624w, https:\/\/wp.unil.ch\/archipelessais\/files\/2018\/01\/1re_couv_vol_24-1.jpg 731w\" sizes=\"auto, (max-width: 183px) 100vw, 183px\" \/>Le nom de Ren\u00e9 Belletto s\u2019associe-t-il au roman noir ? Ses\u00a0romans doivent-ils \u00eatre rang\u00e9s dans le rayon \u00ab polar \u00bb des\u00a0biblioth\u00e8ques ou, au contraire, c\u00f4toyer les ouvrages de\u00a0\u00ab Litt\u00e9rature \u00bb ? Plus d\u2019un lecteur a pu se confronter \u00e0 ce\u00a0dilemme au moment d\u2019aborder les romans de cet \u00e9crivain\u00a0lyonnais. L\u2019alignement des couvertures blanches et sobres\u00a0des \u00e9ditions P.O.L \u2013 chez qui Belletto est publi\u00e9 depuis\u00a01974 \u2013 semble assurer la constitution d\u2019une v\u00e9ritable oeuvre\u00a0litt\u00e9raire. \u00c0 la fronti\u00e8re du blanc et du noir, Ren\u00e9 Belletto\u00a0appara\u00eet comme un auteur \u00ab inclassable \u00bb dans le paysage\u00a0litt\u00e9raire fran\u00e7ais. Mais qui classe-t-on exactement dans les\u00a0inclassables, et pourquoi y placer justement Ren\u00e9 Belletto ?\u00a0Qualifi\u00e9s de \u00ab faux polars \u00bb ou encore de \u00ab romans policiers\u00a0<em>litt\u00e9raires<\/em> \u00bb, ses ouvrages permettent d\u2019observer ce qui fait un\u00a0genre contemporain en qu\u00eate de l\u00e9gitimit\u00e9 litt\u00e9raire. Quelle est\u00a0alors la pertinence des typologies litt\u00e9raires ? Pourquoi nous\u00a0am\u00e8nent-elles syst\u00e9matiquement vers l\u2019ind\u00e9termination ?<\/p>\n<p>Cet essai pr\u00e9sente l\u2019oeuvre de Ren\u00e9 Belletto sous une\u00a0coh\u00e9rence parfois peu visible. Il propose un \u00e9clairage\u00a0nouveau sur l\u2019oeuvre d\u2019un \u00e9crivain demeur\u00e9 discret mais dont\u00a0l\u2019univers foisonnant, inventif et souvent d\u00e9sopilant, interroge\u00a0radicalement nos classifications par genre litt\u00e9raire.<\/p>\n<p>M. G.<\/p>\n<p>120 p.<\/p>\n<p><a href=\"https:\/\/wp.unil.ch\/archipelessais\/files\/2018\/01\/Sommaire_vol_24.pdf\">Sommaire<br \/>\n<\/a><a href=\"https:\/\/wp.unil.ch\/archipelessais\/commande\/\">Commande<\/a><\/p>\n","protected":false},"excerpt":{"rendered":"<p>Le polar hors-la-loi ? Ren\u00e9 Belletto : le genre en question Marion Glauser Postface d&rsquo;Antonio Rodriguez, Entretien avec Paul Otchakovsky-Laurens, 2017. Le nom de Ren\u00e9 Belletto s\u2019associe-t-il au roman noir &hellip; <\/p>\n","protected":false},"author":1001569,"featured_media":0,"parent":0,"menu_order":0,"comment_status":"closed","ping_status":"closed","template":"","meta":{"_seopress_robots_primary_cat":"","_seopress_titles_title":"","_seopress_titles_desc":"","_seopress_robots_index":"","footnotes":""},"class_list":["post-976","page","type-page","status-publish"],"_links":{"self":[{"href":"https:\/\/wp.unil.ch\/archipelessais\/wp-json\/wp\/v2\/pages\/976","targetHints":{"allow":["GET"]}}],"collection":[{"href":"https:\/\/wp.unil.ch\/archipelessais\/wp-json\/wp\/v2\/pages"}],"about":[{"href":"https:\/\/wp.unil.ch\/archipelessais\/wp-json\/wp\/v2\/types\/page"}],"author":[{"embeddable":true,"href":"https:\/\/wp.unil.ch\/archipelessais\/wp-json\/wp\/v2\/users\/1001569"}],"replies":[{"embeddable":true,"href":"https:\/\/wp.unil.ch\/archipelessais\/wp-json\/wp\/v2\/comments?post=976"}],"version-history":[{"count":0,"href":"https:\/\/wp.unil.ch\/archipelessais\/wp-json\/wp\/v2\/pages\/976\/revisions"}],"wp:attachment":[{"href":"https:\/\/wp.unil.ch\/archipelessais\/wp-json\/wp\/v2\/media?parent=976"}],"curies":[{"name":"wp","href":"https:\/\/api.w.org\/{rel}","templated":true}]}}