{"id":64,"date":"2012-01-20T09:03:42","date_gmt":"2012-01-20T08:03:42","guid":{"rendered":"http:\/\/wp.unil.ch\/archipelessais\/?page_id=64"},"modified":"2013-08-08T11:24:32","modified_gmt":"2013-08-08T09:24:32","slug":"vol-2-melanie-bulliard","status":"publish","type":"page","link":"https:\/\/wp.unil.ch\/archipelessais\/vol-2-melanie-bulliard\/","title":{"rendered":"Volume 2"},"content":{"rendered":"<p>&nbsp;<\/p>\n<h1>L&rsquo;enjeu des origines<\/h1>\n<div><em>Les romans pr\u00e9historiques de J.-H. Rosny a\u00een\u00e9<\/em><\/div>\n<div><strong>M\u00e9lanie Bulliard<\/strong><\/div>\n<div>Postface de Danielle Chaperon, 2001.<\/div>\n<p><strong><br \/>\n<\/strong><strong><br \/>\nP<\/strong>arall\u00e8lement \u00e0 l&rsquo;\u00e9laboration d&rsquo;une \u0153uvre extr\u00eamement vari\u00e9e, touchant au genre du <a href=\"https:\/\/wp.unil.ch\/archipelessais\/files\/2012\/01\/Essais2couv.gif\"><img alt=\"\" loading=\"lazy\" decoding=\"async\" class=\"alignright size-medium wp-image-50\" alt=\"\" src=\"https:\/\/wp.unil.ch\/archipelessais\/files\/2012\/01\/Essais2couv-184x300.gif\" width=\"184\" height=\"300\" srcset=\"https:\/\/wp.unil.ch\/archipelessais\/files\/2012\/01\/Essais2couv-184x300.gif 184w, https:\/\/wp.unil.ch\/archipelessais\/files\/2012\/01\/Essais2couv.gif 492w\" sizes=\"auto, (max-width: 184px) 100vw, 184px\" \/><\/a>merveilleux scientifique comme \u00e0 celui du r\u00e9alisme social, Joseph-Henri Rosny a\u00een\u00e9 entame, \u00e0 la fin du 19<sup>e<\/sup> si\u00e8cle, un cycle de romans sur le th\u00e8me de la pr\u00e9histoire. Paraissent en effet <em>Vamireh<\/em> en 1891, <em>Eyrimah<\/em> en 1893, <em>La guerre du feu<\/em> en 1909, <em>Le f\u00e9lin<\/em> g\u00e9ant en 1919, et, en 1930, <em>Helgvor du fleuve Bleu<\/em>. Dans ces r\u00e9cits, l&rsquo;auteur s&rsquo;attache \u00e0 d\u00e9crire le cheminement de nos lointains anc\u00eatres, et les montre acqu\u00e9rant, au fil des si\u00e8cles, les caract\u00e9ristiques physiques, intellectuelles et morales qui d\u00e9finiront l&rsquo;homme moderne. La question des origines de l&rsquo;humanit\u00e9, de son \u00e9volution durant les premiers temps de son existence, est alors fort en vogue. La pr\u00e9histoire est une science encore jeune, qui passionne les milieux savants comme le grand public, curieux des d\u00e9couvertes arch\u00e9ologiques qui se succ\u00e8dent \u00e0 l&rsquo;aube du 20e si\u00e8cle. Les r\u00e9cits de Rosny sur les \u00ab\u00a0\u00e2ges farouches\u00a0\u00bb s&rsquo;inscrivent donc dans cette vague d&rsquo;enthousiasme qui entoure la nouvelle discipline. Ils ne constituent cependant pas, comme on pourrait le croire de prime abord, une simple mise en fiction, dans un but de vulgarisation, des th\u00e8ses des pal\u00e9ontologues et des anthropologues d&rsquo;alors. L&rsquo;ouvrage se propose de d\u00e9montrer qu&rsquo;ils repr\u00e9sentent bien davantage une prise de position sur certains d\u00e9bats esth\u00e9tiques, politiques ou philosophiques qui divisent la soci\u00e9t\u00e9 fran\u00e7aise aux alentours de 1900.<\/p>\n<div><\/div>\n<div>164 p.<\/div>\n","protected":false},"excerpt":{"rendered":"<p>&nbsp; L&rsquo;enjeu des origines Les romans pr\u00e9historiques de J.-H. Rosny a\u00een\u00e9 M\u00e9lanie Bulliard Postface de Danielle Chaperon, 2001. Parall\u00e8lement \u00e0 l&rsquo;\u00e9laboration d&rsquo;une \u0153uvre extr\u00eamement vari\u00e9e, touchant au genre du merveilleux &hellip; <\/p>\n","protected":false},"author":241,"featured_media":0,"parent":0,"menu_order":6,"comment_status":"closed","ping_status":"closed","template":"sidebar-page.php","meta":{"_seopress_robots_primary_cat":"","_seopress_titles_title":"","_seopress_titles_desc":"","_seopress_robots_index":"","footnotes":""},"class_list":["post-64","page","type-page","status-publish"],"_links":{"self":[{"href":"https:\/\/wp.unil.ch\/archipelessais\/wp-json\/wp\/v2\/pages\/64","targetHints":{"allow":["GET"]}}],"collection":[{"href":"https:\/\/wp.unil.ch\/archipelessais\/wp-json\/wp\/v2\/pages"}],"about":[{"href":"https:\/\/wp.unil.ch\/archipelessais\/wp-json\/wp\/v2\/types\/page"}],"author":[{"embeddable":true,"href":"https:\/\/wp.unil.ch\/archipelessais\/wp-json\/wp\/v2\/users\/241"}],"replies":[{"embeddable":true,"href":"https:\/\/wp.unil.ch\/archipelessais\/wp-json\/wp\/v2\/comments?post=64"}],"version-history":[{"count":0,"href":"https:\/\/wp.unil.ch\/archipelessais\/wp-json\/wp\/v2\/pages\/64\/revisions"}],"wp:attachment":[{"href":"https:\/\/wp.unil.ch\/archipelessais\/wp-json\/wp\/v2\/media?parent=64"}],"curies":[{"name":"wp","href":"https:\/\/api.w.org\/{rel}","templated":true}]}}