{"id":184,"date":"2012-03-20T11:15:52","date_gmt":"2012-03-20T10:15:52","guid":{"rendered":"http:\/\/wp.unil.ch\/archipelessais\/?page_id=184"},"modified":"2013-08-08T11:20:24","modified_gmt":"2013-08-08T09:20:24","slug":"caraion","status":"publish","type":"page","link":"https:\/\/wp.unil.ch\/archipelessais\/caraion\/","title":{"rendered":"Volume 11"},"content":{"rendered":"<p>&nbsp;<\/p>\n<h1>Objets en libert\u00e9<\/h1>\n<div><strong><strong>\u00c9dit\u00e9 par Marta Caraion, 2005.<br \/>\n<\/strong><\/strong><\/div>\n<p>&nbsp;<\/p>\n<p><strong><br \/>\nS<\/strong>i l&rsquo;apparition des objets dans la litt\u00e9rature du 19<sup>e<\/sup> si\u00e8cle co\u00efncide avec l\u2019av\u00e8nement du <a href=\"https:\/\/wp.unil.ch\/archipelessais\/files\/2012\/01\/Essais11couv.gif\"><img alt=\"\" loading=\"lazy\" decoding=\"async\" class=\"alignright size-medium wp-image-59\" alt=\"\" src=\"https:\/\/wp.unil.ch\/archipelessais\/files\/2012\/01\/Essais11couv-184x300.gif\" width=\"184\" height=\"300\" srcset=\"https:\/\/wp.unil.ch\/archipelessais\/files\/2012\/01\/Essais11couv-184x300.gif 184w, https:\/\/wp.unil.ch\/archipelessais\/files\/2012\/01\/Essais11couv.gif 492w\" sizes=\"auto, (max-width: 184px) 100vw, 184px\" \/><\/a>r\u00e9alisme, et si leur description hypertrophique contribue \u00e0 asseoir le genre, le volume, \u00e0 travers quelques r\u00e9cits d\u2019\u00e9crivains connus, le m\u00e9canisme d\u2019int\u00e9gration narrative d\u2019objets qui outrepassent la banale fonction de caract\u00e9risation des milieux et des personnages, en perturbant les cat\u00e9gories, les \u00e9quilibres et les statuts. De <em>La peau de chagrin<\/em> \u00e0 <em>La b\u00eate humaine<\/em>, des r\u00e9cits fantastiques de Gautier \u00e0 l\u2019univers d\u00e9cadent de Huysmans, certains objets organisent l\u2019espace fictionnel et s\u2019y positionnent en actants \u00e0 part enti\u00e8re, d\u00e9terminant avec force la progression de l\u2019intrigue. Le questionnement commun \u00e0 ces recherches porte globalement sur ce processus d\u2019autonomisation des objets dans la litt\u00e9rature du 19e si\u00e8cle, rep\u00e9rable \u00e0 partir de 1830 dans un nombre significatif de fictions, et coexistant avec l\u2019entreprise de recouvrement exhaustif du monde mat\u00e9riel par la description dans les mouvances r\u00e9aliste et naturaliste. Chaque analyse monographique apporte un \u00e9clairage particulier \u00e0 cette interrogation globale, visant \u00e0 comprendre la relation nouvelle (probablement perturb\u00e9e, inqui\u00e8te dans tous les cas) qui lie, au 19e si\u00e8cle, l\u2019\u00eatre humain au monde, et les deux \u00e0 la litt\u00e9rature.<\/p>\n<p>221 p.<\/p>\n","protected":false},"excerpt":{"rendered":"<p>&nbsp; Objets en libert\u00e9 \u00c9dit\u00e9 par Marta Caraion, 2005. &nbsp; Si l&rsquo;apparition des objets dans la litt\u00e9rature du 19e si\u00e8cle co\u00efncide avec l\u2019av\u00e8nement du r\u00e9alisme, et si leur description hypertrophique &hellip; <\/p>\n","protected":false},"author":241,"featured_media":0,"parent":0,"menu_order":0,"comment_status":"closed","ping_status":"closed","template":"","meta":{"_seopress_robots_primary_cat":"","_seopress_titles_title":"","_seopress_titles_desc":"","_seopress_robots_index":"","footnotes":""},"class_list":["post-184","page","type-page","status-publish"],"_links":{"self":[{"href":"https:\/\/wp.unil.ch\/archipelessais\/wp-json\/wp\/v2\/pages\/184","targetHints":{"allow":["GET"]}}],"collection":[{"href":"https:\/\/wp.unil.ch\/archipelessais\/wp-json\/wp\/v2\/pages"}],"about":[{"href":"https:\/\/wp.unil.ch\/archipelessais\/wp-json\/wp\/v2\/types\/page"}],"author":[{"embeddable":true,"href":"https:\/\/wp.unil.ch\/archipelessais\/wp-json\/wp\/v2\/users\/241"}],"replies":[{"embeddable":true,"href":"https:\/\/wp.unil.ch\/archipelessais\/wp-json\/wp\/v2\/comments?post=184"}],"version-history":[{"count":0,"href":"https:\/\/wp.unil.ch\/archipelessais\/wp-json\/wp\/v2\/pages\/184\/revisions"}],"wp:attachment":[{"href":"https:\/\/wp.unil.ch\/archipelessais\/wp-json\/wp\/v2\/media?parent=184"}],"curies":[{"name":"wp","href":"https:\/\/api.w.org\/{rel}","templated":true}]}}