{"id":182,"date":"2012-03-20T11:12:51","date_gmt":"2012-03-20T10:12:51","guid":{"rendered":"http:\/\/wp.unil.ch\/archipelessais\/?page_id=182"},"modified":"2013-08-08T11:20:46","modified_gmt":"2013-08-08T09:20:46","slug":"panchaud","status":"publish","type":"page","link":"https:\/\/wp.unil.ch\/archipelessais\/panchaud\/","title":{"rendered":"Volume 10"},"content":{"rendered":"<p>&nbsp;<\/p>\n<div>\n<h1>Quand l&rsquo;agneau se couche aux c\u00f4t\u00e9s du tigre<\/h1>\n<div><em>\u00c9tude comparative de <\/em>La Belle et la B\u00eate<em> (1756) de Jeanne Marie Leprince de Beaumont et de <\/em>The Courtship of Mr Lyon<em> et <\/em>The Tiger&rsquo;s Bride<em> (1979) d&rsquo;Angela Carter\u00a0<\/em><\/div>\n<div>\n<div><strong>Annick Panchaud<br \/>\n<\/strong><\/div>\n<\/div>\n<p><strong><em><\/em><\/strong>Pr\u00e9face de Martine Hennard Dutheil et Ute Heidmann, 2005.<\/p>\n<\/div>\n<div><\/div>\n<div><\/div>\n<p><strong><br \/>\nL&rsquo;<\/strong>histoire du fianc\u00e9 animal et de sa belle a \u00e9t\u00e9 explor\u00e9e avec brio par Jeanne Marie <a href=\"https:\/\/wp.unil.ch\/archipelessais\/files\/2012\/01\/Essais10couv.gif\"><img alt=\"\" loading=\"lazy\" decoding=\"async\" class=\"alignright size-medium wp-image-58\" alt=\"\" src=\"https:\/\/wp.unil.ch\/archipelessais\/files\/2012\/01\/Essais10couv-185x300.gif\" width=\"185\" height=\"300\" srcset=\"https:\/\/wp.unil.ch\/archipelessais\/files\/2012\/01\/Essais10couv-185x300.gif 185w, https:\/\/wp.unil.ch\/archipelessais\/files\/2012\/01\/Essais10couv.gif 495w\" sizes=\"auto, (max-width: 185px) 100vw, 185px\" \/><\/a>Leprince de Beaumont dans son conte <em>La belle et la b\u00eate<\/em> (1756). Deux si\u00e8cles plus tard, Angela Carter se saisit du sujet et en propose deux r\u00e9\u00e9critures troublantes, <em>The Courtship of Mr Lyon<\/em> et <em>The Tiger\u2019s Bride<\/em> (1979). En s\u2019appuyant sur la m\u00e9thode comparative et la mise \u00e0 \u00e9galit\u00e9 des deux textes, l\u2019ouvrage vise \u00e0 mettre en lumi\u00e8re les vis\u00e9es esth\u00e9tiques et id\u00e9ologiques de ces deux auteures et \u00e0 examiner plus particuli\u00e8rement comment leurs trois textes sondent les rapports de force entre la belle et la b\u00eate. Mme de Beaumont et Angela Carter se servent de l\u2019histoire du fianc\u00e9 animal pour tenir un discours critique sur les normes culturelles, sociales, politiques et \u00e9conomiques qui mettent en place une repr\u00e9sentation dichotomique des rapports entre hommes et femmes et entre humains et animaux. Dans leurs repr\u00e9sentations de ces rapports, elles d\u00e9montrent que contrairement aux apparences, l\u2019agneau et le tigre ne sont pas toujours ce que l\u2019on croit.<\/p>\n<p>172 p.<\/p>\n","protected":false},"excerpt":{"rendered":"<p>&nbsp; Quand l&rsquo;agneau se couche aux c\u00f4t\u00e9s du tigre \u00c9tude comparative de La Belle et la B\u00eate (1756) de Jeanne Marie Leprince de Beaumont et de The Courtship of Mr &hellip; <\/p>\n","protected":false},"author":241,"featured_media":0,"parent":0,"menu_order":0,"comment_status":"closed","ping_status":"closed","template":"","meta":{"_seopress_robots_primary_cat":"","_seopress_titles_title":"","_seopress_titles_desc":"","_seopress_robots_index":"","footnotes":""},"class_list":["post-182","page","type-page","status-publish"],"_links":{"self":[{"href":"https:\/\/wp.unil.ch\/archipelessais\/wp-json\/wp\/v2\/pages\/182","targetHints":{"allow":["GET"]}}],"collection":[{"href":"https:\/\/wp.unil.ch\/archipelessais\/wp-json\/wp\/v2\/pages"}],"about":[{"href":"https:\/\/wp.unil.ch\/archipelessais\/wp-json\/wp\/v2\/types\/page"}],"author":[{"embeddable":true,"href":"https:\/\/wp.unil.ch\/archipelessais\/wp-json\/wp\/v2\/users\/241"}],"replies":[{"embeddable":true,"href":"https:\/\/wp.unil.ch\/archipelessais\/wp-json\/wp\/v2\/comments?post=182"}],"version-history":[{"count":0,"href":"https:\/\/wp.unil.ch\/archipelessais\/wp-json\/wp\/v2\/pages\/182\/revisions"}],"wp:attachment":[{"href":"https:\/\/wp.unil.ch\/archipelessais\/wp-json\/wp\/v2\/media?parent=182"}],"curies":[{"name":"wp","href":"https:\/\/api.w.org\/{rel}","templated":true}]}}