{"id":170,"date":"2012-03-20T11:02:02","date_gmt":"2012-03-20T10:02:02","guid":{"rendered":"http:\/\/wp.unil.ch\/archipelessais\/?page_id=170"},"modified":"2013-08-08T11:23:24","modified_gmt":"2013-08-08T09:23:24","slug":"charpilloz","status":"publish","type":"page","link":"https:\/\/wp.unil.ch\/archipelessais\/charpilloz\/","title":{"rendered":"Volume 5"},"content":{"rendered":"<div>\n<div>\n<h1>De Murphy \u00e0 Molloy<\/h1>\n<div><em>Deux figures de Beckett<br \/>\n<\/em><\/div>\n<div>\n<div><strong>Annie Charpilloz<br \/>\n<\/strong><\/div>\n<\/div>\n<p><strong><em><\/em><\/strong>Postface de Jean Kaempfer, 2003.<strong><\/strong><\/p>\n<p><strong><br \/>\nL<\/strong>e monde selon Beckett est install\u00e9 d\u00e8s le premier roman. Autour de la figure-titre, une <a href=\"https:\/\/wp.unil.ch\/archipelessais\/files\/2012\/01\/Essais5couv2.gif\"><img alt=\"\" loading=\"lazy\" decoding=\"async\" class=\"alignright size-medium wp-image-53\" alt=\"\" src=\"https:\/\/wp.unil.ch\/archipelessais\/files\/2012\/01\/Essais5couv2-184x300.gif\" width=\"184\" height=\"300\" srcset=\"https:\/\/wp.unil.ch\/archipelessais\/files\/2012\/01\/Essais5couv2-184x300.gif 184w, https:\/\/wp.unil.ch\/archipelessais\/files\/2012\/01\/Essais5couv2.gif 493w\" sizes=\"auto, (max-width: 184px) 100vw, 184px\" \/><\/a>ronde de personnages burlesques tisse un fond d&rsquo;intrigue dont Murphy se d\u00e9tache, en posture recroquevill\u00e9e et dans une perspective coh\u00e9rente\u00a0: la \u00ab\u00a0mort aux choses sensibles\u00a0\u00bb comme seul espoir de s\u00e9r\u00e9nit\u00e9 et d\u2019unit\u00e9. Cette position d\u2019\u00eatre pensant est pourtant sans avenir et Murphy, en tant qu\u2019homme, se verra an\u00e9anti dans l\u2019immuable paysage d\u2019un \u00ab\u00a0fiasco g\u00e9n\u00e9ralis\u00e9\u00a0\u00bb. Quelques romans plus tard appara\u00eet Molloy, dans un d\u00e9nuement \u00e0 la fois saisissant et invraisemblable, au terme d\u2019un parcours dont l\u2019entier de la narration se pr\u00e9sente comme un \u00e9cho. Le livre propose un trajet en deux \u00e9tapes, o\u00f9 l\u2019av\u00e8nement de Molloy en \u00ab\u00a0figure parlante\u00a0\u00bb fait suite \u00e0 la chute du premier homme beckettien.<\/p>\n<\/div>\n<\/div>\n<p>85 p.<\/p>\n","protected":false},"excerpt":{"rendered":"<p>De Murphy \u00e0 Molloy Deux figures de Beckett Annie Charpilloz Postface de Jean Kaempfer, 2003. Le monde selon Beckett est install\u00e9 d\u00e8s le premier roman. Autour de la figure-titre, une &hellip; <\/p>\n","protected":false},"author":241,"featured_media":0,"parent":0,"menu_order":0,"comment_status":"closed","ping_status":"closed","template":"","meta":{"_seopress_robots_primary_cat":"","_seopress_titles_title":"","_seopress_titles_desc":"","_seopress_robots_index":"","footnotes":""},"class_list":["post-170","page","type-page","status-publish"],"_links":{"self":[{"href":"https:\/\/wp.unil.ch\/archipelessais\/wp-json\/wp\/v2\/pages\/170","targetHints":{"allow":["GET"]}}],"collection":[{"href":"https:\/\/wp.unil.ch\/archipelessais\/wp-json\/wp\/v2\/pages"}],"about":[{"href":"https:\/\/wp.unil.ch\/archipelessais\/wp-json\/wp\/v2\/types\/page"}],"author":[{"embeddable":true,"href":"https:\/\/wp.unil.ch\/archipelessais\/wp-json\/wp\/v2\/users\/241"}],"replies":[{"embeddable":true,"href":"https:\/\/wp.unil.ch\/archipelessais\/wp-json\/wp\/v2\/comments?post=170"}],"version-history":[{"count":0,"href":"https:\/\/wp.unil.ch\/archipelessais\/wp-json\/wp\/v2\/pages\/170\/revisions"}],"wp:attachment":[{"href":"https:\/\/wp.unil.ch\/archipelessais\/wp-json\/wp\/v2\/media?parent=170"}],"curies":[{"name":"wp","href":"https:\/\/api.w.org\/{rel}","templated":true}]}}