{"id":1248,"date":"2024-01-22T15:02:38","date_gmt":"2024-01-22T14:02:38","guid":{"rendered":"https:\/\/wp.unil.ch\/archipelessais\/?page_id=1248"},"modified":"2024-01-22T15:17:46","modified_gmt":"2024-01-22T14:17:46","slug":"volume-35","status":"publish","type":"page","link":"https:\/\/wp.unil.ch\/archipelessais\/volume-35\/","title":{"rendered":"Volume 35"},"content":{"rendered":"\n<p><strong>NOUVELLE PARUTION &#8211; JANVIER 2024<\/strong><\/p>\n\n\n\n<p><strong>Faire voir Victor Hugo. <\/strong><br>Une correspondance avec Nadar, de la photographie \u00e0 l&rsquo;a\u00e9ronautique<\/p>\n\n\n\n<p><strong>Ga\u00ebtan Zinder<\/strong><\/p>\n\n\n\n<p><\/p>\n\n\n<div class=\"wp-block-image\">\n<figure class=\"alignright size-large is-resized\"><img alt=\"\" loading=\"lazy\" decoding=\"async\" width=\"603\" height=\"1024\" src=\"https:\/\/wp.unil.ch\/archipelessais\/files\/2024\/01\/COUV-AE-35-20230926-603x1024.jpg\" alt=\"\" class=\"wp-image-1249\" style=\"width:210px;height:auto\" srcset=\"https:\/\/wp.unil.ch\/archipelessais\/files\/2024\/01\/COUV-AE-35-20230926-603x1024.jpg 603w, https:\/\/wp.unil.ch\/archipelessais\/files\/2024\/01\/COUV-AE-35-20230926-177x300.jpg 177w, https:\/\/wp.unil.ch\/archipelessais\/files\/2024\/01\/COUV-AE-35-20230926-88x150.jpg 88w, https:\/\/wp.unil.ch\/archipelessais\/files\/2024\/01\/COUV-AE-35-20230926.jpg 707w\" sizes=\"auto, (max-width: 603px) 100vw, 603px\" \/><\/figure>\n<\/div>\n\n\n<p>Dans la correspondance entre Victor Hugo et Nadar, la photographie occupe une place minime, sinon anecdotique. L\u2019essentiel de leurs \u00e9changes porte sur l\u2019a\u00e9ronautique, les deux hommes partageant un m\u00eame point de vue progressiste sur la navigation a\u00e9rienne. \u00c0 partir de cette correspondance, \u00e0 partir aussi de cette absence \u00e9tonnante de la question photographique, l\u2019objectif du pr\u00e9sent volume est de r\u00e9\u00e9valuer certains enjeux du rapport de Victor Hugo \u00e0 la technique, sugg\u00e9rant l\u2019hypoth\u00e8se suivante : la photographie et l\u2019a\u00e9ronautique ne m\u00e9diatisent pas tant la vision po\u00ef\u00e9tique du cr\u00e9ateur, mais contribuent surtout \u00e0 sa visibilit\u00e9 posturale. La puissance de leur <em>faire voir <\/em>va du monde au po\u00e8te, et non l\u2019inverse.<\/p>\n\n\n\n<p>D\u2019une part, contrairement \u00e0 une hypoth\u00e8se relativement r\u00e9pandue, l\u2019\u0153uvre hugolienne semble \u00e9chapper, sur le plan esth\u00e9tique, \u00e0 l\u2019ubiquitaire \u00abr\u00e9volution invisible\u00bb d\u00e9crite par Philippe Ortel. D\u2019autre part, l\u2019a\u00e9ronautique, pourtant glorifi\u00e9e par Hugo sur le plan du progr\u00e8s, fait montre dans ses textes d\u2019une triviale laideur. Le rapport du po\u00e8te \u00e0 ces techniques est donc \u00e0 chercher ailleurs. Ses portraits photographiques et ses \u00e9crits sur la navigation a\u00e9rienne participent \u00e0 l\u2019\u00e9laboration d\u2019une posture multiple et soigneusement travaill\u00e9e. Ils nous montrent un opposant politique, un exil\u00e9 r\u00e9sistant, un po\u00e8te proscrit, un ami des sciences et du progr\u00e8s. Ils fa\u00e7onnent et manifestent la \u00ab posture-Hugo \u00bb, faisant voir l\u2019homme-total d\u2019un progr\u00e8s total, tout \u00e0 la fois politique, po\u00e9tique <em>et <\/em>technique.<\/p>\n\n\n\n<p>176 p.<\/p>\n\n\n\n<p><a href=\"https:\/\/wp.unil.ch\/archipelessais\/files\/2024\/01\/AE35_TdM.pdf\" target=\"_blank\" rel=\"noreferrer noopener\">Table des mati\u00e8res<\/a><br>Lire sur Fabula la postface de Marta Caraion, \u00ab\u00a0\u00ab Du r\u00eave condens\u00e9 en fait \u00bb : \u00e9change de vues entre Hugo et Nadar\u00a0\u00bb<br><a href=\"https:\/\/wp.unil.ch\/archipelessais\/commande\/\" target=\"_blank\" rel=\"noreferrer noopener\">Commande<\/a><\/p>\n","protected":false},"excerpt":{"rendered":"<p>NOUVELLE PARUTION &#8211; JANVIER 2024 Faire voir Victor Hugo. Une correspondance avec Nadar, de la photographie \u00e0 l&rsquo;a\u00e9ronautique Ga\u00ebtan Zinder Dans la correspondance entre Victor Hugo et Nadar, la photographie &hellip; <\/p>\n","protected":false},"author":1002007,"featured_media":0,"parent":0,"menu_order":0,"comment_status":"closed","ping_status":"closed","template":"","meta":{"_seopress_robots_primary_cat":"","_seopress_titles_title":"","_seopress_titles_desc":"","_seopress_robots_index":"","footnotes":""},"class_list":["post-1248","page","type-page","status-publish"],"_links":{"self":[{"href":"https:\/\/wp.unil.ch\/archipelessais\/wp-json\/wp\/v2\/pages\/1248","targetHints":{"allow":["GET"]}}],"collection":[{"href":"https:\/\/wp.unil.ch\/archipelessais\/wp-json\/wp\/v2\/pages"}],"about":[{"href":"https:\/\/wp.unil.ch\/archipelessais\/wp-json\/wp\/v2\/types\/page"}],"author":[{"embeddable":true,"href":"https:\/\/wp.unil.ch\/archipelessais\/wp-json\/wp\/v2\/users\/1002007"}],"replies":[{"embeddable":true,"href":"https:\/\/wp.unil.ch\/archipelessais\/wp-json\/wp\/v2\/comments?post=1248"}],"version-history":[{"count":3,"href":"https:\/\/wp.unil.ch\/archipelessais\/wp-json\/wp\/v2\/pages\/1248\/revisions"}],"predecessor-version":[{"id":1264,"href":"https:\/\/wp.unil.ch\/archipelessais\/wp-json\/wp\/v2\/pages\/1248\/revisions\/1264"}],"wp:attachment":[{"href":"https:\/\/wp.unil.ch\/archipelessais\/wp-json\/wp\/v2\/media?parent=1248"}],"curies":[{"name":"wp","href":"https:\/\/api.w.org\/{rel}","templated":true}]}}