{"id":1158,"date":"2022-01-04T11:52:12","date_gmt":"2022-01-04T10:52:12","guid":{"rendered":"https:\/\/wp.unil.ch\/archipelessais\/?page_id=1158"},"modified":"2022-01-11T08:43:32","modified_gmt":"2022-01-11T07:43:32","slug":"volume-30","status":"publish","type":"page","link":"https:\/\/wp.unil.ch\/archipelessais\/volume-30\/","title":{"rendered":"Volume 30"},"content":{"rendered":"\n<p><strong>NOUVELLE PARUTION &#8211; D\u00c9CEMBRE 2021<\/strong><\/p>\n\n\n\n<p><strong>Une contradiction fondamentale dans la litt\u00e9rature du travail<\/strong><br>Les spectres du conflit dans la litt\u00e9rature contemporaine (1980-2020)<\/p>\n\n\n\n<p><strong>Vivien Poltier <\/strong><\/p>\n\n\n\n<p>Qu&rsquo;advient-il lorsque la litt\u00e9rature se tourne vers le monde du travail ? Pourquoi les \u00e9crivains, se <\/p>\n\n\n\n<div class=\"wp-block-image\"><figure class=\"alignright is-resized\"><img loading=\"lazy\" decoding=\"async\" src=\"https:\/\/wp.unil.ch\/archipelessais\/files\/2021\/11\/COUV_AE_30_BAT-622x1024.jpg\" alt=\"\" width=\"162\" height=\"268\" \/><\/figure><\/div>\n\n\n\n<p>d\u00e9tournant temporairement d\u2019un magist\u00e8re purement contemplatif et esth\u00e9tique, d\u00e9cident-ils de repr\u00e9senter la sph\u00e8re de la vie productive dont ils sont la plupart du temps s\u00e9par\u00e9s ? Cette s\u00e9paration ne pose-t-elle pas un probl\u00e8me consid\u00e9rable ? En effet, comment peut-on rendre compte d\u2019une exp\u00e9rience que l\u2019on n\u2019a pas v\u00e9cue ? Et si l\u2019on s\u2019approche un temps de la condition laborieuse, \u00e0 quelle condition est-il possible d\u2019en t\u00e9moigner ou d\u2019en faire une fiction ? Ces questions indiquent une s\u00e9rie de difficult\u00e9s de fond que les \u00e9crivains doivent chercher \u00e0 r\u00e9soudre lorsqu\u2019ils se confrontent aux enjeux fondamentaux que soul\u00e8ve la division du travail.<\/p>\n\n\n\n<p>Le pr\u00e9sent essai d\u00e9veloppe une r\u00e9flexion sur les difficult\u00e9s \u00e9thiques, sociales et politiques auxquelles font face les \u00e9crivains qui prennent pour objet le monde du travail. Ax\u00e9e sur l\u2019analyse de trois ouvrages contemporains \u2013 <em>Les Fils conducteurs <\/em>de Guillaume Poix (2017), <em>Le Quai de Ouistreham <\/em>de Florence Aubenas (2010) et <em>Le Laminoir <\/em>de Jean-Pierre Martin (1995) \u2013 cette \u00e9tude explore les textes comme des configurations probl\u00e9matiques, travers\u00e9es par des tensions qui se cristallisent au c\u0153ur de la repr\u00e9sentation du travail.<\/p>\n\n\n\n<p>136 p.<\/p>\n\n\n\n<p><a rel=\"noreferrer noopener\" href=\"https:\/\/wp.unil.ch\/archipelessais\/files\/2021\/11\/AE_30_BAT_Tab_Mat.pdf\" target=\"_blank\">Table des mati\u00e8res<\/a><br><a rel=\"noreferrer noopener\" href=\"https:\/\/www.fabula.org\/actualites\/documents\/105862_b50aebfefff9ec1cbdb3cf16330f00fc.pdf\" target=\"_blank\">Lire un extrait sur Fabula<\/a><br><a rel=\"noreferrer noopener\" href=\"https:\/\/www.fabula.org\/actualites\/documents\/105862_f540c90cb82828b6eb203f09ceea80f3.pdf\" target=\"_blank\">Lire sur Fabula la postface de Marta Caraion, \u00ab\u00a0Travailler, \u00e9crire, s&rsquo;engager\u00a0\u00bb<\/a><br><a rel=\"noreferrer noopener\" href=\"https:\/\/wp.unil.ch\/archipelessais\/commande\/\" target=\"_blank\">Commande<\/a><\/p>\n","protected":false},"excerpt":{"rendered":"<p>NOUVELLE PARUTION &#8211; D\u00c9CEMBRE 2021 Une contradiction fondamentale dans la litt\u00e9rature du travailLes spectres du conflit dans la litt\u00e9rature contemporaine (1980-2020) Vivien Poltier Qu&rsquo;advient-il lorsque la litt\u00e9rature se tourne vers &hellip; <\/p>\n","protected":false},"author":1002007,"featured_media":0,"parent":0,"menu_order":0,"comment_status":"closed","ping_status":"closed","template":"","meta":{"_seopress_robots_primary_cat":"","_seopress_titles_title":"","_seopress_titles_desc":"","_seopress_robots_index":"","footnotes":""},"class_list":["post-1158","page","type-page","status-publish"],"_links":{"self":[{"href":"https:\/\/wp.unil.ch\/archipelessais\/wp-json\/wp\/v2\/pages\/1158","targetHints":{"allow":["GET"]}}],"collection":[{"href":"https:\/\/wp.unil.ch\/archipelessais\/wp-json\/wp\/v2\/pages"}],"about":[{"href":"https:\/\/wp.unil.ch\/archipelessais\/wp-json\/wp\/v2\/types\/page"}],"author":[{"embeddable":true,"href":"https:\/\/wp.unil.ch\/archipelessais\/wp-json\/wp\/v2\/users\/1002007"}],"replies":[{"embeddable":true,"href":"https:\/\/wp.unil.ch\/archipelessais\/wp-json\/wp\/v2\/comments?post=1158"}],"version-history":[{"count":0,"href":"https:\/\/wp.unil.ch\/archipelessais\/wp-json\/wp\/v2\/pages\/1158\/revisions"}],"wp:attachment":[{"href":"https:\/\/wp.unil.ch\/archipelessais\/wp-json\/wp\/v2\/media?parent=1158"}],"curies":[{"name":"wp","href":"https:\/\/api.w.org\/{rel}","templated":true}]}}