{"id":1119,"date":"2021-01-04T16:40:29","date_gmt":"2021-01-04T15:40:29","guid":{"rendered":"https:\/\/wp.unil.ch\/archipelessais\/?page_id=1119"},"modified":"2021-01-08T11:56:42","modified_gmt":"2021-01-08T10:56:42","slug":"volume-28","status":"publish","type":"page","link":"https:\/\/wp.unil.ch\/archipelessais\/volume-28\/","title":{"rendered":"Volume 28"},"content":{"rendered":"\n<p><strong>NOUVELLE PARUTION &#8211; D\u00c9CEMBRE 2020<\/strong><\/p>\n\n\n\n<p><strong>Cohabiter la fiction<\/strong><br>Lecture ordinaire, univers de croyances et interpr\u00e9tation des mondes litt\u00e9raires<\/p>\n\n\n\n<p><strong>Aur\u00e9lien Maignant<\/strong><\/p>\n\n\n\n<div class=\"wp-block-image\"><figure class=\"alignright size-large is-resized\"><img alt=\"\" loading=\"lazy\" decoding=\"async\" src=\"https:\/\/wp.unil.ch\/archipelessais\/files\/2021\/01\/COUV-AE-28_DEF-copie_Labelettres-630x1024.jpg\" alt=\"\" class=\"wp-image-1103\" width=\"179\" height=\"291\" srcset=\"https:\/\/wp.unil.ch\/archipelessais\/files\/2021\/01\/COUV-AE-28_DEF-copie_Labelettres-630x1024.jpg 630w, https:\/\/wp.unil.ch\/archipelessais\/files\/2021\/01\/COUV-AE-28_DEF-copie_Labelettres-185x300.jpg 185w, https:\/\/wp.unil.ch\/archipelessais\/files\/2021\/01\/COUV-AE-28_DEF-copie_Labelettres-92x150.jpg 92w, https:\/\/wp.unil.ch\/archipelessais\/files\/2021\/01\/COUV-AE-28_DEF-copie_Labelettres.jpg 738w\" sizes=\"auto, (max-width: 179px) 100vw, 179px\" \/><\/figure><\/div>\n\n\n\n<p>On affirme souvent que les interpr\u00e9tations \u00ab savantes \u00bb des r\u00e9cits litt\u00e9raires sont celles qui prennent leurs distances avec certains ph\u00e9nom\u00e8nes relatifs \u00e0 la pratique \u00ab ordinaire \u00bb de la lecture tels que l\u2019implication affective dans l\u2019histoire ou une forme de croyance en l\u2019existence des personnages. Si des voix contraires s\u2019\u00e9l\u00e8vent depuis plusieurs ann\u00e9es, cette position reste, implicitement ou explicite- ment, dominante dans les d\u00e9partements de litt\u00e9rature et les programmes de l\u2019\u00e9cole publique. <\/p>\n\n\n\n<p>Le pr\u00e9sent essai fait l\u2019hypoth\u00e8se que la distinction entre lecture \u00ab ordinaire \u00bb et lecture \u00ab savante \u00bb est largement caduque, parce qu\u2019aucun discours port\u00e9 sur une fiction ne peut s\u2019emp\u00eacher de proposer une version alternative du monde racont\u00e9, version \u00e0 laquelle il fait <em>semblant de croire<\/em>. Cela revient \u00e0 affirmer que chaque interpr\u00e8te se situe <em>discursivement <\/em>dans une position comparable \u00e0 celle des personnages, non pas en habitant directement la fiction, mais, indirectement, en la cohabitant.<\/p>\n\n\n\n<p>144 p.<\/p>\n\n\n\n<p><a rel=\"noreferrer noopener\" href=\"https:\/\/wp.unil.ch\/archipelessais\/files\/2021\/01\/AE-28-COHABITER-20201105_TAbMAT.pdf\" target=\"_blank\">Table des mati\u00e8res<\/a><br><a rel=\"noreferrer noopener\" href=\"https:\/\/www.fabula.org\/atelier.php?Lectures_ordinaires_et_naivetes_savantes\" target=\"_blank\">Lire un extrait de l&rsquo;introduction publi\u00e9 dans l&rsquo;<em>Atelier de th\u00e9orie litt\u00e9raire<\/em> de Fabula<\/a><br><a rel=\"noreferrer noopener\" href=\"https:\/\/www.fabula.org\/actualites\/documents\/99536_2.pdf\" target=\"_blank\">Lire sur Fabula la postface de Marc Escola, \u00ab\u00a0Vivre au milieu des livres\u00a0\u00bb<\/a><br><a rel=\"noreferrer noopener\" href=\"https:\/\/wp.unil.ch\/archipelessais\/commande\/\" target=\"_blank\">Commande<\/a><\/p>\n","protected":false},"excerpt":{"rendered":"<p>NOUVELLE PARUTION &#8211; D\u00c9CEMBRE 2020 Cohabiter la fictionLecture ordinaire, univers de croyances et interpr\u00e9tation des mondes litt\u00e9raires Aur\u00e9lien Maignant On affirme souvent que les interpr\u00e9tations \u00ab savantes \u00bb des r\u00e9cits &hellip; <\/p>\n","protected":false},"author":1002007,"featured_media":0,"parent":0,"menu_order":0,"comment_status":"closed","ping_status":"closed","template":"","meta":{"_seopress_robots_primary_cat":"","_seopress_titles_title":"","_seopress_titles_desc":"","_seopress_robots_index":"","footnotes":""},"class_list":["post-1119","page","type-page","status-publish"],"_links":{"self":[{"href":"https:\/\/wp.unil.ch\/archipelessais\/wp-json\/wp\/v2\/pages\/1119","targetHints":{"allow":["GET"]}}],"collection":[{"href":"https:\/\/wp.unil.ch\/archipelessais\/wp-json\/wp\/v2\/pages"}],"about":[{"href":"https:\/\/wp.unil.ch\/archipelessais\/wp-json\/wp\/v2\/types\/page"}],"author":[{"embeddable":true,"href":"https:\/\/wp.unil.ch\/archipelessais\/wp-json\/wp\/v2\/users\/1002007"}],"replies":[{"embeddable":true,"href":"https:\/\/wp.unil.ch\/archipelessais\/wp-json\/wp\/v2\/comments?post=1119"}],"version-history":[{"count":0,"href":"https:\/\/wp.unil.ch\/archipelessais\/wp-json\/wp\/v2\/pages\/1119\/revisions"}],"wp:attachment":[{"href":"https:\/\/wp.unil.ch\/archipelessais\/wp-json\/wp\/v2\/media?parent=1119"}],"curies":[{"name":"wp","href":"https:\/\/api.w.org\/{rel}","templated":true}]}}