{"id":104,"date":"2012-01-20T17:43:39","date_gmt":"2012-01-20T16:43:39","guid":{"rendered":"http:\/\/wp.unil.ch\/archipelessais\/?page_id=104"},"modified":"2013-08-08T11:18:37","modified_gmt":"2013-08-08T09:18:37","slug":"vol-15-rochat","status":"publish","type":"page","link":"https:\/\/wp.unil.ch\/archipelessais\/vol-15-rochat\/","title":{"rendered":"Volume 15"},"content":{"rendered":"<p>&nbsp;<\/p>\n<div>\n<h1>De l&rsquo;\u00e9pop\u00e9e au roman<\/h1>\n<div>\n<div><em>Une lecture de <\/em>Monn\u00e8, outrages et d\u00e9fis<em> d&rsquo;Ahmadou Kourouma<\/em><\/div>\n<p><strong>Laure-Adrienne Rochat<\/strong><br \/>\nPostface de Christine Le Quellec Cottier, 2011.<\/p>\n<\/div>\n<\/div>\n<div>\n<p>&nbsp;<\/p>\n<p><strong>L<\/strong>e second roman de l&rsquo;\u00e9crivain ivoirien Ahmadou Kourouma, <em>Monn\u00e8, outrages et d\u00e9fis<\/em> <a href=\"https:\/\/wp.unil.ch\/archipelessais\/files\/2012\/01\/Essai_Couverture.png\"><img alt=\"\" loading=\"lazy\" decoding=\"async\" class=\"alignright size-medium wp-image-48\" alt=\"\" src=\"https:\/\/wp.unil.ch\/archipelessais\/files\/2012\/01\/Essai_Couverture-174x300.png\" width=\"174\" height=\"300\" srcset=\"https:\/\/wp.unil.ch\/archipelessais\/files\/2012\/01\/Essai_Couverture-174x300.png 174w, https:\/\/wp.unil.ch\/archipelessais\/files\/2012\/01\/Essai_Couverture.png 466w\" sizes=\"auto, (max-width: 174px) 100vw, 174px\" \/><\/a>(1990), a \u00e9t\u00e9 associ\u00e9 d\u00e8s sa parution, aussi bien par la critique que par l&rsquo;auteur, \u00e0 une cat\u00e9gorie litt\u00e9raire bien connue\u00a0: celle de l\u2019\u00e9pop\u00e9e. Cette notion s\u2019est av\u00e9r\u00e9e particuli\u00e8rement pertinente pour en cerner les enjeux. D\u2019une part, l\u2019imaginaire \u00e9pique africain est un mat\u00e9riau essentiel de l\u2019\u00e9criture de Kourouma. D\u2019autre part, le concept d\u2019\u00e9pop\u00e9e permet d\u2019articuler la question de l\u2019intertextualit\u00e9 \u00e0 une r\u00e9flexion sur l\u2019histoire africaine rendue possible par le r\u00e9cit en tant que tel. Le roman lui-m\u00eame peut, en effet, \u00eatre lu comme une \u00e9pop\u00e9e. Et la mani\u00e8re dont il actualise certains proc\u00e9d\u00e9s litt\u00e9raires propres \u00e0 l\u2019\u00e9pop\u00e9e mondiale permet d\u2019accorder aux r\u00e9f\u00e9rences parodiques \u00e0 l\u2019\u00e9pop\u00e9e africaine leur v\u00e9ritable place au sein du projet qui fonde toute l\u2019oeuvre de Kourouma\u00a0: penser l\u2019\u00e9volution des structures politiques en Afrique noire.<\/p>\n<p>Cette double lecture permet de rejoindre un cadre g\u00e9n\u00e9ral de r\u00e9flexion sur le litt\u00e9raire. Elle invite \u00e0 consid\u00e9rer la production africaine, non en fonction de la provenance de son auteur, mais selon l\u2019activit\u00e9 cr\u00e9atrice qui met en mots un imaginaire nourri de traditions orales et d\u2019une culture qui appartiennent de fait \u00e0 la francophonie litt\u00e9raire.<\/p>\n<p>88 p.<\/p>\n<\/div>\n","protected":false},"excerpt":{"rendered":"<p>&nbsp; De l&rsquo;\u00e9pop\u00e9e au roman Une lecture de Monn\u00e8, outrages et d\u00e9fis d&rsquo;Ahmadou Kourouma Laure-Adrienne Rochat Postface de Christine Le Quellec Cottier, 2011. &nbsp; Le second roman de l&rsquo;\u00e9crivain ivoirien &hellip; <\/p>\n","protected":false},"author":241,"featured_media":0,"parent":0,"menu_order":1,"comment_status":"closed","ping_status":"closed","template":"","meta":{"_seopress_robots_primary_cat":"","_seopress_titles_title":"","_seopress_titles_desc":"","_seopress_robots_index":"","footnotes":""},"class_list":["post-104","page","type-page","status-publish"],"_links":{"self":[{"href":"https:\/\/wp.unil.ch\/archipelessais\/wp-json\/wp\/v2\/pages\/104","targetHints":{"allow":["GET"]}}],"collection":[{"href":"https:\/\/wp.unil.ch\/archipelessais\/wp-json\/wp\/v2\/pages"}],"about":[{"href":"https:\/\/wp.unil.ch\/archipelessais\/wp-json\/wp\/v2\/types\/page"}],"author":[{"embeddable":true,"href":"https:\/\/wp.unil.ch\/archipelessais\/wp-json\/wp\/v2\/users\/241"}],"replies":[{"embeddable":true,"href":"https:\/\/wp.unil.ch\/archipelessais\/wp-json\/wp\/v2\/comments?post=104"}],"version-history":[{"count":0,"href":"https:\/\/wp.unil.ch\/archipelessais\/wp-json\/wp\/v2\/pages\/104\/revisions"}],"wp:attachment":[{"href":"https:\/\/wp.unil.ch\/archipelessais\/wp-json\/wp\/v2\/media?parent=104"}],"curies":[{"name":"wp","href":"https:\/\/api.w.org\/{rel}","templated":true}]}}