{"id":687,"date":"2024-03-30T11:37:39","date_gmt":"2024-03-30T10:37:39","guid":{"rendered":"https:\/\/wp.unil.ch\/archas\/?page_id=687"},"modified":"2024-03-31T11:56:13","modified_gmt":"2024-03-31T09:56:13","slug":"publications-scientifiques-scientific-papers","status":"publish","type":"page","link":"https:\/\/wp.unil.ch\/archas\/publications-scientifiques-scientific-papers\/","title":{"rendered":"R\u00e9flexions scientifiques \/ scientific papers"},"content":{"rendered":"\n<figure class=\"wp-block-pullquote\"><blockquote><p>Les pages indiqu\u00e9es ci-dessous sont inspir\u00e9es de plusieurs r\u00e9flexions scientifiques, en cours de publication, sur le protocole et les outils de travail d&rsquo;ARCHAS. \/ <em>The pages below are inspired by scientific reflections, in the process of publication, on ARCHAS work process and tools.<\/em><\/p><\/blockquote><\/figure>\n\n\n\n<p><em>Articles-sources<\/em><\/p>\n\n\n\n<ul class=\"wp-block-list\">\n<li>Doudet Estelle, Natalia Wawrzyniak Obukovic, \u00ab\u00a0Sc\u00e8nes \u00e9ph\u00e9m\u00e8res \u00e0 l\u2019\u00e9preuve du virtuel\u00a0\u00bb, <em>Nouvelles \u00e9tudes sur les lieux de spectacle de la premi\u00e8re modernit\u00e9<\/em>, dir. Jeff Leichman &amp; Pauline Beauc\u00e9, Open Book Publishers, \u00e0 para\u00eetre en ligne 2024<\/li>\n\n\n\n<li>Doudet Estelle, \u00ab\u00a0Remettre en jeu l\u2019histoire du th\u00e9\u00e2tre. Le cas de la Suisse occidentale\u00a0\u00bb, <em>Mimos<\/em>, \u00e0 para\u00eetre 2024.<\/li>\n\n\n\n<li>Doudet Estelle, \u00ab\u00a0Lazare &amp; avatars. Le th\u00e9\u00e2tre en moyen fran\u00e7ais, et apr\u00e8s\u00a0? (XX<sup>e<\/sup>\u00a0\/\u00a0XXI<sup>e<\/sup> s.)\u00a0\u00bb, <em>Le Moyen fran\u00e7ais<\/em>, \u00e0 para\u00eetre en 2025.<\/li>\n<\/ul>\n\n\n\n<h3 class=\"wp-block-heading\"><strong>Pourquoi le moyen fran\u00e7ais? \/ <em>Performing Middle French<\/em><\/strong><\/h3>\n\n\n\n<figure class=\"wp-block-image size-large\"><img alt=\"\" loading=\"lazy\" decoding=\"async\" width=\"1024\" height=\"890\" src=\"https:\/\/wp.unil.ch\/archas\/files\/2023\/02\/AEF_Litterature_7.1-3_verso-1024x890.jpg\" alt=\"\" class=\"wp-image-525\" srcset=\"https:\/\/wp.unil.ch\/archas\/files\/2023\/02\/AEF_Litterature_7.1-3_verso-1024x890.jpg 1024w, https:\/\/wp.unil.ch\/archas\/files\/2023\/02\/AEF_Litterature_7.1-3_verso-300x261.jpg 300w, https:\/\/wp.unil.ch\/archas\/files\/2023\/02\/AEF_Litterature_7.1-3_verso-768x667.jpg 768w, https:\/\/wp.unil.ch\/archas\/files\/2023\/02\/AEF_Litterature_7.1-3_verso-1200x1043.jpg 1200w, https:\/\/wp.unil.ch\/archas\/files\/2023\/02\/AEF_Litterature_7.1-3_verso.jpg 1381w\" sizes=\"auto, (max-width: 1024px) 100vw, 1024px\" \/><\/figure>\n\n\n\n<div class=\"wp-block-buttons is-layout-flex wp-block-buttons-is-layout-flex\">\n<div class=\"wp-block-button\"><a class=\"wp-block-button__link wp-element-button\" href=\"https:\/\/wp.unil.ch\/archas\/jouer-des-pieces-en-moyen-francais\/\" target=\"_blank\" rel=\"noreferrer noopener\">Lire la suite<\/a><\/div>\n<\/div>\n\n\n\n<hr class=\"wp-block-separator has-alpha-channel-opacity\" \/>\n\n\n\n<figure class=\"wp-block-image size-large\"><img alt=\"\" loading=\"lazy\" decoding=\"async\" width=\"1024\" height=\"531\" src=\"https:\/\/wp.unil.ch\/archas\/files\/2021\/03\/image9-1024x531.png\" alt=\"\" class=\"wp-image-337\" srcset=\"https:\/\/wp.unil.ch\/archas\/files\/2021\/03\/image9-1024x531.png 1024w, https:\/\/wp.unil.ch\/archas\/files\/2021\/03\/image9-300x156.png 300w, https:\/\/wp.unil.ch\/archas\/files\/2021\/03\/image9-768x398.png 768w, https:\/\/wp.unil.ch\/archas\/files\/2021\/03\/image9-1536x797.png 1536w, https:\/\/wp.unil.ch\/archas\/files\/2021\/03\/image9-1200x623.png 1200w, https:\/\/wp.unil.ch\/archas\/files\/2021\/03\/image9.png 1920w\" sizes=\"auto, (max-width: 1024px) 100vw, 1024px\" \/><\/figure>\n\n\n\n<h3 class=\"wp-block-heading has-text-align-center\">R\u00e9alit\u00e9 virtuelle et histoire du th\u00e9\u00e2tre: comment, pourquoi?  \/<em>Virtual Reality and History of Theatre, how and why?<\/em><\/h3>\n\n\n\n<div class=\"wp-block-buttons is-layout-flex wp-block-buttons-is-layout-flex\">\n<div class=\"wp-block-button\"><a class=\"wp-block-button__link wp-element-button\" href=\"https:\/\/wp.unil.ch\/archas\/recherche-creative-et-realite-virtuelle-en-sciences-humaines\/\" target=\"_blank\" rel=\"noreferrer noopener\">lire la suite<\/a><\/div>\n<\/div>\n","protected":false},"excerpt":{"rendered":"<p>Les pages indiqu\u00e9es ci-dessous sont inspir\u00e9es de plusieurs r\u00e9flexions scientifiques, en cours de publication, sur le protocole et les outils de travail d&rsquo;ARCHAS. \/ The pages below are inspired by scientific reflections, in the process of publication, on ARCHAS work process and tools. Articles-sources Pourquoi le moyen fran\u00e7ais? \/ Performing Middle French R\u00e9alit\u00e9 virtuelle et [&hellip;]<\/p>\n","protected":false},"author":1002089,"featured_media":0,"parent":0,"menu_order":0,"comment_status":"closed","ping_status":"closed","template":"","meta":{"_seopress_robots_primary_cat":"","_seopress_titles_title":"","_seopress_titles_desc":"","_seopress_robots_index":"","footnotes":""},"class_list":["post-687","page","type-page","status-publish"],"_links":{"self":[{"href":"https:\/\/wp.unil.ch\/archas\/wp-json\/wp\/v2\/pages\/687","targetHints":{"allow":["GET"]}}],"collection":[{"href":"https:\/\/wp.unil.ch\/archas\/wp-json\/wp\/v2\/pages"}],"about":[{"href":"https:\/\/wp.unil.ch\/archas\/wp-json\/wp\/v2\/types\/page"}],"author":[{"embeddable":true,"href":"https:\/\/wp.unil.ch\/archas\/wp-json\/wp\/v2\/users\/1002089"}],"replies":[{"embeddable":true,"href":"https:\/\/wp.unil.ch\/archas\/wp-json\/wp\/v2\/comments?post=687"}],"version-history":[{"count":5,"href":"https:\/\/wp.unil.ch\/archas\/wp-json\/wp\/v2\/pages\/687\/revisions"}],"predecessor-version":[{"id":765,"href":"https:\/\/wp.unil.ch\/archas\/wp-json\/wp\/v2\/pages\/687\/revisions\/765"}],"wp:attachment":[{"href":"https:\/\/wp.unil.ch\/archas\/wp-json\/wp\/v2\/media?parent=687"}],"curies":[{"name":"wp","href":"https:\/\/api.w.org\/{rel}","templated":true}]}}