{"id":591,"date":"2023-03-01T14:01:31","date_gmt":"2023-03-01T13:01:31","guid":{"rendered":"https:\/\/wp.unil.ch\/archas\/?page_id=591"},"modified":"2023-03-01T15:44:30","modified_gmt":"2023-03-01T14:44:30","slug":"masterclasse-de-jeu-farcesque-avec-charles-di-meglio","status":"publish","type":"page","link":"https:\/\/wp.unil.ch\/archas\/masterclasse-de-jeu-farcesque-avec-charles-di-meglio\/","title":{"rendered":"Masterclasse de jeu farcesque avec Charles Di Meglio"},"content":{"rendered":"\n<p><\/p>\n\n\n\n<p>Les 5-6 novembre 2021, le <a href=\"https:\/\/wp.unil.ch\/archas\/projets\/2021-2022\/\">s\u00e9minaire <\/a>ARCHAS a accueilli <strong>Charles Di Meglio<\/strong>, com\u00e9dien sp\u00e9cialis\u00e9 en jeu baroque, metteur en sc\u00e8ne et directeur de la <a href=\"https:\/\/www.compagnieoghma.com\/\">Compagnie Oghma<\/a>, pour un atelier exceptionnel&nbsp;: la <strong>Masterclasse de jeu farcesque (XV<sup>e<\/sup>-XVII<sup>e<\/sup> s.)<\/strong>. Les douze participants du s\u00e9minaire ont travaill\u00e9 sur l\u2019interpr\u00e9tation sc\u00e9nique des deux <strong>farces jou\u00e9es en Pays de Vaud autour de 1520<\/strong>, <em>La Fontaine de Jouvence<\/em> et <em>La Pr\u00e9sentation des joyeux<\/em>, en exp\u00e9rimentant le <strong>jeu rh\u00e9torique <\/strong>au plateau et dans les environnements de la<strong> RVI.<\/strong><\/p>\n\n\n\n<hr class=\"wp-block-separator has-alpha-channel-opacity is-style-dots\" \/>\n\n\n\n<h3 class=\"alignfull has-subtle-background-background-color has-background wp-block-heading\">Farce et jeu rh\u00e9torique<\/h3>\n\n\n\n<div class=\"wp-block-media-text alignfull has-media-on-the-right is-stacked-on-mobile\"><div class=\"wp-block-media-text__content\">\n<p>Au cours de la Masterclasse, le jeu rh\u00e9torique est apparu moins comme une codification contraignante que comme une <strong>grammaire corporelle<\/strong> qui permet de cr\u00e9er une proposition de jeu souple, suggestive et personnalis\u00e9e. Les exercices de mise en sc\u00e8ne ont permis une meilleure compr\u00e9hension de diff\u00e9rents \u00e9l\u00e9ments constituant l\u2019univers farcesque, notamment le fonctionnement des personnages ou la structure rythm\u00e9e des pi\u00e8ces. La mise en voix et la mise en corps des r\u00e9pliques ont \u00e9clair\u00e9 le <strong>r\u00f4le sc\u00e9nique<\/strong> des ressorts comiques typiques de ce genre tels la ruse ou la rivalit\u00e9, que la <strong>lecture \u00e0 table<\/strong> ne permettait pas de percevoir pleinement.<\/p>\n<\/div><figure class=\"wp-block-media-text__media\"><img alt=\"\" loading=\"lazy\" decoding=\"async\" width=\"1024\" height=\"543\" src=\"https:\/\/wp.unil.ch\/archas\/files\/2023\/03\/Archascharles-1-1024x543.jpg\" alt=\"\" class=\"wp-image-607 size-full\" srcset=\"https:\/\/wp.unil.ch\/archas\/files\/2023\/03\/Archascharles-1-1024x543.jpg 1024w, https:\/\/wp.unil.ch\/archas\/files\/2023\/03\/Archascharles-1-300x159.jpg 300w, https:\/\/wp.unil.ch\/archas\/files\/2023\/03\/Archascharles-1-768x407.jpg 768w, https:\/\/wp.unil.ch\/archas\/files\/2023\/03\/Archascharles-1-1536x814.jpg 1536w, https:\/\/wp.unil.ch\/archas\/files\/2023\/03\/Archascharles-1-1200x636.jpg 1200w, https:\/\/wp.unil.ch\/archas\/files\/2023\/03\/Archascharles-1.jpg 1920w\" sizes=\"auto, (max-width: 1024px) 100vw, 1024px\" \/><\/figure><\/div>\n\n\n\n<hr class=\"wp-block-separator has-alpha-channel-opacity is-style-dots\" \/>\n\n\n\n<h3 class=\"alignfull has-subtle-background-background-color has-background wp-block-heading\">Farceurs immerg\u00e9s<\/h3>\n\n\n\n<div class=\"wp-block-media-text alignwide is-stacked-on-mobile\" style=\"grid-template-columns:44% auto\"><figure class=\"wp-block-media-text__media\"><img alt=\"\" loading=\"lazy\" decoding=\"async\" width=\"770\" height=\"1024\" src=\"https:\/\/wp.unil.ch\/archas\/files\/2023\/03\/farceurs-770x1024.jpg\" alt=\"\" class=\"wp-image-609 size-full\" srcset=\"https:\/\/wp.unil.ch\/archas\/files\/2023\/03\/farceurs-770x1024.jpg 770w, https:\/\/wp.unil.ch\/archas\/files\/2023\/03\/farceurs-226x300.jpg 226w, https:\/\/wp.unil.ch\/archas\/files\/2023\/03\/farceurs-768x1022.jpg 768w, https:\/\/wp.unil.ch\/archas\/files\/2023\/03\/farceurs.jpg 902w\" sizes=\"auto, (max-width: 770px) 100vw, 770px\" \/><\/figure><div class=\"wp-block-media-text__content\">\n<p>Les \u00e9tudiants ont transpos\u00e9 leurs propositions de mise en sc\u00e8ne \u00ab&nbsp;rh\u00e9torique&nbsp;\u00bb des pi\u00e8ces dans <strong>l\u2019espace virtuel <\/strong>qui \u00e9voque les conditions du jeu sur tr\u00e9teaux au milieu d\u2019une place publique. La confrontation avec cet environnement historiquement inform\u00e9, rempli d\u2019un public d\u2019avatars r\u00e9actifs, s\u2019est av\u00e9r\u00e9e utile pour prendre conscience des enjeux de la repr\u00e9sentation th\u00e9\u00e2trale en milieu urbain entre le XIII<sup>e<\/sup> et le XVIII<sup>e<\/sup> s. Le dispositif de la RVI est n\u00e9anmoins devenu un \u00e9l\u00e9ment perturbateur qui a impact\u00e9<strong> la m\u00e9moire corporelle et l\u2019expression gestuelle <\/strong>de l\u2019acteur immerg\u00e9. Ceci a nourri des discussions sur la perception des corps acteurs au plateau, lorsque ceux-ci r\u00e9pondent aux stimuli de l\u2019environnement physique et imm\u00e9diat, en m\u00eame temps que dans l\u2019espace virtuel.<\/p>\n<\/div><\/div>\n\n\n\n<hr class=\"wp-block-separator has-alpha-channel-opacity is-style-default\" \/>\n","protected":false},"excerpt":{"rendered":"<p>Les 5-6 novembre 2021, le s\u00e9minaire ARCHAS a accueilli Charles Di Meglio, com\u00e9dien sp\u00e9cialis\u00e9 en jeu baroque, metteur en sc\u00e8ne et directeur de la Compagnie Oghma, pour un atelier exceptionnel&nbsp;: la Masterclasse de jeu farcesque (XVe-XVIIe s.). Les douze participants du s\u00e9minaire ont travaill\u00e9 sur l\u2019interpr\u00e9tation sc\u00e9nique des deux farces jou\u00e9es en Pays de Vaud [&hellip;]<\/p>\n","protected":false},"author":1002550,"featured_media":603,"parent":0,"menu_order":0,"comment_status":"closed","ping_status":"closed","template":"","meta":{"_seopress_robots_primary_cat":"","_seopress_titles_title":"","_seopress_titles_desc":"","_seopress_robots_index":"","footnotes":""},"class_list":["post-591","page","type-page","status-publish","has-post-thumbnail"],"_links":{"self":[{"href":"https:\/\/wp.unil.ch\/archas\/wp-json\/wp\/v2\/pages\/591","targetHints":{"allow":["GET"]}}],"collection":[{"href":"https:\/\/wp.unil.ch\/archas\/wp-json\/wp\/v2\/pages"}],"about":[{"href":"https:\/\/wp.unil.ch\/archas\/wp-json\/wp\/v2\/types\/page"}],"author":[{"embeddable":true,"href":"https:\/\/wp.unil.ch\/archas\/wp-json\/wp\/v2\/users\/1002550"}],"replies":[{"embeddable":true,"href":"https:\/\/wp.unil.ch\/archas\/wp-json\/wp\/v2\/comments?post=591"}],"version-history":[{"count":0,"href":"https:\/\/wp.unil.ch\/archas\/wp-json\/wp\/v2\/pages\/591\/revisions"}],"wp:featuredmedia":[{"embeddable":true,"href":"https:\/\/wp.unil.ch\/archas\/wp-json\/wp\/v2\/media\/603"}],"wp:attachment":[{"href":"https:\/\/wp.unil.ch\/archas\/wp-json\/wp\/v2\/media?parent=591"}],"curies":[{"name":"wp","href":"https:\/\/api.w.org\/{rel}","templated":true}]}}