{"id":524,"date":"2024-10-17T12:39:54","date_gmt":"2024-10-17T10:39:54","guid":{"rendered":"https:\/\/wp.unil.ch\/apophatictradition\/?page_id=524"},"modified":"2025-09-22T17:38:04","modified_gmt":"2025-09-22T15:38:04","slug":"conference-info","status":"publish","type":"page","link":"https:\/\/wp.unil.ch\/apophatictradition\/conference-info\/","title":{"rendered":"Conference"},"content":{"rendered":"\n<p>The conference is now over! Thank you to all of our keynote speakers and participants, it has been a pleasure!<\/p>\n\n\n\n<p>We plan to publish a volume of essays developed from some of the papers given at the conference. See <a href=\"https:\/\/wp.unil.ch\/apophatictradition\/volume-submission-guidelines\/\" data-type=\"page\" data-id=\"797\">here<\/a> for submission guidelines.. <\/p>\n\n\n\n<p>The <a href=\"https:\/\/wp.unil.ch\/apophatictradition\/conference-programme\/\" data-type=\"page\" data-id=\"735\">conference programme<\/a> is still available for viewing.<\/p>\n\n\n\n<div style=\"height:16px\" aria-hidden=\"true\" class=\"wp-block-spacer\"><\/div>\n\n\n\n<h2 class=\"wp-block-heading\">Overview<\/h2>\n\n\n\n<p>When:&nbsp;<strong>10\u201312th of September 2025<\/strong><strong>, from mid-morning 10<sup>th<\/sup>&nbsp;to mid-afternoon 12<sup>th<\/sup>, with an optional excursion on Saturday the 13<sup>th<\/sup>&nbsp;of September<\/strong><\/p>\n\n\n\n<p>Where: the <strong>University of Lausanne<\/strong>, Switzerland<\/p>\n\n\n\n<div class=\"wp-block-columns is-layout-flex wp-container-core-columns-is-layout-9d6595d7 wp-block-columns-is-layout-flex\">\n<div class=\"wp-block-column is-layout-flow wp-block-column-is-layout-flow\" style=\"flex-basis:66.66%\">\n<p>The conference will take place on the idyllic campus of the University of Lausanne, located on the shores of the Lac L\u00e9man, among fields of grazing UNIL sheep. More specifically, we will occupy a section of the G\u00e9opolis building, just a few minutes&#8217; walk from the Mouline metro stop (<a href=\"https:\/\/planete.unil.ch\">see map<\/a>) \u2013 conveniently home to the best cafeteria on campus.<\/p>\n\n\n\n<p>The programme will unfold with a mixture of inspiring keynote lectures and parallel sessions, thoughtfully interspersed with tea and coffee breaks, as well as lunches at a variety of campus eateries. Alongside our academic programme, the conference will also include&nbsp;a welcome ap\u00e9ro on the evening of the 10th of September, and&nbsp;a conference&nbsp;dinner&nbsp;on the 11th.<\/p>\n\n\n\n<p>The conference will be appended&nbsp;on late Friday afternoon&nbsp;by an exaugural lecture by Professor Denis Renevey,&nbsp;followed by&nbsp;an ap\u00e9ro celebrating his illustrious career in Lausanne, to which all delegates are invited.<\/p>\n<\/div>\n\n\n\n<div class=\"wp-block-column is-layout-flow wp-block-column-is-layout-flow\" style=\"flex-basis:33.33%\">\n<figure class=\"wp-block-image size-full\"><img alt=\"\" loading=\"lazy\" decoding=\"async\" width=\"798\" height=\"599\" src=\"https:\/\/wp.unil.ch\/apophatictradition\/files\/2024\/10\/1553075193361.M.jpg\" alt=\"\" class=\"wp-image-526\" srcset=\"https:\/\/wp.unil.ch\/apophatictradition\/files\/2024\/10\/1553075193361.M.jpg 798w, https:\/\/wp.unil.ch\/apophatictradition\/files\/2024\/10\/1553075193361.M-300x225.jpg 300w, https:\/\/wp.unil.ch\/apophatictradition\/files\/2024\/10\/1553075193361.M-768x576.jpg 768w, https:\/\/wp.unil.ch\/apophatictradition\/files\/2024\/10\/1553075193361.M-540x405.jpg 540w\" sizes=\"auto, (max-width: 798px) 100vw, 798px\" \/><figcaption class=\"wp-element-caption\">The sheep and the wolf \u00a9 Fabrice Ducrest, UNIL<\/figcaption><\/figure>\n<\/div>\n<\/div>\n\n\n\n<div class=\"wp-block-columns is-layout-flex wp-container-core-columns-is-layout-9d6595d7 wp-block-columns-is-layout-flex\">\n<div class=\"wp-block-column is-layout-flow wp-block-column-is-layout-flow\" style=\"flex-basis:66.66%\">\n<figure class=\"wp-block-image size-large\"><img alt=\"\" loading=\"lazy\" decoding=\"async\" width=\"1024\" height=\"683\" src=\"https:\/\/wp.unil.ch\/apophatictradition\/files\/2024\/10\/andrea-caramello-oOZhEzwAmZc-unsplash-1024x683.jpg\" alt=\"\" class=\"wp-image-562\" srcset=\"https:\/\/wp.unil.ch\/apophatictradition\/files\/2024\/10\/andrea-caramello-oOZhEzwAmZc-unsplash-1024x683.jpg 1024w, https:\/\/wp.unil.ch\/apophatictradition\/files\/2024\/10\/andrea-caramello-oOZhEzwAmZc-unsplash-300x200.jpg 300w, https:\/\/wp.unil.ch\/apophatictradition\/files\/2024\/10\/andrea-caramello-oOZhEzwAmZc-unsplash-768x512.jpg 768w, https:\/\/wp.unil.ch\/apophatictradition\/files\/2024\/10\/andrea-caramello-oOZhEzwAmZc-unsplash-1536x1024.jpg 1536w, https:\/\/wp.unil.ch\/apophatictradition\/files\/2024\/10\/andrea-caramello-oOZhEzwAmZc-unsplash-540x360.jpg 540w, https:\/\/wp.unil.ch\/apophatictradition\/files\/2024\/10\/andrea-caramello-oOZhEzwAmZc-unsplash-1080x720.jpg 1080w, https:\/\/wp.unil.ch\/apophatictradition\/files\/2024\/10\/andrea-caramello-oOZhEzwAmZc-unsplash.jpg 1800w\" sizes=\"auto, (max-width: 1024px) 100vw, 1024px\" \/><\/figure>\n<\/div>\n\n\n\n<div class=\"wp-block-column is-layout-flow wp-block-column-is-layout-flow\" style=\"flex-basis:33.33%\">\n<p>For those remaining in Lausanne over the weekend, we propose a Saturday excursion over the waves of the L\u00e9man on board a Belle \u00c9poque paddle steamer from Lausanne to the Ch\u00e2teau de Chillon. There, participants will be met with&nbsp;a choice&nbsp;of activities: either visiting the medieval castle of Chillon, going on a picturesque shoreside walk to Vevey, or opting for a swim in the lake.<\/p>\n\n\n\n<p>From there, we will proceed to a sunset winetasting at the Grandvaux vineyard, overlooking the UNESCO world heritage site, the Lavaux terrace vineyards, with the option to proceed to a fondue evening in an intimate Pinte in Lausanne\u2019s charming old town.<\/p>\n<\/div>\n<\/div>\n\n\n\n<p>See here for the <a href=\"https:\/\/wp.unil.ch\/apophatictradition\/conference-programme\/\" data-type=\"page\" data-id=\"735\">programme<\/a> and information about <a href=\"https:\/\/wp.unil.ch\/apophatictradition\/conference-travel\/\">arriving in Lausanne<\/a>.<\/p>\n\n\n\n<div style=\"height:74px\" aria-hidden=\"true\" class=\"wp-block-spacer\"><\/div>\n\n\n\n<p>See our Call for Papers below:<\/p>\n\n\n\n<div data-wp-interactive=\"core\/file\" class=\"wp-block-file\"><object data-wp-bind--hidden=\"!state.hasPdfPreview\" hidden class=\"wp-block-file__embed\" data=\"https:\/\/wp.unil.ch\/apophatictradition\/files\/2024\/03\/English-Apophatic-Tradition-Conference-CFP-1.pdf\" type=\"application\/pdf\" style=\"width:100%;height:600px\" aria-label=\"Embed of English-Apophatic-Tradition-Conference-CFP-1.\"><\/object><a id=\"wp-block-file--media-0b173bce-e83c-4dc1-9492-db661bdf2638\" href=\"https:\/\/wp.unil.ch\/apophatictradition\/files\/2024\/03\/English-Apophatic-Tradition-Conference-CFP-1.pdf\">English-Apophatic-Tradition-Conference-CFP-1<\/a><a href=\"https:\/\/wp.unil.ch\/apophatictradition\/files\/2024\/03\/English-Apophatic-Tradition-Conference-CFP-1.pdf\" class=\"wp-block-file__button wp-element-button\" download aria-describedby=\"wp-block-file--media-0b173bce-e83c-4dc1-9492-db661bdf2638\">Download<\/a><\/div>\n","protected":false},"excerpt":{"rendered":"<p>The conference is now over! Thank you to all of our keynote speakers and participants, it has been a pleasure! We plan to publish a volume of essays&hellip;<\/p>\n","protected":false},"author":1002457,"featured_media":0,"parent":0,"menu_order":0,"comment_status":"closed","ping_status":"closed","template":"template-full-width.php","meta":{"_seopress_robots_primary_cat":"","_seopress_titles_title":"","_seopress_titles_desc":"","_seopress_robots_index":"","footnotes":""},"class_list":["post-524","page","type-page","status-publish","has-post-thumbnail"],"_links":{"self":[{"href":"https:\/\/wp.unil.ch\/apophatictradition\/wp-json\/wp\/v2\/pages\/524","targetHints":{"allow":["GET"]}}],"collection":[{"href":"https:\/\/wp.unil.ch\/apophatictradition\/wp-json\/wp\/v2\/pages"}],"about":[{"href":"https:\/\/wp.unil.ch\/apophatictradition\/wp-json\/wp\/v2\/types\/page"}],"author":[{"embeddable":true,"href":"https:\/\/wp.unil.ch\/apophatictradition\/wp-json\/wp\/v2\/users\/1002457"}],"replies":[{"embeddable":true,"href":"https:\/\/wp.unil.ch\/apophatictradition\/wp-json\/wp\/v2\/comments?post=524"}],"version-history":[{"count":5,"href":"https:\/\/wp.unil.ch\/apophatictradition\/wp-json\/wp\/v2\/pages\/524\/revisions"}],"predecessor-version":[{"id":805,"href":"https:\/\/wp.unil.ch\/apophatictradition\/wp-json\/wp\/v2\/pages\/524\/revisions\/805"}],"wp:attachment":[{"href":"https:\/\/wp.unil.ch\/apophatictradition\/wp-json\/wp\/v2\/media?parent=524"}],"curies":[{"name":"wp","href":"https:\/\/api.w.org\/{rel}","templated":true}]}}