{"id":389,"date":"2018-01-30T17:15:23","date_gmt":"2018-01-30T16:15:23","guid":{"rendered":"http:\/\/wp.unil.ch\/analyse-spatiale\/?page_id=389"},"modified":"2018-02-05T12:40:17","modified_gmt":"2018-02-05T11:40:17","slug":"vincent-klaus","status":"publish","type":"page","link":"https:\/\/wp.unil.ch\/analyse-spatiale\/profils-danciens-etudiants\/vincent-klaus\/?lang=fr","title":{"rendered":"Vincent Klaus"},"content":{"rendered":"<div class=\"PlainText\">\n<p><span style=\"color: #000000\"><strong>Quel a \u00e9t\u00e9 votre parcours acad\u00e9mique?<\/strong><\/span><\/p>\n<div>\n<div class=\"PlainText\">\n<div class=\"PlainText\"><span style=\"color: #000000\"><img alt=\"\" loading=\"lazy\" decoding=\"async\" class=\"size-full wp-image-390 alignright\" src=\"https:\/\/wp.unil.ch\/analyse-spatiale\/files\/2018\/01\/Vincent-Klaus.jpeg\" alt=\"\" width=\"306\" height=\"306\" srcset=\"https:\/\/wp.unil.ch\/analyse-spatiale\/files\/2018\/01\/Vincent-Klaus.jpeg 306w, https:\/\/wp.unil.ch\/analyse-spatiale\/files\/2018\/01\/Vincent-Klaus-150x150.jpeg 150w, https:\/\/wp.unil.ch\/analyse-spatiale\/files\/2018\/01\/Vincent-Klaus-160x160.jpeg 160w, https:\/\/wp.unil.ch\/analyse-spatiale\/files\/2018\/01\/Vincent-Klaus-320x320.jpeg 320w\" sizes=\"auto, (max-width: 306px) 100vw, 306px\" \/><\/span><\/div>\n<\/div>\n<\/div>\n<\/div>\n<ul>\n<li class=\"PlainText\" style=\"text-align: left\"><span style=\"color: #000000\">Bachelor en g\u00e9ographie humaine \u00e0 l&#8217;UNIL (2008-2011).<br \/>\n<\/span><\/li>\n<li class=\"PlainText\"><span style=\"color: #000000\">Master en \u00e9tudes urbaines \u00e0 l&#8217;UNIL (2011-2013).<\/span><\/li>\n<li class=\"PlainText\"><span class=\"\" style=\"color: #000000\">CAS en expertise \u00e9conomique de l\u2019immobilier \u00e0 l\u2019EPFL (2016-2017).<\/span><\/li>\n<\/ul>\n<div>\n<div class=\"PlainText\"><span style=\"color: #000000\"><strong>Quel a \u00e9t\u00e9 votre parcours professionnel jusqu\u2019\u00e0 maintenant, et avez-vous des projets pour l\u2019avenir? Pourquoi avez-vous choisi ce parcours-l\u00e0?<\/strong><\/span><\/div>\n<ul>\n<li class=\"PlainText\"><span class=\"\" style=\"color: #000000\">Apr\u00e8s le Master : service civil au sein du service de l&#8217;am\u00e9nagement du territoire du canton de Vaud, exp\u00e9rience id\u00e9ale pour aborder des sujets concrets et faciliter la recherche d\u2019emploi apr\u00e8s les \u00e9tudes.<\/span><\/li>\n<li class=\"PlainText\"><span style=\"color: #000000\"><span class=\"\">D\u00e8s 2014 : consultant chez \u00ab\u00a0W\u00fcest Partner\u00a0\u00bb, bureau de conseil en immobilier et en d\u00e9veloppement territorial actif dans toute la Suisse et\u00a0<\/span><span class=\"\">qui dispose de bases de donn\u00e9es tr\u00e8s compl\u00e8tes sur l\u2019immobilier et le territoire.<\/span><\/span><\/li>\n<li class=\"PlainText\"><span style=\"color: #000000\">Puis formation continue en immobilier dans le but d&#8217;\u00e9largir mes activit\u00e9s de conseil au sein de l&#8217;entreprise.<\/span><\/li>\n<\/ul>\n<\/div>\n<div>\n<div class=\"PlainText\"><span style=\"color: #000000\"><strong>Quels sont les d\u00e9fis auxquels vous avez \u00e9t\u00e9 confront\u00e9s pendant votre master \u00e0 l\u2019Unil, et quelles sont, selon vous, ses qualit\u00e9s et ses d\u00e9fauts<\/strong><\/span><\/div>\n<ul>\n<li><span style=\"color: #000000\"><span class=\"\">Le d\u00e9fi a \u00e9t\u00e9 de cibler un sujet de m\u00e9moire int\u00e9ressant et novateur avec ma professeure, chose rendue possible par l&#8217;acc\u00e8s \u00e0 des donn\u00e9es fournies par Swisscom et qui m&#8217;ont permis <\/span><span class=\"\">de travailler sur les d\u00e9limitations des aires urbaines par les flux t\u00e9l\u00e9phoniques.\u00a0<\/span>Ce travail a constitu\u00e9 d&#8217;ailleurs une tr\u00e8s bonne carte de visite lors de ma recherche d&#8217;emploi.<\/span><\/li>\n<li><span class=\"\" style=\"color: #000000\">Les enseignements du Master peuvent parfois sembler un peu \u00e9loign\u00e9s des probl\u00e9matiques du monde professionnel, mais le cursus est tr\u00e8s stimulant avec des cours \u00e0 choix aussi dans d\u2019autres facult\u00e9s (HEC, EPFL), ce qui offre la possibilit\u00e9 de construire son propre parcours.<\/span><br \/>\n<blockquote class=\"\">\n<div class=\"\"><\/div>\n<\/blockquote>\n<\/li>\n<\/ul>\n<\/div>\n<div>\n<div class=\"PlainText\">\n<p><span style=\"color: #000000\"><strong>En quoi votre formation de master \u00e0 l&#8217;Unil, et plus particuli\u00e8rement l\u2019orientation \u00ab analyse spatiale \u00bb, a \u00e9t\u00e9 utile lors de vo<\/strong><strong>tre exp\u00e9rience dans le monde professionnel?<\/strong><\/span><\/p>\n<ul>\n<li><span style=\"color: #000000\">L&#8217;atout de la formation en g\u00e9ographie, c&#8217;est sa multidisciplinarit\u00e9. Certains verront cela comme un point faible car le g\u00e9ographe n&#8217;est pas destin\u00e9 \u00e0 un emploi pr\u00e9cis \u00e0 la fin du Master, mais l&#8217;avantage c&#8217;est que cela permet de laisser les portes grandes ouvertes \u00e0 la fin des \u00e9tudes.<\/span><\/li>\n<li><span style=\"color: #000000\">La formation en analyse spatiale permet avant tout de se sp\u00e9cialiser dans le tra<span class=\"\">itement des donn\u00e9es, les statistiques et la repr\u00e9sentation des donn\u00e9es g\u00e9ographiques.\u00a0 Des comp\u00e9tences qui int\u00e9ressent les employeurs et qui sont aujourd&#8217;hui tr\u00e8s recherch\u00e9es dans un contexte o\u00f9 le digital prend de l&#8217;importance dans tous les domaines.<\/span><\/span><\/li>\n<\/ul>\n<\/div>\n<\/div>\n","protected":false},"excerpt":{"rendered":"<p>Quel a \u00e9t\u00e9 votre parcours acad\u00e9mique? Bachelor en g\u00e9ographie humaine \u00e0 l&#8217;UNIL (2008-2011). Master en \u00e9tudes urbaines \u00e0 l&#8217;UNIL (2011-2013). CAS en expertise \u00e9conomique de l\u2019immobilier \u00e0 l\u2019EPFL (2016-2017). Quel a \u00e9t\u00e9 votre parcours&#46;&#46;&#46;<\/p>\n","protected":false},"author":1001667,"featured_media":0,"parent":175,"menu_order":0,"comment_status":"closed","ping_status":"closed","template":"","meta":{"_seopress_robots_primary_cat":"","_seopress_titles_title":"","_seopress_titles_desc":"","_seopress_robots_index":"","footnotes":""},"class_list":["post-389","page","type-page","status-publish"],"_links":{"self":[{"href":"https:\/\/wp.unil.ch\/analyse-spatiale\/wp-json\/wp\/v2\/pages\/389","targetHints":{"allow":["GET"]}}],"collection":[{"href":"https:\/\/wp.unil.ch\/analyse-spatiale\/wp-json\/wp\/v2\/pages"}],"about":[{"href":"https:\/\/wp.unil.ch\/analyse-spatiale\/wp-json\/wp\/v2\/types\/page"}],"author":[{"embeddable":true,"href":"https:\/\/wp.unil.ch\/analyse-spatiale\/wp-json\/wp\/v2\/users\/1001667"}],"replies":[{"embeddable":true,"href":"https:\/\/wp.unil.ch\/analyse-spatiale\/wp-json\/wp\/v2\/comments?post=389"}],"version-history":[{"count":0,"href":"https:\/\/wp.unil.ch\/analyse-spatiale\/wp-json\/wp\/v2\/pages\/389\/revisions"}],"up":[{"embeddable":true,"href":"https:\/\/wp.unil.ch\/analyse-spatiale\/wp-json\/wp\/v2\/pages\/175"}],"wp:attachment":[{"href":"https:\/\/wp.unil.ch\/analyse-spatiale\/wp-json\/wp\/v2\/media?parent=389"}],"curies":[{"name":"wp","href":"https:\/\/api.w.org\/{rel}","templated":true}]}}