{"id":177,"date":"2017-11-06T17:10:22","date_gmt":"2017-11-06T16:10:22","guid":{"rendered":"http:\/\/wp.unil.ch\/analyse-spatiale\/?page_id=177"},"modified":"2020-03-05T14:49:49","modified_gmt":"2020-03-05T13:49:49","slug":"cursus-detaille","status":"publish","type":"page","link":"https:\/\/wp.unil.ch\/analyse-spatiale\/cursus-detaille\/?lang=fr","title":{"rendered":"Cursus d\u00e9taill\u00e9"},"content":{"rendered":"<div class=\"content\">\n<p>Le master en g\u00e9ographie &#8211; sp\u00e9cialisation Analyse spatiale se compose de deux parties : un tronc commun et les cours propres \u00e0 la sp\u00e9cialisation.<\/p>\n<p>Vous pouvez trouver plus de d\u00e9tails (pr\u00e9-requis, nombre de cr\u00e9dits par cours, etc.) dans le plan d&#8217;\u00e9tudes officiel sur le site de l&#8217;UNIL :<\/p>\n<p><a href=\"https:\/\/www.unil.ch\/gse\/home\/menuinst\/administration\/reglements-et-plans-detudes.html\">https:\/\/www.unil.ch\/gse\/home\/menuinst\/administration\/reglements-et-plans-detudes.html<\/a><\/p>\n<p>Voir aussi la page officielle de la sp\u00e9cialisation sur le site de l&#8217;UNIL :<\/p>\n<p><a href=\"https:\/\/www.unil.ch\/mastergeographie\/home\/menuinst\/presentation-msc-geo\/analyse-spatiale-et-syst-compl.html\">https:\/\/www.unil.ch\/mastergeographie\/home\/menuinst\/presentation-msc-geo\/analyse-spatiale-et-syst-compl.html<\/a><\/p>\n<h3>Premi\u00e8re partie : Tronc commun<\/h3>\n<p><span style=\"font-size: 16px\">Un ensemble de cours repr\u00e9sentant 20 cr\u00e9dits ECTS composent un tronc commun \u00e0 tous les \u00e9tudiants en master de G\u00e9ographie. Ces cours ont principalement lieu pendant les deux premiers semestres. Il s&#8217;agit des cours :<\/span><\/p>\n<ul>\n<li>Concepts en base de g\u00e9ovisualisation<\/li>\n<li>Diagnostic territorial et perspective<\/li>\n<li>Am\u00e9nagement du territoire<\/li>\n<li>Pr\u00e9paration du m\u00e9moire de Master<\/li>\n<\/ul>\n<h3>Seconde partie : Sp\u00e9cialisation<\/h3>\n<p>La partie sp\u00e9cialisation s&#8217;articule autour de trois modules :<\/p>\n<h4>Module Bases de donn\u00e9es \u2013 Traitement et visualisation de l\u2019information \u2013 20 ECTS<\/h4>\n<p>Ce module permet d\u2019acqu\u00e9rir les bases de la programmation, de la constitution et la manipulation de bases de donn\u00e9es, de consolider les comp\u00e9tences en g\u00e9ovisualisation et Syst\u00e8mes d&#8217;information G\u00e9ographique :<\/p>\n<ul>\n<li>Programmation orient\u00e9e objet<\/li>\n<li>Bases de donn\u00e9es<\/li>\n<li>G\u00e9ovisualisation dynamique et traitement de donn\u00e9es<\/li>\n<li>Web-scales Analytics<\/li>\n<\/ul>\n<h4 class=\"float_\">Module Mod\u00e9lisation spatiale et des r\u00e9seaux \u2013 26 ECTS<\/h4>\n<\/div>\n<div class=\"content\">\n<div>\n<p>Ce module permet de consolider les comp\u00e9tences en statistiques spatiales, en g\u00e9ostatistique et SIG et de donner les bases n\u00e9cessaires \u00e0 l\u2019approche des r\u00e9seaux sociaux \u00e9conomiques<\/p>\n<ul>\n<li>Statistique spatiale<\/li>\n<li>G\u00e9ostatististique et SIG<\/li>\n<li>Analyse, visualisation et simulation des r\u00e9seaux g\u00e9ographiques<\/li>\n<li>Social and economic networks<\/li>\n<li>Atelier europ\u00e9en : Master Geographical Modelling<\/li>\n<\/ul>\n<\/div>\n<h4 class=\"float_\">\u00a0Module Enseignements \u00e0 choix et stage \u2013 14 ECTS<\/h4>\n<\/div>\n<div class=\"content\">\n<p>Ce module vise \u00e0 compl\u00e9ter la formation des \u00e9tudiants par des cours th\u00e9matiques ou par des formations m\u00e9thodologiques compl\u00e9mentaires. Il peut \u00e9galement comprendre un stage comptant pour un maximum de 10 cr\u00e9dits.<\/p>\n<\/div>\n","protected":false},"excerpt":{"rendered":"<p>Le master en g\u00e9ographie &#8211; sp\u00e9cialisation Analyse spatiale se compose de deux parties : un tronc commun et les cours propres \u00e0 la sp\u00e9cialisation. Vous pouvez trouver plus de d\u00e9tails (pr\u00e9-requis, nombre de cr\u00e9dits&#46;&#46;&#46;<\/p>\n","protected":false},"author":1001667,"featured_media":0,"parent":0,"menu_order":5,"comment_status":"closed","ping_status":"closed","template":"","meta":{"_seopress_robots_primary_cat":"","_seopress_titles_title":"","_seopress_titles_desc":"","_seopress_robots_index":"","footnotes":""},"class_list":["post-177","page","type-page","status-publish"],"_links":{"self":[{"href":"https:\/\/wp.unil.ch\/analyse-spatiale\/wp-json\/wp\/v2\/pages\/177","targetHints":{"allow":["GET"]}}],"collection":[{"href":"https:\/\/wp.unil.ch\/analyse-spatiale\/wp-json\/wp\/v2\/pages"}],"about":[{"href":"https:\/\/wp.unil.ch\/analyse-spatiale\/wp-json\/wp\/v2\/types\/page"}],"author":[{"embeddable":true,"href":"https:\/\/wp.unil.ch\/analyse-spatiale\/wp-json\/wp\/v2\/users\/1001667"}],"replies":[{"embeddable":true,"href":"https:\/\/wp.unil.ch\/analyse-spatiale\/wp-json\/wp\/v2\/comments?post=177"}],"version-history":[{"count":0,"href":"https:\/\/wp.unil.ch\/analyse-spatiale\/wp-json\/wp\/v2\/pages\/177\/revisions"}],"wp:attachment":[{"href":"https:\/\/wp.unil.ch\/analyse-spatiale\/wp-json\/wp\/v2\/media?parent=177"}],"curies":[{"name":"wp","href":"https:\/\/api.w.org\/{rel}","templated":true}]}}