{"id":175,"date":"2017-11-06T17:09:35","date_gmt":"2017-11-06T16:09:35","guid":{"rendered":"http:\/\/wp.unil.ch\/analyse-spatiale\/?page_id=175"},"modified":"2018-02-06T15:03:38","modified_gmt":"2018-02-06T14:03:38","slug":"profils-danciens-etudiants","status":"publish","type":"page","link":"https:\/\/wp.unil.ch\/analyse-spatiale\/profils-danciens-etudiants\/?lang=fr","title":{"rendered":"Profils d&#8217;anciens \u00e9tudiants"},"content":{"rendered":"<p>Nous avons demand\u00e9 aux dipl\u00f4m\u00e9s du master en g\u00e9ographie de l&#8217;Unil, orientation <em>analyse spatiale<\/em>, de faire un retour critique<br \/>\nsur le master, \u00e9clair\u00e9 notamment par leur exp\u00e9rience dans le monde professionnel.<\/p>\n<h4><a href=\"https:\/\/wp.unil.ch\/analyse-spatiale\/romain-lacroix\/?lang=fr\"><img alt=\"\" loading=\"lazy\" decoding=\"async\" class=\"size-thumbnail wp-image-403 alignleft\" src=\"https:\/\/wp.unil.ch\/analyse-spatiale\/files\/2018\/01\/Romain-Lacroix-150x150.png\" alt=\"\" width=\"150\" height=\"150\" srcset=\"https:\/\/wp.unil.ch\/analyse-spatiale\/files\/2018\/01\/Romain-Lacroix-150x150.png 150w, https:\/\/wp.unil.ch\/analyse-spatiale\/files\/2018\/01\/Romain-Lacroix-160x160.png 160w, https:\/\/wp.unil.ch\/analyse-spatiale\/files\/2018\/01\/Romain-Lacroix-320x320.png 320w\" sizes=\"auto, (max-width: 150px) 100vw, 150px\" \/><br \/>\nRomain Lacroix<\/a><\/h4>\n<p><span style=\"color: #333333\"><strong>\u00ab Le master permet d\u2019ouvrir un tr\u00e8s grand nombre de portes et de pouvoir travailler sur les sujets les plus vari\u00e9s. Il \u00e9veille la curiosit\u00e9 et par sa grande sp\u00e9cificit\u00e9 nous pousse \u00e0 \u00eatre tr\u00e8s sensibles aux derni\u00e8res avanc\u00e9es techniques dans le domaine.<span class=\"\"> \u00bb<\/span><\/strong><\/span><\/p>\n<p>&nbsp;<\/p>\n<p>&nbsp;<\/p>\n<h4><img alt=\"\" loading=\"lazy\" decoding=\"async\" class=\"size-thumbnail wp-image-390 alignleft\" src=\"https:\/\/wp.unil.ch\/analyse-spatiale\/files\/2018\/01\/Vincent-Klaus-150x150.jpeg\" alt=\"\" width=\"150\" height=\"150\" srcset=\"https:\/\/wp.unil.ch\/analyse-spatiale\/files\/2018\/01\/Vincent-Klaus-150x150.jpeg 150w, https:\/\/wp.unil.ch\/analyse-spatiale\/files\/2018\/01\/Vincent-Klaus-160x160.jpeg 160w, https:\/\/wp.unil.ch\/analyse-spatiale\/files\/2018\/01\/Vincent-Klaus-320x320.jpeg 320w, https:\/\/wp.unil.ch\/analyse-spatiale\/files\/2018\/01\/Vincent-Klaus.jpeg 306w\" sizes=\"auto, (max-width: 150px) 100vw, 150px\" \/><a href=\"https:\/\/wp.unil.ch\/analyse-spatiale\/profils-danciens-etudiants\/vincent-klaus\/?lang=fr\"><br \/>\nVincent Klaus<\/a><\/h4>\n<p><strong><span style=\"color: #333333\">\u00ab La formation en analyse spatiale permet avant tout de se sp\u00e9cialiser dans le tra<\/span><\/strong><span class=\"\"><strong><span style=\"color: #333333\">itement des donn\u00e9es, les statistiques et la repr\u00e9sentation des donn\u00e9es g\u00e9ographiques.\u00a0 Des comp\u00e9tences qui int\u00e9ressent les employeurs et qui sont aujourd&#8217;hui tr\u00e8s recherch\u00e9es dans un contexte o\u00f9 le digital prend de l&#8217;importance dans tous les domaines. \u00bb<\/span><\/strong><br \/>\n<\/span><\/p>\n","protected":false},"excerpt":{"rendered":"<p>Nous avons demand\u00e9 aux dipl\u00f4m\u00e9s du master en g\u00e9ographie de l&#8217;Unil, orientation analyse spatiale, de faire un retour critique sur le master, \u00e9clair\u00e9 notamment par leur exp\u00e9rience dans le monde professionnel. Romain Lacroix \u00ab&#46;&#46;&#46;<\/p>\n","protected":false},"author":1001667,"featured_media":0,"parent":0,"menu_order":4,"comment_status":"closed","ping_status":"closed","template":"","meta":{"_seopress_robots_primary_cat":"","_seopress_titles_title":"","_seopress_titles_desc":"","_seopress_robots_index":"","footnotes":""},"class_list":["post-175","page","type-page","status-publish"],"_links":{"self":[{"href":"https:\/\/wp.unil.ch\/analyse-spatiale\/wp-json\/wp\/v2\/pages\/175","targetHints":{"allow":["GET"]}}],"collection":[{"href":"https:\/\/wp.unil.ch\/analyse-spatiale\/wp-json\/wp\/v2\/pages"}],"about":[{"href":"https:\/\/wp.unil.ch\/analyse-spatiale\/wp-json\/wp\/v2\/types\/page"}],"author":[{"embeddable":true,"href":"https:\/\/wp.unil.ch\/analyse-spatiale\/wp-json\/wp\/v2\/users\/1001667"}],"replies":[{"embeddable":true,"href":"https:\/\/wp.unil.ch\/analyse-spatiale\/wp-json\/wp\/v2\/comments?post=175"}],"version-history":[{"count":0,"href":"https:\/\/wp.unil.ch\/analyse-spatiale\/wp-json\/wp\/v2\/pages\/175\/revisions"}],"wp:attachment":[{"href":"https:\/\/wp.unil.ch\/analyse-spatiale\/wp-json\/wp\/v2\/media?parent=175"}],"curies":[{"name":"wp","href":"https:\/\/api.w.org\/{rel}","templated":true}]}}