{"id":149,"date":"2017-11-06T16:19:45","date_gmt":"2017-11-06T15:19:45","guid":{"rendered":"http:\/\/wp.unil.ch\/analyse-spatiale\/?page_id=149"},"modified":"2018-02-28T21:09:02","modified_gmt":"2018-02-28T20:09:02","slug":"home","status":"publish","type":"page","link":"https:\/\/wp.unil.ch\/analyse-spatiale\/","title":{"rendered":"About"},"content":{"rendered":"<div>\n<p><span id=\"result_box\" class=\"\" lang=\"en\"><span title=\"Ce site a pour objectif de vous pr\u00e9senter les activit\u00e9s d'enseignement li\u00e9es \u00e0 l'analyse spatiale \u00e0 l'Universit\u00e9 de Lausanne. \">This website aims at presenting the teaching activities related to spatial analysis at the University of Lausanne. It is mainly about<\/span><span title=\"Il a pour principal sujet la sp\u00e9cialisation Analyse Spatiale du master en g\u00e9ographie de l'Universit\u00e9 de lausanne. \"> is the <em>Spatial Analysis<\/em> specialization of the Master of Geography at the University of Lausanne.<\/span><\/span><\/p>\n<p><span title=\"Vous pourrez donc trouver ici plus d'information concernant la sp\u00e9cialisation tel que des exemples de travaux faits en son cadre, le cursus d\u00e9taill\u00e9, les enseignants qui y sont rattach\u00e9s, etc. \">You can find here more information about the specialization such as samples of works done within its frame, its detailed curriculum, the teachers that are affiliated to it, etc.<br \/>\n<\/span><\/p>\n<\/div>\n<h2>About the specialization<span id=\"result_box\" class=\"\" lang=\"en\"><\/span><\/h2>\n<p><span id=\"result_box\" class=\"\" lang=\"en\"><span title=\"La sp\u00e9cialisation \u00ab Analyse spatiale et syst\u00e8mes complexes \u00bb du master de g\u00e9ographie de l\u2019Universit\u00e9 de Lausanne est une formation unique en Suisse romande. \">The specialization &#8220;Spatial Analysis and Complex Systems&#8221; of the Master of Geography at the University of Lausanne is a unique training in French-speaking Switzerland.<\/span><\/span><\/p>\n<p><span title=\"Elle offre des outils conceptuels et m\u00e9thodologiques pour \u00e9laborer des strat\u00e9gies de gouvernance territoriale mettant l\u2019accent sur les interactions entre plusieurs groupes d\u2019acteurs intervenant \u00e0 diff\u00e9rentes \u00e9chelles g\u00e9ographiques.\">It provides the conceptual and methodological tools for developing territorial governance strategies focusing on the interactions between several groups of actors operating at different geographical scales. <\/span><span title=\"La ma\u00eetrise des concepts et des outils est coupl\u00e9e avec l\u2019\u00e9laboration d\u2019approches strat\u00e9giques et innovantes.\">Mastery of concepts and tools is coupled with the development of strategic and innovative approaches. <\/span><span title=\"Les \u00e9tudiants pourront y acqu\u00e9rir une solide formation de construction, de traitement, d'analyse et de repr\u00e9sentation de l'information g\u00e9ographique quantitative et qualitative, notamment \u00e0 travers les SIG, les analyses de r\u00e9seaux sociaux, les simulations, la construction et l'analyse\">Students will acquire a solid training in the construction, processing, analysis, and representation of quantitative and qualitative geographic information using GIS, social networks analysis, simulations, and b<\/span><span title=\"des Big Data. \">ig data.<\/span><\/p>\n<p><span title=\"Elle vise \u00e0 former des cadres des secteurs publics ou priv\u00e9s, capables de concevoir et d\u00e9velopper des \u00e9tudes et des visualisations communicantes s\u2019appuyant sur la mod\u00e9lisation spatiale : \u00a0\u00a0\u00a0\u00a0\">It aims to train executives from public or private sectors, able to design and develop studies and communicating visualizations based on spatial modeling<\/span><\/p>\n<ul>\n<li><span id=\"result_box\" class=\"\" lang=\"en\"><span title=\"Des responsables d\u2019\u00e9tudes statistiques et de mod\u00e9lisation pour les collectivit\u00e9s territoriales ou les entreprises. \u00a0\u00a0\u00a0\u00a0\">Statistical and modeling managers for local authorities or companies.<\/span><\/span><span id=\"result_box\" class=\"\" lang=\"en\"><\/span><\/li>\n<li><span id=\"result_box\" class=\"\" lang=\"en\"><span title=\"Des sp\u00e9cialistes de l\u2019analyse spatiale et des syst\u00e8mes complexes capables d\u2019imaginer \u00e0 l\u2019avenir de nouvelles sources de donn\u00e9es, de traitements et de repr\u00e9sentation. \">Spatial analysis and complex systems\u00a0specialists, capable of processing, representing, and inventing new sources of data in the future.<\/span><\/span><br \/>\n<span id=\"result_box\" class=\"\" lang=\"en\"><\/span><\/li>\n<\/ul>\n<p><span id=\"result_box\" class=\"\" lang=\"en\"><span title=\"Des sp\u00e9cialistes de l\u2019analyse spatiale et des syst\u00e8mes complexes capables d\u2019imaginer \u00e0 l\u2019avenir de nouvelles sources de donn\u00e9es, de traitements et de repr\u00e9sentation. \"><br \/>\n<\/span><span title=\"Cette orientation de master est destin\u00e9e \u00e0 tout \u00e9tudiant d\u00e9tenteur d\u2019un bachelor de g\u00e9osciences, de g\u00e9ographie, de sciences sociales, sciences naturelles, environnement, physique, math\u00e9matiques ou \u00e9quivalent.\">This Master&#8217;s orientation is intended for any student holding a Bachelor&#8217;s degree in geosciences, geography, social sciences, natural sciences, environment, physics, mathematics, or any other equivalent training.<\/span><\/span><\/p>\n","protected":false},"excerpt":{"rendered":"<p>This website aims at presenting the teaching activities related to spatial analysis at the University of Lausanne. It is mainly about is the Spatial Analysis specialization of the Master of Geography at the University&#46;&#46;&#46;<\/p>\n","protected":false},"author":1001667,"featured_media":0,"parent":0,"menu_order":1,"comment_status":"closed","ping_status":"closed","template":"","meta":{"_seopress_robots_primary_cat":"","_seopress_titles_title":"","_seopress_titles_desc":"","_seopress_robots_index":"","footnotes":""},"class_list":["post-149","page","type-page","status-publish"],"_links":{"self":[{"href":"https:\/\/wp.unil.ch\/analyse-spatiale\/wp-json\/wp\/v2\/pages\/149","targetHints":{"allow":["GET"]}}],"collection":[{"href":"https:\/\/wp.unil.ch\/analyse-spatiale\/wp-json\/wp\/v2\/pages"}],"about":[{"href":"https:\/\/wp.unil.ch\/analyse-spatiale\/wp-json\/wp\/v2\/types\/page"}],"author":[{"embeddable":true,"href":"https:\/\/wp.unil.ch\/analyse-spatiale\/wp-json\/wp\/v2\/users\/1001667"}],"replies":[{"embeddable":true,"href":"https:\/\/wp.unil.ch\/analyse-spatiale\/wp-json\/wp\/v2\/comments?post=149"}],"version-history":[{"count":0,"href":"https:\/\/wp.unil.ch\/analyse-spatiale\/wp-json\/wp\/v2\/pages\/149\/revisions"}],"wp:attachment":[{"href":"https:\/\/wp.unil.ch\/analyse-spatiale\/wp-json\/wp\/v2\/media?parent=149"}],"curies":[{"name":"wp","href":"https:\/\/api.w.org\/{rel}","templated":true}]}}