{"id":8250,"date":"2022-09-16T12:28:15","date_gmt":"2022-09-16T10:28:15","guid":{"rendered":"https:\/\/wp.unil.ch\/alumnil\/?post_type=tribe_events&#038;p=8250"},"modified":"2023-05-30T10:18:46","modified_gmt":"2023-05-30T08:18:46","slug":"mixite-en-entreprise-comment-tendre-vers-une-nouvelle-harmonie","status":"publish","type":"tribe_events","link":"https:\/\/wp.unil.ch\/alumnil\/event\/mixite-en-entreprise-comment-tendre-vers-une-nouvelle-harmonie\/","title":{"rendered":"Mixit\u00e9 en entreprise, comment tendre vers une nouvelle harmonie"},"content":{"rendered":"\r\n\r\n\r\n<p>Aujourd\u2019hui, quels sont les enjeux li\u00e9s \u00e0 la mixit\u00e9 dans le monde professionnel? Comment cr\u00e9er un environnement de travail qui donne envie aux femmes de faire carri\u00e8re tout en un d\u00e9veloppant un climat de travail harmonieux entre les hommes et les femmes? L\u2019objectif de cette conf\u00e9rence est de d\u00e9cortiquer les freins encore existants, donner des pistes autant individuelles que collectives et pr\u00e9senter quelques nouvelles tendances en termes d\u2019outils de management. R\u00e9ponses avec une sp\u00e9cialiste de la mixit\u00e9 en entreprise.<\/p>\r\n\r\n\r\n\r\n\r\n\r\n\r\n\r\n\r\n\r\n\r\n","protected":false},"excerpt":{"rendered":"<p>Aujourd\u2019hui, quels sont les enjeux li\u00e9s \u00e0 la mixit\u00e9 dans le monde professionnel? Comment cr\u00e9er un environnement de travail qui donne envie aux femmes de faire carri\u00e8re tout en un d\u00e9veloppant un climat de travail harmonieux entre les hommes et les femmes? L\u2019objectif de cette conf\u00e9rence est de d\u00e9cortiquer les freins encore existants, donner des pistes autant individuelles que collectives et pr\u00e9senter quelques nouvelles tendances en termes d\u2019outils de management. R\u00e9ponses avec une sp\u00e9cialiste de la mixit\u00e9 en entreprise.<\/p>\n","protected":false},"author":1001058,"featured_media":8253,"template":"","meta":{"_seopress_robots_primary_cat":"","_seopress_titles_title":"","_seopress_titles_desc":"","_seopress_robots_index":"","_tribe_events_status":"","_tribe_events_status_reason":"","footnotes":""},"tags":[],"tribe_events_cat":[],"class_list":["post-8250","tribe_events","type-tribe_events","status-publish","has-post-thumbnail"],"_links":{"self":[{"href":"https:\/\/wp.unil.ch\/alumnil\/wp-json\/wp\/v2\/tribe_events\/8250","targetHints":{"allow":["GET"]}}],"collection":[{"href":"https:\/\/wp.unil.ch\/alumnil\/wp-json\/wp\/v2\/tribe_events"}],"about":[{"href":"https:\/\/wp.unil.ch\/alumnil\/wp-json\/wp\/v2\/types\/tribe_events"}],"author":[{"embeddable":true,"href":"https:\/\/wp.unil.ch\/alumnil\/wp-json\/wp\/v2\/users\/1001058"}],"version-history":[{"count":5,"href":"https:\/\/wp.unil.ch\/alumnil\/wp-json\/wp\/v2\/tribe_events\/8250\/revisions"}],"predecessor-version":[{"id":9493,"href":"https:\/\/wp.unil.ch\/alumnil\/wp-json\/wp\/v2\/tribe_events\/8250\/revisions\/9493"}],"wp:featuredmedia":[{"embeddable":true,"href":"https:\/\/wp.unil.ch\/alumnil\/wp-json\/wp\/v2\/media\/8253"}],"wp:attachment":[{"href":"https:\/\/wp.unil.ch\/alumnil\/wp-json\/wp\/v2\/media?parent=8250"}],"wp:term":[{"taxonomy":"post_tag","embeddable":true,"href":"https:\/\/wp.unil.ch\/alumnil\/wp-json\/wp\/v2\/tags?post=8250"},{"taxonomy":"tribe_events_cat","embeddable":true,"href":"https:\/\/wp.unil.ch\/alumnil\/wp-json\/wp\/v2\/tribe_events_cat?post=8250"}],"curies":[{"name":"wp","href":"https:\/\/api.w.org\/{rel}","templated":true}]}}

Mixité en entreprise, comment tendre vers une nouvelle harmonie

<p>Aujourd’hui, quels sont les enjeux liés à la mixité dans le monde professionnel? Comment créer un environnement de travail qui donne envie aux femmes de faire carrière tout en un développant un climat de travail harmonieux entre les hommes et les femmes? L’objectif de cette conférence est de décortiquer les freins encore existants, donner des pistes autant individuelles que collectives et présenter quelques nouvelles tendances en termes d’outils de management. Réponses avec une spécialiste de la mixité en entreprise.</p>
