{"id":8218,"date":"2022-08-17T17:00:00","date_gmt":"2022-08-17T15:00:00","guid":{"rendered":"https:\/\/wp.unil.ch\/alumnil\/?post_type=tribe_events&#038;p=8218"},"modified":"2023-05-30T10:19:38","modified_gmt":"2023-05-30T08:19:38","slug":"visite-du-vortex-lieu-de-vie","status":"publish","type":"tribe_events","link":"https:\/\/wp.unil.ch\/alumnil\/event\/visite-du-vortex-lieu-de-vie\/","title":{"rendered":"Visite du Vortex: un lieu de vie"},"content":{"rendered":"\r\n<p>Dernier n\u00e9 sur le campus, le Vortex \u00e9tonne par son architecture atypique. Inaugur\u00e9 en automne 2020, apr\u00e8s avoir servi de lieu central des Jeux Olympiques de la Jeunesse pour 1&rsquo;800 athl\u00e8tes et accompagnateurs\/trices, le Vortex accueille aujourd\u2019hui environ 1&rsquo;000 \u00e9tudiant\u00b7e\u00b7s et h\u00f4tes acad\u00e9miques en un seul site. Visite guid\u00e9e dans les lieux non accessibles au public.<\/p>\r\n\r\n\r\n\r\n\r\n\r\n\r\n\r\n\r\n\r\n\r\n","protected":false},"excerpt":{"rendered":"<p>Dernier n\u00e9 sur le campus, le Vortex \u00e9tonne par son architecture atypique. Inaugur\u00e9 en automne 2020, apr\u00e8s avoir servi de lieu central des Jeux Olympiques de la Jeunesse pour 1&rsquo;800 athl\u00e8tes et accompagnateurs\/trices, le Vortex accueille aujourd\u2019hui environ 1&rsquo;000 \u00e9tudiant\u00b7e\u00b7s &hellip; <\/p>\n","protected":false},"author":1001058,"featured_media":8287,"template":"","meta":{"_seopress_robots_primary_cat":"","_seopress_titles_title":"","_seopress_titles_desc":"","_seopress_robots_index":"","_tribe_events_status":"","_tribe_events_status_reason":"","footnotes":""},"tags":[],"tribe_events_cat":[],"class_list":["post-8218","tribe_events","type-tribe_events","status-publish","has-post-thumbnail"],"_links":{"self":[{"href":"https:\/\/wp.unil.ch\/alumnil\/wp-json\/wp\/v2\/tribe_events\/8218","targetHints":{"allow":["GET"]}}],"collection":[{"href":"https:\/\/wp.unil.ch\/alumnil\/wp-json\/wp\/v2\/tribe_events"}],"about":[{"href":"https:\/\/wp.unil.ch\/alumnil\/wp-json\/wp\/v2\/types\/tribe_events"}],"author":[{"embeddable":true,"href":"https:\/\/wp.unil.ch\/alumnil\/wp-json\/wp\/v2\/users\/1001058"}],"version-history":[{"count":6,"href":"https:\/\/wp.unil.ch\/alumnil\/wp-json\/wp\/v2\/tribe_events\/8218\/revisions"}],"predecessor-version":[{"id":9645,"href":"https:\/\/wp.unil.ch\/alumnil\/wp-json\/wp\/v2\/tribe_events\/8218\/revisions\/9645"}],"wp:featuredmedia":[{"embeddable":true,"href":"https:\/\/wp.unil.ch\/alumnil\/wp-json\/wp\/v2\/media\/8287"}],"wp:attachment":[{"href":"https:\/\/wp.unil.ch\/alumnil\/wp-json\/wp\/v2\/media?parent=8218"}],"wp:term":[{"taxonomy":"post_tag","embeddable":true,"href":"https:\/\/wp.unil.ch\/alumnil\/wp-json\/wp\/v2\/tags?post=8218"},{"taxonomy":"tribe_events_cat","embeddable":true,"href":"https:\/\/wp.unil.ch\/alumnil\/wp-json\/wp\/v2\/tribe_events_cat?post=8218"}],"curies":[{"name":"wp","href":"https:\/\/api.w.org\/{rel}","templated":true}]}}

<p>Dernier né sur le campus, le Vortex étonne par son architecture atypique. Inauguré en automne 2020, après avoir servi de lieu central des Jeux Olympiques de la Jeunesse pour 1&rsquo;800 athlètes et accompagnateurs/trices, le Vortex accueille aujourd’hui environ 1&rsquo;000 étudiant·e·s et hôtes académiques en un seul site. Visite guidée dans les lieux non accessibles au public.</p>

<p>Dernier né sur le campus, le Vortex étonne par son architecture atypique. Inauguré en automne 2020, après avoir servi de lieu central des Jeux Olympiques de la Jeunesse pour 1&rsquo;800 athlètes et accompagnateurs/trices, le Vortex accueille aujourd’hui environ 1&rsquo;000 étudiant·e·s &hellip; </p>
